{"id":695044,"date":"2025-08-27T14:26:01","date_gmt":"2025-08-27T11:26:01","guid":{"rendered":"https:\/\/roveyayinevi.com.tr\/index.php\/urun\/40-dua-boyama\/"},"modified":"2026-04-16T02:05:01","modified_gmt":"2026-04-15T23:05:01","slug":"40-dua-boyama","status":"publish","type":"product","link":"https:\/\/roveyayinevi.com.tr\/index.php\/urun\/40-dua-boyama\/","title":{"rendered":"40 Dua Boyama"},"content":{"rendered":"<p>De\u011ferli anne-babalar ve e\u011fitimciler, 40 Dua Boyama kitab\u0131n\u0131; \u00e7ocuklar rahat\u00e7a ezberlesin diye \u015fiir \u015feklinde, ebeveynler de kolayca ula\u015fabilsin diye kaynaklar\u0131yla birlikte haz\u0131rlad\u0131k. Elinizdeki bu kitapta, bir \u00e7ocu\u011fun sabah yataktan kalkmas\u0131yla ba\u015flayan dua yolculu\u011fu gece yat\u0131ncaya kadar devam ediyor. 40 Dua Boyama kitab\u0131yla birlikte \u00e7ocuklar kendi dillerine uygun dualar\u0131 \u00f6\u011frenecek ve bir yandan da boyama yapm\u0131\u015f olacaklar.<\/p>\n","protected":false},"excerpt":{"rendered":"<p>De\u011ferli anne-babalar ve e\u011fitimciler, 40 Dua Boyama kitab\u0131n\u0131; \u00e7ocuklar rahat\u00e7a ezberlesin diye \u015fiir \u015feklinde, ebeveynler de kolayca ula\u015fabilsin diye kaynaklar\u0131yla birlikte haz\u0131rlad\u0131k. Elinizdeki bu kitapta, bir<span class=\"excerpt-hellip\"> [\u2026]<\/span><\/p>\n","protected":false},"featured_media":0,"template":"","meta":{"_monsterinsights_skip_tracking":false,"_monsterinsights_sitenote_active":false,"_monsterinsights_sitenote_note":"","_monsterinsights_sitenote_category":0},"product_brand":[],"product_cat":[12644,12274],"product_tag":[],"class_list":{"0":"post-695044","1":"product","2":"type-product","3":"status-publish","5":"product_cat-boyama-kitaplari","6":"product_cat-cocuk-ve-genclik-kitaplari","7":"pa_cilt-ciltsiz","8":"pa_tur-kitap","9":"pa_yayinevi-nesil-cocuk-yayinlari","10":"pa_yazar-ugur-kose","12":"first","13":"instock","14":"sale","15":"shipping-taxable","16":"purchasable","17":"product-type-simple"},"_links":{"self":[{"href":"https:\/\/roveyayinevi.com.tr\/index.php\/wp-json\/wp\/v2\/product\/695044","targetHints":{"allow":["GET"]}}],"collection":[{"href":"https:\/\/roveyayinevi.com.tr\/index.php\/wp-json\/wp\/v2\/product"}],"about":[{"href":"https:\/\/roveyayinevi.com.tr\/index.php\/wp-json\/wp\/v2\/types\/product"}],"wp:attachment":[{"href":"https:\/\/roveyayinevi.com.tr\/index.php\/wp-json\/wp\/v2\/media?parent=695044"}],"wp:term":[{"taxonomy":"product_brand","embeddable":true,"href":"https:\/\/roveyayinevi.com.tr\/index.php\/wp-json\/wp\/v2\/product_brand?post=695044"},{"taxonomy":"product_cat","embeddable":true,"href":"https:\/\/roveyayinevi.com.tr\/index.php\/wp-json\/wp\/v2\/product_cat?post=695044"},{"taxonomy":"product_tag","embeddable":true,"href":"https:\/\/roveyayinevi.com.tr\/index.php\/wp-json\/wp\/v2\/product_tag?post=695044"}],"curies":[{"name":"wp","href":"https:\/\/api.w.org\/{rel}","templated":true}]}}