{"id":695033,"date":"2025-08-27T14:25:01","date_gmt":"2025-08-27T11:25:01","guid":{"rendered":"https:\/\/roveyayinevi.com.tr\/index.php\/urun\/tip-felsefesi-ve-etigi-uzerine\/"},"modified":"2026-04-16T02:05:01","modified_gmt":"2026-04-15T23:05:01","slug":"tip-felsefesi-ve-etigi-uzerine","status":"publish","type":"product","link":"https:\/\/roveyayinevi.com.tr\/index.php\/urun\/tip-felsefesi-ve-etigi-uzerine\/","title":{"rendered":"T\u0131p Felsefesi ve Eti\u011fi \u00dczerine"},"content":{"rendered":"<p>\u201cErdemli tabip, erdemlerinden birini kazan\u0131p, di\u011ferlerini kazanmamazl\u0131k etmemelidir. Zira erdemlerin hepsi do\u011fru bir \u00e7izgi \u00fczerinde dizilmi\u015f gibidir. T\u0131p tahsil etmek isteyenin, evvela zaruri olarak felsefe \u00f6\u011frenmesi, sonra da tecr\u00fcbe kazanarak bilgi ve becerilerini art\u0131rmas\u0131 ve nihayet filozof olmas\u0131 gerekir. Bunun i\u00e7in herhangi bir burhan getirmeye gerek yoktur.\u201d <\/p>\n","protected":false},"excerpt":{"rendered":"<p>\u201cErdemli tabip, erdemlerinden birini kazan\u0131p, di\u011ferlerini kazanmamazl\u0131k etmemelidir. Zira erdemlerin hepsi do\u011fru bir \u00e7izgi \u00fczerinde dizilmi\u015f gibidir. T\u0131p tahsil etmek isteyenin, evvela zaruri olarak felsefe \u00f6\u011frenmesi,<span class=\"excerpt-hellip\"> [\u2026]<\/span><\/p>\n","protected":false},"featured_media":0,"template":"","meta":{"_monsterinsights_skip_tracking":false,"_monsterinsights_sitenote_active":false,"_monsterinsights_sitenote_note":"","_monsterinsights_sitenote_category":0},"product_brand":[],"product_cat":[12364],"product_tag":[],"class_list":{"0":"post-695033","1":"product","2":"type-product","3":"status-publish","5":"product_cat-genel-konular","6":"pa_tur-kitap","7":"pa_yayinevi-otuken-nesriyat","8":"pa_yazar-ismail-yakit","10":"first","11":"instock","12":"sale","13":"shipping-taxable","14":"purchasable","15":"product-type-simple"},"_links":{"self":[{"href":"https:\/\/roveyayinevi.com.tr\/index.php\/wp-json\/wp\/v2\/product\/695033","targetHints":{"allow":["GET"]}}],"collection":[{"href":"https:\/\/roveyayinevi.com.tr\/index.php\/wp-json\/wp\/v2\/product"}],"about":[{"href":"https:\/\/roveyayinevi.com.tr\/index.php\/wp-json\/wp\/v2\/types\/product"}],"wp:attachment":[{"href":"https:\/\/roveyayinevi.com.tr\/index.php\/wp-json\/wp\/v2\/media?parent=695033"}],"wp:term":[{"taxonomy":"product_brand","embeddable":true,"href":"https:\/\/roveyayinevi.com.tr\/index.php\/wp-json\/wp\/v2\/product_brand?post=695033"},{"taxonomy":"product_cat","embeddable":true,"href":"https:\/\/roveyayinevi.com.tr\/index.php\/wp-json\/wp\/v2\/product_cat?post=695033"},{"taxonomy":"product_tag","embeddable":true,"href":"https:\/\/roveyayinevi.com.tr\/index.php\/wp-json\/wp\/v2\/product_tag?post=695033"}],"curies":[{"name":"wp","href":"https:\/\/api.w.org\/{rel}","templated":true}]}}