{"id":695019,"date":"2025-08-27T14:24:57","date_gmt":"2025-08-27T11:24:57","guid":{"rendered":"https:\/\/roveyayinevi.com.tr\/index.php\/urun\/arabada-kim-var\/"},"modified":"2026-04-16T02:05:00","modified_gmt":"2026-04-15T23:05:00","slug":"arabada-kim-var","status":"publish","type":"product","link":"https:\/\/roveyayinevi.com.tr\/index.php\/urun\/arabada-kim-var\/","title":{"rendered":"Arabada Kim Var?"},"content":{"rendered":"<p>G\u00f6k\u00e7e \u0130spi Turan, polisiye \u00f6yk\u00fclerde bulmaca \u00e7\u00f6zmeyi seven okurlar\u0131, heyecan\u0131 ve \u015fa\u015f\u0131rtmacas\u0131 bol bir ilk roman olan Arabada Kim Var? ile kar\u015f\u0131l\u0131yor. Yazar, bu ilk roman\u0131n\u0131  aynan\u0131n s\u0131rr\u0131n\u0131n  arkas\u0131na da bakmay\u0131 ak\u0131l eden t\u00fcm okurlar\u0131na ad\u0131yor&#8230; <\/p>\n","protected":false},"excerpt":{"rendered":"<p>G\u00f6k\u00e7e \u0130spi Turan, polisiye \u00f6yk\u00fclerde bulmaca \u00e7\u00f6zmeyi seven okurlar\u0131, heyecan\u0131 ve \u015fa\u015f\u0131rtmacas\u0131 bol bir ilk roman olan Arabada Kim Var? ile kar\u015f\u0131l\u0131yor. Yazar, bu ilk roman\u0131n\u0131<span class=\"excerpt-hellip\"> [\u2026]<\/span><\/p>\n","protected":false},"featured_media":0,"template":"","meta":{"_monsterinsights_skip_tracking":false,"_monsterinsights_sitenote_active":false,"_monsterinsights_sitenote_note":"","_monsterinsights_sitenote_category":0},"product_brand":[],"product_cat":[12291,12292],"product_tag":[],"class_list":{"0":"post-695019","1":"product","2":"type-product","3":"status-publish","5":"product_cat-edebiyat","6":"product_cat-turk-edebiyati","7":"pa_tur-kitap","8":"pa_yayinevi-cumhuriyet-kitaplari","9":"pa_yazar-gokce-ispi-turan","11":"first","12":"instock","13":"sale","14":"shipping-taxable","15":"purchasable","16":"product-type-simple"},"_links":{"self":[{"href":"https:\/\/roveyayinevi.com.tr\/index.php\/wp-json\/wp\/v2\/product\/695019","targetHints":{"allow":["GET"]}}],"collection":[{"href":"https:\/\/roveyayinevi.com.tr\/index.php\/wp-json\/wp\/v2\/product"}],"about":[{"href":"https:\/\/roveyayinevi.com.tr\/index.php\/wp-json\/wp\/v2\/types\/product"}],"wp:attachment":[{"href":"https:\/\/roveyayinevi.com.tr\/index.php\/wp-json\/wp\/v2\/media?parent=695019"}],"wp:term":[{"taxonomy":"product_brand","embeddable":true,"href":"https:\/\/roveyayinevi.com.tr\/index.php\/wp-json\/wp\/v2\/product_brand?post=695019"},{"taxonomy":"product_cat","embeddable":true,"href":"https:\/\/roveyayinevi.com.tr\/index.php\/wp-json\/wp\/v2\/product_cat?post=695019"},{"taxonomy":"product_tag","embeddable":true,"href":"https:\/\/roveyayinevi.com.tr\/index.php\/wp-json\/wp\/v2\/product_tag?post=695019"}],"curies":[{"name":"wp","href":"https:\/\/api.w.org\/{rel}","templated":true}]}}