{"id":695007,"date":"2025-08-27T14:24:55","date_gmt":"2025-08-27T11:24:55","guid":{"rendered":"https:\/\/roveyayinevi.com.tr\/index.php\/urun\/konstantiniye-ve-ayasofya-efsaneleri\/"},"modified":"2026-04-16T02:05:00","modified_gmt":"2026-04-15T23:05:00","slug":"konstantiniye-ve-ayasofya-efsaneleri","status":"publish","type":"product","link":"https:\/\/roveyayinevi.com.tr\/index.php\/urun\/konstantiniye-ve-ayasofya-efsaneleri\/","title":{"rendered":"Konstantiniye ve Ayasofya Efsaneleri"},"content":{"rendered":"<p>Turkler \u201cKostantiniye\u201dyi 1453\u2019te fethettiler ve sehrin kurulusuna ve o vakte kadar sembolik merkezi kabul edilen Ayasofya\u2019ya iliskin bir efsane gelistirdiler. Bu efsane, Bizans, Arap, hatta Helen yaz\u0131l\u0131 metinlerindeki temalardan oruluydu. Arast\u0131rma literaturunun y\u0131llard\u0131r tan\u0131d\u0131g\u0131m\u0131z isimlerinden Stefanos Yerasimos, bu efsanenin imparatorluk tart\u0131smas\u0131 ve ideolojisi ile iliskisini arast\u0131r\u0131yor. Osmanl\u0131 padisahlar\u0131, Bizans bass ehrinin temel sembolu Ayasofya\u2019y\u0131 yeniden degerlendirerek, hatta anlamland\u0131rarak, Bizans imparatorlar\u0131n\u0131n projelerini surdurme zorunlulugunu mu hissetmislerdi? Yoksa lanetli sehir Kostantiniye ebediyen yok mu edilmeliydi? Stefanos Yerasimos, efsanenin olusumunu ve gelisme asamalar\u0131n\u0131 inceleyerek, metinleri tahlil ederek ve tarihi baglamla celiskilerini arast\u0131rarak, bu efsaneyi yeniden ayaklar\u0131 ustune oturtuyor. \u201cTurkler yeni bassehirlerinin tarihini ogrenmeye cal\u0131smak yerine, onu kendileri yaratm\u0131slard\u0131r. Bu kesif, metnin imparatorluk dusu ncesine siddetle kars\u0131 c\u0131kan yap\u0131s\u0131yla birlesince, edebi varsay\u0131m\u0131n, yani oykunun okuyucuyu eglendirmek icin uyduruldugu varsay\u0131m\u0131n\u0131n terkedilmesi gerekiyor. Boylece yavas yavas Konstantiniye ve Ayasofya \u2013ki sehrin gobegidir\u2013 ile ilgili bu efsanenin imparatorluk tart\u0131smas\u0131n\u0131n en saglam kan\u0131t\u0131 oldugunu gormeye basl\u0131yoruz. Kald\u0131 ki, k\u0131sa bir sure sonra bu efsaneye, bu kez dogrudan dogruya Bizans gelenegine yaslanan bir ikinci efsane eklenecektir.\u201d STEFANOS YERASIMOS<\/p>\n","protected":false},"excerpt":{"rendered":"<p>Turkler \u201cKostantiniye\u201dyi 1453\u2019te fethettiler ve sehrin kurulusuna ve o vakte kadar sembolik merkezi kabul edilen Ayasofya\u2019ya iliskin bir efsane gelistirdiler. Bu efsane, Bizans, Arap, hatta Helen<span class=\"excerpt-hellip\"> [\u2026]<\/span><\/p>\n","protected":false},"featured_media":0,"template":"","meta":{"_monsterinsights_skip_tracking":false,"_monsterinsights_sitenote_active":false,"_monsterinsights_sitenote_note":"","_monsterinsights_sitenote_category":0},"product_brand":[],"product_cat":[13054,20153],"product_tag":[],"class_list":{"0":"post-695007","1":"product","2":"type-product","3":"status-publish","5":"product_cat-gezi-ve-rehber-kitaplari","6":"product_cat-istanbul-rehberi","7":"pa_cilt-ciltsiz","8":"pa_tur-kitap","9":"pa_yayinevi-iletisim-yayinlari","10":"pa_yazar-stefanos-yerasimos","12":"first","13":"instock","14":"sale","15":"shipping-taxable","16":"purchasable","17":"product-type-simple"},"_links":{"self":[{"href":"https:\/\/roveyayinevi.com.tr\/index.php\/wp-json\/wp\/v2\/product\/695007","targetHints":{"allow":["GET"]}}],"collection":[{"href":"https:\/\/roveyayinevi.com.tr\/index.php\/wp-json\/wp\/v2\/product"}],"about":[{"href":"https:\/\/roveyayinevi.com.tr\/index.php\/wp-json\/wp\/v2\/types\/product"}],"wp:attachment":[{"href":"https:\/\/roveyayinevi.com.tr\/index.php\/wp-json\/wp\/v2\/media?parent=695007"}],"wp:term":[{"taxonomy":"product_brand","embeddable":true,"href":"https:\/\/roveyayinevi.com.tr\/index.php\/wp-json\/wp\/v2\/product_brand?post=695007"},{"taxonomy":"product_cat","embeddable":true,"href":"https:\/\/roveyayinevi.com.tr\/index.php\/wp-json\/wp\/v2\/product_cat?post=695007"},{"taxonomy":"product_tag","embeddable":true,"href":"https:\/\/roveyayinevi.com.tr\/index.php\/wp-json\/wp\/v2\/product_tag?post=695007"}],"curies":[{"name":"wp","href":"https:\/\/api.w.org\/{rel}","templated":true}]}}