{"id":695000,"date":"2025-08-27T14:24:53","date_gmt":"2025-08-27T11:24:53","guid":{"rendered":"https:\/\/roveyayinevi.com.tr\/index.php\/urun\/turkiyeden-orneklerle-ekonomi-politikasi\/"},"modified":"2026-04-16T02:05:00","modified_gmt":"2026-04-15T23:05:00","slug":"turkiyeden-orneklerle-ekonomi-politikasi","status":"publish","type":"product","link":"https:\/\/roveyayinevi.com.tr\/index.php\/urun\/turkiyeden-orneklerle-ekonomi-politikasi\/","title":{"rendered":"T\u00fcrkiye\u2019den \u00d6rneklerle Ekonomi Politikas\u0131"},"content":{"rendered":"<p>&#8220;\u0130ktisat\u00e7\u0131, uzman ve \u00f6\u011frenciler i\u00e7in temel ba\u015fvuru kitab\u0131 29. bask\u0131da.&#8221;\u0130lk olarak 2002\u2019de yay\u0131mlanan Ekonomi Politikas\u0131, bug\u00fcne kadar defalarca bas\u0131ld\u0131. Kitap, \u00fcniversitelerde ders kitab\u0131 olarak okutuldu, \u00e7e\u015fitli mesleklere giri\u015f s\u0131navlar\u0131nda temel soru kitaplar\u0131 aras\u0131nda yer ald\u0131. Yaln\u0131zca bir ders kitab\u0131 olmakla kalmad\u0131, ayn\u0131 zamanda ekonomi \u00f6\u011frenmek ve izlemek isteyenlerin de el kitab\u0131 haline geldi. Bu kez kitap, g\u00fcncel geli\u015fmeleri de kapsayacak bi\u00e7imde yeniden yaz\u0131ld\u0131. Kitab\u0131n eski bask\u0131lar\u0131ndan birini ellerinde bulunduranlar bu bask\u0131y\u0131 al\u0131p o eski kitapla kar\u015f\u0131la\u015ft\u0131rd\u0131klar\u0131nda ekonomi politikas\u0131n\u0131n nereden nereye geldi\u011fini g\u00f6rebileceklerdir.Kitap, bu yap\u0131s\u0131yla \u00f6\u011frenciler i\u00e7in oldu\u011fu kadar ekonomi konular\u0131n\u0131 merak edenler i\u00e7in de vazge\u00e7ilmez bir ba\u015fvuru kitab\u0131 olma \u00f6zelli\u011fi ta\u015f\u0131yor.<\/p>\n","protected":false},"excerpt":{"rendered":"<p>&#8220;\u0130ktisat\u00e7\u0131, uzman ve \u00f6\u011frenciler i\u00e7in temel ba\u015fvuru kitab\u0131 29. bask\u0131da.&#8221;\u0130lk olarak 2002\u2019de yay\u0131mlanan Ekonomi Politikas\u0131, bug\u00fcne kadar defalarca bas\u0131ld\u0131. Kitap, \u00fcniversitelerde ders kitab\u0131 olarak okutuldu, \u00e7e\u015fitli<span class=\"excerpt-hellip\"> [\u2026]<\/span><\/p>\n","protected":false},"featured_media":0,"template":"","meta":{"_monsterinsights_skip_tracking":false,"_monsterinsights_sitenote_active":false,"_monsterinsights_sitenote_note":"","_monsterinsights_sitenote_category":0},"product_brand":[],"product_cat":[13043,14144],"product_tag":[],"class_list":{"0":"post-695000","1":"product","2":"type-product","3":"status-publish","5":"product_cat-ekonomi","6":"product_cat-turkiye-ekonomisi","7":"pa_cilt-ciltsiz","8":"pa_tur-kitap","9":"pa_yayinevi-remzi-kitabevi","10":"pa_yazar-mahfi-egilmez-ercan-kumcu","12":"first","13":"instock","14":"sale","15":"shipping-taxable","16":"purchasable","17":"product-type-simple"},"_links":{"self":[{"href":"https:\/\/roveyayinevi.com.tr\/index.php\/wp-json\/wp\/v2\/product\/695000","targetHints":{"allow":["GET"]}}],"collection":[{"href":"https:\/\/roveyayinevi.com.tr\/index.php\/wp-json\/wp\/v2\/product"}],"about":[{"href":"https:\/\/roveyayinevi.com.tr\/index.php\/wp-json\/wp\/v2\/types\/product"}],"wp:attachment":[{"href":"https:\/\/roveyayinevi.com.tr\/index.php\/wp-json\/wp\/v2\/media?parent=695000"}],"wp:term":[{"taxonomy":"product_brand","embeddable":true,"href":"https:\/\/roveyayinevi.com.tr\/index.php\/wp-json\/wp\/v2\/product_brand?post=695000"},{"taxonomy":"product_cat","embeddable":true,"href":"https:\/\/roveyayinevi.com.tr\/index.php\/wp-json\/wp\/v2\/product_cat?post=695000"},{"taxonomy":"product_tag","embeddable":true,"href":"https:\/\/roveyayinevi.com.tr\/index.php\/wp-json\/wp\/v2\/product_tag?post=695000"}],"curies":[{"name":"wp","href":"https:\/\/api.w.org\/{rel}","templated":true}]}}