{"id":694989,"date":"2025-08-27T14:24:50","date_gmt":"2025-08-27T11:24:50","guid":{"rendered":"https:\/\/roveyayinevi.com.tr\/index.php\/urun\/definedeki-sir\/"},"modified":"2025-09-11T08:51:44","modified_gmt":"2025-09-11T05:51:44","slug":"definedeki-sir","status":"publish","type":"product","link":"https:\/\/roveyayinevi.com.tr\/index.php\/urun\/definedeki-sir\/","title":{"rendered":"Definedeki S\u0131r"},"content":{"rendered":"<p>\u015eimendifer \u00c7ocuklar\u0131, Definedeki S\u0131r ile maceraya devam ediyor! O sabah g\u00fcne g\u00fczel bir s\u00fcrprizle ba\u015flayan \u015eimendifer \u00c7ocuklar\u0131, Selim&#8217;in buldu\u011fu bir ka\u011f\u0131t ile kendilerini heyecanl\u0131 bir maceran\u0131n i\u00e7inde bulurlar. Bu bir define haritas\u0131d\u0131r. Haritadaki garip \u015fekiller, bilinmeyen bir dil; onlar\u0131 kasaban\u0131n ge\u00e7mi\u015fine, \u00fcst\u00fc \u00f6rt\u00fclm\u00fc\u015f olaylar\u0131na ve \u00e7ok yak\u0131nlar\u0131yla ilgili s\u0131rlara g\u00f6t\u00fcrecektir.<\/p>\n","protected":false},"excerpt":{"rendered":"<p>\u015eimendifer \u00c7ocuklar\u0131, Definedeki S\u0131r ile maceraya devam ediyor! O sabah g\u00fcne g\u00fczel bir s\u00fcrprizle ba\u015flayan \u015eimendifer \u00c7ocuklar\u0131, Selim&#8217;in buldu\u011fu bir ka\u011f\u0131t ile kendilerini heyecanl\u0131 bir maceran\u0131n<span class=\"excerpt-hellip\"> [\u2026]<\/span><\/p>\n","protected":false},"featured_media":0,"template":"","meta":{"_monsterinsights_skip_tracking":false,"_monsterinsights_sitenote_active":false,"_monsterinsights_sitenote_note":"","_monsterinsights_sitenote_category":0},"product_brand":[],"product_cat":[12274,12284],"product_tag":[],"class_list":{"0":"post-694989","1":"product","2":"type-product","3":"status-publish","5":"product_cat-cocuk-ve-genclik-kitaplari","6":"product_cat-hikayeler","7":"pa_cilt-ciltsiz","8":"pa_tur-kitap","9":"pa_yayinevi-timas-cocuk","10":"pa_yazar-esra-agaoglu","12":"first","13":"instock","14":"sale","15":"shipping-taxable","16":"purchasable","17":"product-type-simple"},"_links":{"self":[{"href":"https:\/\/roveyayinevi.com.tr\/index.php\/wp-json\/wp\/v2\/product\/694989","targetHints":{"allow":["GET"]}}],"collection":[{"href":"https:\/\/roveyayinevi.com.tr\/index.php\/wp-json\/wp\/v2\/product"}],"about":[{"href":"https:\/\/roveyayinevi.com.tr\/index.php\/wp-json\/wp\/v2\/types\/product"}],"wp:attachment":[{"href":"https:\/\/roveyayinevi.com.tr\/index.php\/wp-json\/wp\/v2\/media?parent=694989"}],"wp:term":[{"taxonomy":"product_brand","embeddable":true,"href":"https:\/\/roveyayinevi.com.tr\/index.php\/wp-json\/wp\/v2\/product_brand?post=694989"},{"taxonomy":"product_cat","embeddable":true,"href":"https:\/\/roveyayinevi.com.tr\/index.php\/wp-json\/wp\/v2\/product_cat?post=694989"},{"taxonomy":"product_tag","embeddable":true,"href":"https:\/\/roveyayinevi.com.tr\/index.php\/wp-json\/wp\/v2\/product_tag?post=694989"}],"curies":[{"name":"wp","href":"https:\/\/api.w.org\/{rel}","templated":true}]}}