{"id":694987,"date":"2025-08-27T14:24:50","date_gmt":"2025-08-27T11:24:50","guid":{"rendered":"https:\/\/roveyayinevi.com.tr\/index.php\/urun\/tiryaki-sozleri-2\/"},"modified":"2026-04-16T02:05:00","modified_gmt":"2026-04-15T23:05:00","slug":"tiryaki-sozleri-2","status":"publish","type":"product","link":"https:\/\/roveyayinevi.com.tr\/index.php\/urun\/tiryaki-sozleri-2\/","title":{"rendered":"Tiryaki S\u00f6zleri"},"content":{"rendered":"<p>Milli E\u011fitim Bakanl\u0131\u011f\u0131nca T\u00fcrk ve d\u00fcnya edebiyat\u0131nda 100 Temel Eser&#8217;in \u00f6nce orta\u00f6\u011fretimde ard\u0131ndan ilk\u00f6\u011fretimde belirlenmi\u015f olmas\u0131n\u0131, \u00fclkemizdeki okuma oran\u0131n\u0131 art\u0131rmaya y\u00f6nelik bir \u00e7aba olarak g\u00f6r\u00fcyoruz. Bir ba\u015flang\u0131\u00e7 olarak ilk\u00f6\u011fretimde 100 Temel Eser \u00fcmit vericidir; ilk\u00f6\u011fretim seviyesindeki \u00e7ocuklar\u0131m\u0131za bu eserleri okutmay\u0131 ba\u015farabilirsek,   okuyan toplum   olma yolunda \u00f6nemli bir ad\u0131m at\u0131lm\u0131\u015f olacakt\u0131r. <\/p>\n","protected":false},"excerpt":{"rendered":"<p>Milli E\u011fitim Bakanl\u0131\u011f\u0131nca T\u00fcrk ve d\u00fcnya edebiyat\u0131nda 100 Temel Eser&#8217;in \u00f6nce orta\u00f6\u011fretimde ard\u0131ndan ilk\u00f6\u011fretimde belirlenmi\u015f olmas\u0131n\u0131, \u00fclkemizdeki okuma oran\u0131n\u0131 art\u0131rmaya y\u00f6nelik bir \u00e7aba olarak g\u00f6r\u00fcyoruz. Bir<span class=\"excerpt-hellip\"> [\u2026]<\/span><\/p>\n","protected":false},"featured_media":0,"template":"","meta":{"_monsterinsights_skip_tracking":false,"_monsterinsights_sitenote_active":false,"_monsterinsights_sitenote_note":"","_monsterinsights_sitenote_category":0},"product_brand":[],"product_cat":[12365,12364],"product_tag":[],"class_list":{"0":"post-694987","1":"product","2":"type-product","3":"status-publish","5":"product_cat-diger-genel-konular","6":"product_cat-genel-konular","7":"pa_tur-kitap","8":"pa_yayinevi-timas-cocuk","9":"pa_yazar-cenap-sahabettin","11":"first","12":"instock","13":"sale","14":"shipping-taxable","15":"purchasable","16":"product-type-simple"},"_links":{"self":[{"href":"https:\/\/roveyayinevi.com.tr\/index.php\/wp-json\/wp\/v2\/product\/694987","targetHints":{"allow":["GET"]}}],"collection":[{"href":"https:\/\/roveyayinevi.com.tr\/index.php\/wp-json\/wp\/v2\/product"}],"about":[{"href":"https:\/\/roveyayinevi.com.tr\/index.php\/wp-json\/wp\/v2\/types\/product"}],"wp:attachment":[{"href":"https:\/\/roveyayinevi.com.tr\/index.php\/wp-json\/wp\/v2\/media?parent=694987"}],"wp:term":[{"taxonomy":"product_brand","embeddable":true,"href":"https:\/\/roveyayinevi.com.tr\/index.php\/wp-json\/wp\/v2\/product_brand?post=694987"},{"taxonomy":"product_cat","embeddable":true,"href":"https:\/\/roveyayinevi.com.tr\/index.php\/wp-json\/wp\/v2\/product_cat?post=694987"},{"taxonomy":"product_tag","embeddable":true,"href":"https:\/\/roveyayinevi.com.tr\/index.php\/wp-json\/wp\/v2\/product_tag?post=694987"}],"curies":[{"name":"wp","href":"https:\/\/api.w.org\/{rel}","templated":true}]}}