{"id":694962,"date":"2025-08-27T14:24:43","date_gmt":"2025-08-27T11:24:43","guid":{"rendered":"https:\/\/roveyayinevi.com.tr\/index.php\/urun\/kapitalizmin-kisa-tarihi\/"},"modified":"2026-04-16T02:04:59","modified_gmt":"2026-04-15T23:04:59","slug":"kapitalizmin-kisa-tarihi","status":"publish","type":"product","link":"https:\/\/roveyayinevi.com.tr\/index.php\/urun\/kapitalizmin-kisa-tarihi\/","title":{"rendered":"Kapitalizmin K\u0131sa Tarihi"},"content":{"rendered":"<p>Yirmiden fazla dile \u00e7evrilmi\u015f olan bu eser d\u00fcnya ekonomisinin XV. ve XVIII. y\u00fczy\u0131llar aras\u0131ndaki tarihine ili\u015fkin 30 y\u0131l s\u00fcren bir ara\u015ft\u0131rman\u0131n bulgular\u0131n\u0131 ve sonu\u00e7lar\u0131n\u0131 i\u00e7eriyor. XX. y\u00fczy\u0131l\u0131n en b\u00fcy\u00fck tarih\u00e7ilerinden biri olan Fernand Braudel insan\u0131n n\u00fcfusundan, ne yiyip ne i\u00e7ti\u011finden, ne giydi\u011finden, ne t\u00fcr teknolojiler kulland\u0131\u011f\u0131ndan, neyi nas\u0131l al\u0131p satt\u0131\u011f\u0131ndan ve ne t\u00fcr mek\u00e2nlarda ya\u015fad\u0131\u011f\u0131ndan s\u00f6z ederek size kapitalizmin tarihinin bir \u00f6zetini sunuyor. \ufffc<\/p>\n","protected":false},"excerpt":{"rendered":"<p>Yirmiden fazla dile \u00e7evrilmi\u015f olan bu eser d\u00fcnya ekonomisinin XV. ve XVIII. y\u00fczy\u0131llar aras\u0131ndaki tarihine ili\u015fkin 30 y\u0131l s\u00fcren bir ara\u015ft\u0131rman\u0131n bulgular\u0131n\u0131 ve sonu\u00e7lar\u0131n\u0131 i\u00e7eriyor. XX.<span class=\"excerpt-hellip\"> [\u2026]<\/span><\/p>\n","protected":false},"featured_media":0,"template":"","meta":{"_monsterinsights_skip_tracking":false,"_monsterinsights_sitenote_active":false,"_monsterinsights_sitenote_note":"","_monsterinsights_sitenote_category":0},"product_brand":[],"product_cat":[12312,12304],"product_tag":[],"class_list":{"0":"post-694962","1":"product","2":"type-product","3":"status-publish","5":"product_cat-diger","6":"product_cat-tarih","7":"pa_cilt-ciltsiz","8":"pa_tur-kitap","9":"pa_yayinevi-say-yayinlari","10":"pa_yazar-fernand-braudel","12":"first","13":"instock","14":"sale","15":"shipping-taxable","16":"purchasable","17":"product-type-simple"},"_links":{"self":[{"href":"https:\/\/roveyayinevi.com.tr\/index.php\/wp-json\/wp\/v2\/product\/694962","targetHints":{"allow":["GET"]}}],"collection":[{"href":"https:\/\/roveyayinevi.com.tr\/index.php\/wp-json\/wp\/v2\/product"}],"about":[{"href":"https:\/\/roveyayinevi.com.tr\/index.php\/wp-json\/wp\/v2\/types\/product"}],"wp:attachment":[{"href":"https:\/\/roveyayinevi.com.tr\/index.php\/wp-json\/wp\/v2\/media?parent=694962"}],"wp:term":[{"taxonomy":"product_brand","embeddable":true,"href":"https:\/\/roveyayinevi.com.tr\/index.php\/wp-json\/wp\/v2\/product_brand?post=694962"},{"taxonomy":"product_cat","embeddable":true,"href":"https:\/\/roveyayinevi.com.tr\/index.php\/wp-json\/wp\/v2\/product_cat?post=694962"},{"taxonomy":"product_tag","embeddable":true,"href":"https:\/\/roveyayinevi.com.tr\/index.php\/wp-json\/wp\/v2\/product_tag?post=694962"}],"curies":[{"name":"wp","href":"https:\/\/api.w.org\/{rel}","templated":true}]}}