{"id":694924,"date":"2025-08-27T14:24:34","date_gmt":"2025-08-27T11:24:34","guid":{"rendered":"https:\/\/roveyayinevi.com.tr\/index.php\/urun\/behice-boran-ogretim-uyesi-siyasetci-kuramci\/"},"modified":"2026-04-16T02:04:58","modified_gmt":"2026-04-15T23:04:58","slug":"behice-boran-ogretim-uyesi-siyasetci-kuramci","status":"publish","type":"product","link":"https:\/\/roveyayinevi.com.tr\/index.php\/urun\/behice-boran-ogretim-uyesi-siyasetci-kuramci\/","title":{"rendered":"Behice Boran  \u00d6\u011fretim \u00dcyesi, Siyaset\u00e7i, Kuramc\u0131"},"content":{"rendered":"<p>Bu kitap, yirminci y\u00fczy\u0131l T\u00fcrkiye\u2019sinin en \u00f6nemli Marksist ayd\u0131nlar\u0131ndan birisi olan Behice Boran\u2019\u0131n siyasal ve entelekt\u00fcel portresini \u00e7iziyor. \ufffc<\/p>\n","protected":false},"excerpt":{"rendered":"<p>Bu kitap, yirminci y\u00fczy\u0131l T\u00fcrkiye\u2019sinin en \u00f6nemli Marksist ayd\u0131nlar\u0131ndan birisi olan Behice Boran\u2019\u0131n siyasal ve entelekt\u00fcel portresini \u00e7iziyor. \ufffc<\/p>\n","protected":false},"featured_media":0,"template":"","meta":{"_monsterinsights_skip_tracking":false,"_monsterinsights_sitenote_active":false,"_monsterinsights_sitenote_note":"","_monsterinsights_sitenote_category":0},"product_brand":[],"product_cat":[12337,16547],"product_tag":[],"class_list":{"0":"post-694924","1":"product","2":"type-product","3":"status-publish","5":"product_cat-politika-siyaset","6":"product_cat-sol-hareketler","7":"pa_cilt-ciltsiz","8":"pa_tur-kitap","9":"pa_yayinevi-yordam-kitap","10":"pa_yazar-gokhan-atilgan","12":"first","13":"instock","14":"sale","15":"shipping-taxable","16":"purchasable","17":"product-type-simple"},"_links":{"self":[{"href":"https:\/\/roveyayinevi.com.tr\/index.php\/wp-json\/wp\/v2\/product\/694924","targetHints":{"allow":["GET"]}}],"collection":[{"href":"https:\/\/roveyayinevi.com.tr\/index.php\/wp-json\/wp\/v2\/product"}],"about":[{"href":"https:\/\/roveyayinevi.com.tr\/index.php\/wp-json\/wp\/v2\/types\/product"}],"wp:attachment":[{"href":"https:\/\/roveyayinevi.com.tr\/index.php\/wp-json\/wp\/v2\/media?parent=694924"}],"wp:term":[{"taxonomy":"product_brand","embeddable":true,"href":"https:\/\/roveyayinevi.com.tr\/index.php\/wp-json\/wp\/v2\/product_brand?post=694924"},{"taxonomy":"product_cat","embeddable":true,"href":"https:\/\/roveyayinevi.com.tr\/index.php\/wp-json\/wp\/v2\/product_cat?post=694924"},{"taxonomy":"product_tag","embeddable":true,"href":"https:\/\/roveyayinevi.com.tr\/index.php\/wp-json\/wp\/v2\/product_tag?post=694924"}],"curies":[{"name":"wp","href":"https:\/\/api.w.org\/{rel}","templated":true}]}}