{"id":694921,"date":"2025-08-27T14:24:34","date_gmt":"2025-08-27T11:24:34","guid":{"rendered":"https:\/\/roveyayinevi.com.tr\/index.php\/urun\/ask-kartlari\/"},"modified":"2026-04-16T02:04:58","modified_gmt":"2026-04-15T23:04:58","slug":"ask-kartlari","status":"publish","type":"product","link":"https:\/\/roveyayinevi.com.tr\/index.php\/urun\/ask-kartlari\/","title":{"rendered":"A\u015fk Kartlar\u0131"},"content":{"rendered":"<p>A\u015eK KARTLARI  Ayr\u0131ld\u0131\u011f\u0131nda, bar\u0131\u015fmak istedi\u011finde,  ondan haber alamad\u0131\u011f\u0131nda, ili\u015fkinde sorun ya\u015fad\u0131\u011f\u0131nda sana \u0131\u015f\u0131k tutacak bu \u00e7ok \u00f6zel kartlarla: *A\u015eK HAYATIN FARKLI B\u0130R BOYUTA  GE\u00c7\u0130YOR *\u0130STED\u0130\u011e\u0130N T\u00dcM A\u015eK SORULARINI SOR *ONDAN HABER AL *EVDE KEND\u0130 A\u015eK TILSIMINI YAP *A\u015eK D\u0130LEKLER\u0130 TUT *A\u015eK K\u00d6\u015eES\u0130 YARAT KARTLARLA A\u015eK R\u0130T\u00dcEL\u0130 YAP *ONA MESAJ G\u00d6NDER *ONUNLA TELEPAT\u0130 KUR *\u0130L\u0130\u015eK\u0130N\u0130N \u015e\u0130FALANDIR *MELEKLERLE \u00c7ALI\u015e *ONU KEND\u0130NE A\u015eIK ET\u2026\u2026 <\/p>\n","protected":false},"excerpt":{"rendered":"<p>A\u015eK KARTLARI Ayr\u0131ld\u0131\u011f\u0131nda, bar\u0131\u015fmak istedi\u011finde, ondan haber alamad\u0131\u011f\u0131nda, ili\u015fkinde sorun ya\u015fad\u0131\u011f\u0131nda sana \u0131\u015f\u0131k tutacak bu \u00e7ok \u00f6zel kartlarla: *A\u015eK HAYATIN FARKLI B\u0130R BOYUTA GE\u00c7\u0130YOR *\u0130STED\u0130\u011e\u0130N T\u00dcM<span class=\"excerpt-hellip\"> [\u2026]<\/span><\/p>\n","protected":false},"featured_media":0,"template":"","meta":{"_monsterinsights_skip_tracking":false,"_monsterinsights_sitenote_active":false,"_monsterinsights_sitenote_note":"","_monsterinsights_sitenote_category":0},"product_brand":[],"product_cat":[18082,15563],"product_tag":[],"class_list":{"0":"post-694921","1":"product","2":"type-product","3":"status-publish","5":"product_cat-astroloji-fal-ruya","6":"product_cat-hobi","7":"pa_cilt-ciltsiz","8":"pa_tur-kitap","9":"pa_yayinevi-feniks-yayinlari","10":"pa_yazar-tugce-isinsu","12":"first","13":"instock","14":"sale","15":"shipping-taxable","16":"purchasable","17":"product-type-simple"},"_links":{"self":[{"href":"https:\/\/roveyayinevi.com.tr\/index.php\/wp-json\/wp\/v2\/product\/694921","targetHints":{"allow":["GET"]}}],"collection":[{"href":"https:\/\/roveyayinevi.com.tr\/index.php\/wp-json\/wp\/v2\/product"}],"about":[{"href":"https:\/\/roveyayinevi.com.tr\/index.php\/wp-json\/wp\/v2\/types\/product"}],"wp:attachment":[{"href":"https:\/\/roveyayinevi.com.tr\/index.php\/wp-json\/wp\/v2\/media?parent=694921"}],"wp:term":[{"taxonomy":"product_brand","embeddable":true,"href":"https:\/\/roveyayinevi.com.tr\/index.php\/wp-json\/wp\/v2\/product_brand?post=694921"},{"taxonomy":"product_cat","embeddable":true,"href":"https:\/\/roveyayinevi.com.tr\/index.php\/wp-json\/wp\/v2\/product_cat?post=694921"},{"taxonomy":"product_tag","embeddable":true,"href":"https:\/\/roveyayinevi.com.tr\/index.php\/wp-json\/wp\/v2\/product_tag?post=694921"}],"curies":[{"name":"wp","href":"https:\/\/api.w.org\/{rel}","templated":true}]}}