{"id":694905,"date":"2025-08-27T14:24:30","date_gmt":"2025-08-27T11:24:30","guid":{"rendered":"https:\/\/roveyayinevi.com.tr\/index.php\/urun\/turkiyede-bes-sene\/"},"modified":"2026-04-16T02:04:58","modified_gmt":"2026-04-15T23:04:58","slug":"turkiyede-bes-sene","status":"publish","type":"product","link":"https:\/\/roveyayinevi.com.tr\/index.php\/urun\/turkiyede-bes-sene\/","title":{"rendered":"T\u00fcrkiye\u2019de Be\u015f Sene"},"content":{"rendered":"<p>Osmanl\u0131 Devleti&#8217;nin girdi\u011fi son sava\u015fta; en hayat\u00ee ve kritik cephelerde, adeta \u00f6l\u00fcm kal\u0131m m\u00fccadelesinin verildi\u011fi sava\u015f sahnelerinde ordu komutanl\u0131\u011f\u0131 yapan Liman von Sanders, T\u00fcrkiye&#8217;de en \u00e7ok tan\u0131nan ve bilinen yabanc\u0131 asker olmu\u015ftur.   Mondros M\u00fctarekesi&#8217;nin imzalad\u0131\u011f\u0131 g\u00fcn olan 31 Ekim 1918&#8217;de Y\u0131ld\u0131r\u0131m Ordular\u0131 Komutanl\u0131\u011f\u0131n\u0131 Mustafa Kemal Pa\u015fa&#8217;ya devreden Liman Pa\u015fa, \u0130stanbul&#8217;a d\u00f6nm\u00fc\u015f, bir m\u00fcddet T\u00fcrkiye&#8217;deki Alman askerlerinin vatanlar\u0131na d\u00f6n\u00fc\u015f\u00fcn\u00fc organize etti.   Sava\u015ftan sonra Almanya&#8217;ya d\u00f6nerken Mata&#8217;da \u0130ngilizler taraf\u0131ndan sava\u015f esiri olarak tutuldu\u011fu s\u00fcre i\u00e7erisinde yazd\u0131\u011f\u0131 hat\u0131rat\u0131 &#8220;F\u00fcnf Jahre T\u00fcrkei&#8221; (T\u00fcrkiye&#8217;de Be\u015f Sene) ad\u0131yla Berlin&#8217;de 1920 y\u0131l\u0131nda yay\u0131mland\u0131.   Osmanl\u0131 Genelkurmay\u0131 Askeri Tarih Enc\u00fcmeni taraf\u0131ndan terc\u00fcme edilen hat\u0131rat, 1921 y\u0131l\u0131nda \u0130stanbul&#8217;da ne\u015fredildi. Yay\u0131nda esas ald\u0131\u011f\u0131m\u0131z s\u00f6z konusu ne\u015firde orjinalinden farkl\u0131 olarak; Askeri Tarih Enc\u00fcmeni taraf\u0131ndan; Limon von Sanders&#8217;in hat\u0131rat\u0131ndaki baz\u0131 yorumlara ve ger\u00e7e\u011fi yans\u0131tmad\u0131\u011f\u0131na inand\u0131klar\u0131 olaylara dair a\u00e7\u0131klamalar eklenmi\u015ftir. <\/p>\n","protected":false},"excerpt":{"rendered":"<p>Osmanl\u0131 Devleti&#8217;nin girdi\u011fi son sava\u015fta; en hayat\u00ee ve kritik cephelerde, adeta \u00f6l\u00fcm kal\u0131m m\u00fccadelesinin verildi\u011fi sava\u015f sahnelerinde ordu komutanl\u0131\u011f\u0131 yapan Liman von Sanders, T\u00fcrkiye&#8217;de en \u00e7ok<span class=\"excerpt-hellip\"> [\u2026]<\/span><\/p>\n","protected":false},"featured_media":0,"template":"","meta":{"_monsterinsights_skip_tracking":false,"_monsterinsights_sitenote_active":false,"_monsterinsights_sitenote_note":"","_monsterinsights_sitenote_category":0},"product_brand":[],"product_cat":[12312,12304],"product_tag":[],"class_list":{"0":"post-694905","1":"product","2":"type-product","3":"status-publish","5":"product_cat-diger","6":"product_cat-tarih","7":"pa_cilt-ciltsiz","8":"pa_tur-kitap","9":"pa_yayinevi-yeditepe-yayinevi","10":"pa_yazar-liman-von-sanders","12":"first","13":"instock","14":"sale","15":"shipping-taxable","16":"purchasable","17":"product-type-simple"},"_links":{"self":[{"href":"https:\/\/roveyayinevi.com.tr\/index.php\/wp-json\/wp\/v2\/product\/694905","targetHints":{"allow":["GET"]}}],"collection":[{"href":"https:\/\/roveyayinevi.com.tr\/index.php\/wp-json\/wp\/v2\/product"}],"about":[{"href":"https:\/\/roveyayinevi.com.tr\/index.php\/wp-json\/wp\/v2\/types\/product"}],"wp:attachment":[{"href":"https:\/\/roveyayinevi.com.tr\/index.php\/wp-json\/wp\/v2\/media?parent=694905"}],"wp:term":[{"taxonomy":"product_brand","embeddable":true,"href":"https:\/\/roveyayinevi.com.tr\/index.php\/wp-json\/wp\/v2\/product_brand?post=694905"},{"taxonomy":"product_cat","embeddable":true,"href":"https:\/\/roveyayinevi.com.tr\/index.php\/wp-json\/wp\/v2\/product_cat?post=694905"},{"taxonomy":"product_tag","embeddable":true,"href":"https:\/\/roveyayinevi.com.tr\/index.php\/wp-json\/wp\/v2\/product_tag?post=694905"}],"curies":[{"name":"wp","href":"https:\/\/api.w.org\/{rel}","templated":true}]}}