{"id":694903,"date":"2025-08-27T14:24:29","date_gmt":"2025-08-27T11:24:29","guid":{"rendered":"https:\/\/roveyayinevi.com.tr\/index.php\/urun\/insanin-evrimi\/"},"modified":"2026-04-16T02:04:58","modified_gmt":"2026-04-15T23:04:58","slug":"insanin-evrimi","status":"publish","type":"product","link":"https:\/\/roveyayinevi.com.tr\/index.php\/urun\/insanin-evrimi\/","title":{"rendered":"\u0130nsan\u0131n Evrimi"},"content":{"rendered":"<p>\u0130nsan Afrika\u2019da ortaya \u00e7\u0131kt\u0131. Bunu art\u0131k \u00e7ok iyi biliyoruz. \u0130nsan\u0131n evrim s\u00fcrecinde meydana gelen t\u00fcm kritik geli\u015fmelerin izlerine Do\u011fu Afrika d\u00fczl\u00fcklerinde rastl\u0131yoruz. Atalar\u0131m\u0131z burada dik y\u00fcr\u00fcmeye ba\u015flad\u0131; uzun y\u00fcr\u00fcy\u00fc\u015fleri m\u00fcmk\u00fcn k\u0131lan ayaklar ve di\u011fer primatlar\u0131n ellerinden kat kat daha i\u015flevsel olan eller burada geli\u015fti. Yine de, insan\u0131n evrimini konu alan en yeni ara\u015ft\u0131rmalar\u0131n sonu\u00e7lar\u0131n\u0131 b\u00fcy\u00fck bir resim olu\u015fturacak \u015fekilde birle\u015ftirdi\u011fimizde, sanki \u00e7\u00f6z\u00fcmden ziyade bir bulmaca ile kar\u015f\u0131 kar\u015f\u0131ya kal\u0131yoruz. \u0130nsan neden insan oldu? Hangi \u00f6zel adaptasyonlar Homo sapiens\u2019i meydana getirdi? \u0130nsan Afrika cennetinden neden g\u00f6\u00e7 etti? Onu kuzeyin so\u011fuk topraklar\u0131na, Avrupa\u2019ya, Asya\u2019ya ve buradan da Avustralya ile Amerika k\u0131tas\u0131na g\u00f6\u00e7meye iten neydi? \u00dcnl\u00fc biyolog Josef H. Reichholf, bu kitab\u0131nda insan\u0131n evrimini bir dedektif titizli\u011fiyle mercek alt\u0131na al\u0131yor.<\/p>\n","protected":false},"excerpt":{"rendered":"<p>\u0130nsan Afrika\u2019da ortaya \u00e7\u0131kt\u0131. Bunu art\u0131k \u00e7ok iyi biliyoruz. \u0130nsan\u0131n evrim s\u00fcrecinde meydana gelen t\u00fcm kritik geli\u015fmelerin izlerine Do\u011fu Afrika d\u00fczl\u00fcklerinde rastl\u0131yoruz. Atalar\u0131m\u0131z burada dik y\u00fcr\u00fcmeye<span class=\"excerpt-hellip\"> [\u2026]<\/span><\/p>\n","protected":false},"featured_media":0,"template":"","meta":{"_monsterinsights_skip_tracking":false,"_monsterinsights_sitenote_active":false,"_monsterinsights_sitenote_note":"","_monsterinsights_sitenote_category":0},"product_brand":[],"product_cat":[12364],"product_tag":[],"class_list":{"0":"post-694903","1":"product","2":"type-product","3":"status-publish","5":"product_cat-genel-konular","6":"pa_cilt-ciltsiz","7":"pa_tur-kitap","8":"pa_yayinevi-say-yayinlari","9":"pa_yazar-josef-h-reicholf","11":"first","12":"instock","13":"sale","14":"shipping-taxable","15":"purchasable","16":"product-type-simple"},"_links":{"self":[{"href":"https:\/\/roveyayinevi.com.tr\/index.php\/wp-json\/wp\/v2\/product\/694903","targetHints":{"allow":["GET"]}}],"collection":[{"href":"https:\/\/roveyayinevi.com.tr\/index.php\/wp-json\/wp\/v2\/product"}],"about":[{"href":"https:\/\/roveyayinevi.com.tr\/index.php\/wp-json\/wp\/v2\/types\/product"}],"wp:attachment":[{"href":"https:\/\/roveyayinevi.com.tr\/index.php\/wp-json\/wp\/v2\/media?parent=694903"}],"wp:term":[{"taxonomy":"product_brand","embeddable":true,"href":"https:\/\/roveyayinevi.com.tr\/index.php\/wp-json\/wp\/v2\/product_brand?post=694903"},{"taxonomy":"product_cat","embeddable":true,"href":"https:\/\/roveyayinevi.com.tr\/index.php\/wp-json\/wp\/v2\/product_cat?post=694903"},{"taxonomy":"product_tag","embeddable":true,"href":"https:\/\/roveyayinevi.com.tr\/index.php\/wp-json\/wp\/v2\/product_tag?post=694903"}],"curies":[{"name":"wp","href":"https:\/\/api.w.org\/{rel}","templated":true}]}}