{"id":694878,"date":"2025-08-27T14:24:23","date_gmt":"2025-08-27T11:24:23","guid":{"rendered":"https:\/\/roveyayinevi.com.tr\/index.php\/urun\/resim-soz-ve-yazi\/"},"modified":"2026-04-16T02:04:57","modified_gmt":"2026-04-15T23:04:57","slug":"resim-soz-ve-yazi","status":"publish","type":"product","link":"https:\/\/roveyayinevi.com.tr\/index.php\/urun\/resim-soz-ve-yazi\/","title":{"rendered":"Resim, S\u00f6z ve Yaz\u0131"},"content":{"rendered":"<p>Modern d\u00fc\u015f\u00fcnsel ya da sanatsal yakla\u015f\u0131mlarda, temel duyum ve ifade bi\u00e7imleri ayr\u0131\u015f\u0131rlar. Geleneksel sanat i\u015flerine ait b\u00fct\u00fcnl\u00fckl\u00fc imgeler, resim, s\u00f6z ve yaz\u0131 \u015feklinde alt par\u00e7alar\u0131na ayr\u0131l\u0131rlar. Sanat\u00e7\u0131 kavram\u0131, renklere, seslere ya da harflere ustaca \u015fekiller verebilen zanaatk\u00e2rla, uzmanla e\u015fanlaml\u0131 olmaya ba\u015flar. \u0130mgelerin, bilgiyle, d\u00fc\u015f\u00fcnceyle, toplum vicdan\u0131yla ya da siyasal eylemlerle olan ba\u011flar\u0131 zay\u0131flar. Modern sanat i\u015fleri, bu \u015fekilde ya\u015famdan uzakla\u015f\u0131rken, di\u011fer yandan da, avangart ya da pop-sanat\u0131n \u00f6rnekledi\u011fi gibi, tekrar hayata ve halka kar\u0131\u015fmaya y\u00f6nelik bir gelgit i\u00e7erisinde \u015fekillenirler. \u00d6zg\u00fcr Taburo\u011flu\u2019nun bu yeni \u00e7al\u0131\u015fmas\u0131n\u0131 de\u011ferli k\u0131lan da, d\u00fc\u015f\u00fcnsel, etik ve siyasal sonu\u00e7lar\u0131 olabilen bu olguyu \u00f6zg\u00fcn \u015fekillerde y\u00fczeye \u00e7\u0131karmas\u0131ndan ileri gelir. Bu nedenle elinizdeki metin, sadece bir sanat kuram\u0131 gibi de\u011fil, felsef\u00ee bir \u00e7al\u0131\u015fma olarak da okunabilir.   \u00d6zg\u00fcr Taburo\u011flu modern sanatsal ya da d\u00fc\u015f\u00fcnsel yap\u0131tlardaki, hem ayr\u0131\u015fmaya hem de b\u00fct\u00fcnle\u015fmeye d\u00f6n\u00fck bu kurucu gerilimi anlamaya \u00e7al\u0131\u015f\u0131yor. Bu ama\u00e7la, temel yakla\u015f\u0131m\u0131na destekler bulabilece\u011fi metinleri okumaya giri\u015fiyor; Platon, Aristoteles, Walter Benjamin, Henri Bergson, Paul C\u00e9zanne, Jacques Derrida, Jacques Ranci\u00e8re, Jean Piaget, Ulus Baker, Latife Tekin, \u0130smail Tunal\u0131, Carl Gustav Jung, Georg Luk\u00e1cs, Ahmet Hamdi Tanp\u0131nar, \u00dcnal Nalbanto\u011flu, Sabri \u00dclgener, Marshall McLuhan gibi \u00e7ok farkl\u0131 yazar, sanat\u00e7\u0131 ve d\u00fc\u015f\u00fcn\u00fcrleri yan yana okuyarak, belirli bir imge kavray\u0131\u015f\u0131n\u0131n izlerini bulmaya \u00e7al\u0131\u015f\u0131yor. Bu kadar farkl\u0131 \u015fahsiyeti birarada tutansa, t\u00fcm\u00fcn\u00fcn imgeyi, resim, s\u00f6z ve yaz\u0131n\u0131n uyumlu bir birle\u015fmesi ve ayr\u0131\u015fmas\u0131 gibi anlamalar\u0131d\u0131r.  <\/p>\n","protected":false},"excerpt":{"rendered":"<p>Modern d\u00fc\u015f\u00fcnsel ya da sanatsal yakla\u015f\u0131mlarda, temel duyum ve ifade bi\u00e7imleri ayr\u0131\u015f\u0131rlar. Geleneksel sanat i\u015flerine ait b\u00fct\u00fcnl\u00fckl\u00fc imgeler, resim, s\u00f6z ve yaz\u0131 \u015feklinde alt par\u00e7alar\u0131na ayr\u0131l\u0131rlar.<span class=\"excerpt-hellip\"> [\u2026]<\/span><\/p>\n","protected":false},"featured_media":0,"template":"","meta":{"_monsterinsights_skip_tracking":false,"_monsterinsights_sitenote_active":false,"_monsterinsights_sitenote_note":"","_monsterinsights_sitenote_category":0},"product_brand":[],"product_cat":[15733,12408],"product_tag":[],"class_list":{"0":"post-694878","1":"product","2":"type-product","3":"status-publish","5":"product_cat-resim","6":"product_cat-sanat","7":"pa_cilt-ciltsiz","8":"pa_tur-kitap","9":"pa_yayinevi-dogu-bati-yayinlari","10":"pa_yazar-ozgur-taburoglu","12":"first","13":"instock","14":"sale","15":"shipping-taxable","16":"purchasable","17":"product-type-simple"},"_links":{"self":[{"href":"https:\/\/roveyayinevi.com.tr\/index.php\/wp-json\/wp\/v2\/product\/694878","targetHints":{"allow":["GET"]}}],"collection":[{"href":"https:\/\/roveyayinevi.com.tr\/index.php\/wp-json\/wp\/v2\/product"}],"about":[{"href":"https:\/\/roveyayinevi.com.tr\/index.php\/wp-json\/wp\/v2\/types\/product"}],"wp:attachment":[{"href":"https:\/\/roveyayinevi.com.tr\/index.php\/wp-json\/wp\/v2\/media?parent=694878"}],"wp:term":[{"taxonomy":"product_brand","embeddable":true,"href":"https:\/\/roveyayinevi.com.tr\/index.php\/wp-json\/wp\/v2\/product_brand?post=694878"},{"taxonomy":"product_cat","embeddable":true,"href":"https:\/\/roveyayinevi.com.tr\/index.php\/wp-json\/wp\/v2\/product_cat?post=694878"},{"taxonomy":"product_tag","embeddable":true,"href":"https:\/\/roveyayinevi.com.tr\/index.php\/wp-json\/wp\/v2\/product_tag?post=694878"}],"curies":[{"name":"wp","href":"https:\/\/api.w.org\/{rel}","templated":true}]}}