{"id":694870,"date":"2025-08-27T14:24:21","date_gmt":"2025-08-27T11:24:21","guid":{"rendered":"https:\/\/roveyayinevi.com.tr\/index.php\/urun\/meslekler-polis-poli\/"},"modified":"2026-04-16T02:04:42","modified_gmt":"2026-04-15T23:04:42","slug":"meslekler-polis-poli","status":"publish","type":"product","link":"https:\/\/roveyayinevi.com.tr\/index.php\/urun\/meslekler-polis-poli\/","title":{"rendered":"Meslekler &#8211; Polis Poli"},"content":{"rendered":"<p>Meslekler dizisini \u00e7ocuklar keyifle okurken, dinlerken; doktorluk, makinistlik, postac\u0131l\u0131k, polislik, itfaiyecilik gibi mesleklerle tan\u0131\u015facak ve do\u011fru davran\u0131\u015flar konusunda bilgi sahibi olacaklar. Bu dizideki masallar, sevimli \u00e7izimleri ve e\u011flenceli kurgular\u0131yla \u00e7ocuklar i\u00e7in hem \u00f6\u011fretici hem de \u00e7ok e\u011flenceli!&#8230; \ufffcTan\u0131t\u0131m Metni<\/p>\n","protected":false},"excerpt":{"rendered":"<p>Meslekler dizisini \u00e7ocuklar keyifle okurken, dinlerken; doktorluk, makinistlik, postac\u0131l\u0131k, polislik, itfaiyecilik gibi mesleklerle tan\u0131\u015facak ve do\u011fru davran\u0131\u015flar konusunda bilgi sahibi olacaklar. Bu dizideki masallar, sevimli \u00e7izimleri<span class=\"excerpt-hellip\"> [\u2026]<\/span><\/p>\n","protected":false},"featured_media":0,"template":"","meta":{"_monsterinsights_skip_tracking":false,"_monsterinsights_sitenote_active":false,"_monsterinsights_sitenote_note":"","_monsterinsights_sitenote_category":0},"product_brand":[],"product_cat":[12492,12274],"product_tag":[],"class_list":{"0":"post-694870","1":"product","2":"type-product","3":"status-publish","5":"product_cat-bilmece-bulmaca","6":"product_cat-cocuk-ve-genclik-kitaplari","7":"pa_tur-kitap","8":"pa_yayinevi-timas-cocuk","9":"pa_yazar-kolektif","11":"first","12":"instock","13":"sale","14":"shipping-taxable","15":"purchasable","16":"product-type-simple"},"_links":{"self":[{"href":"https:\/\/roveyayinevi.com.tr\/index.php\/wp-json\/wp\/v2\/product\/694870","targetHints":{"allow":["GET"]}}],"collection":[{"href":"https:\/\/roveyayinevi.com.tr\/index.php\/wp-json\/wp\/v2\/product"}],"about":[{"href":"https:\/\/roveyayinevi.com.tr\/index.php\/wp-json\/wp\/v2\/types\/product"}],"wp:attachment":[{"href":"https:\/\/roveyayinevi.com.tr\/index.php\/wp-json\/wp\/v2\/media?parent=694870"}],"wp:term":[{"taxonomy":"product_brand","embeddable":true,"href":"https:\/\/roveyayinevi.com.tr\/index.php\/wp-json\/wp\/v2\/product_brand?post=694870"},{"taxonomy":"product_cat","embeddable":true,"href":"https:\/\/roveyayinevi.com.tr\/index.php\/wp-json\/wp\/v2\/product_cat?post=694870"},{"taxonomy":"product_tag","embeddable":true,"href":"https:\/\/roveyayinevi.com.tr\/index.php\/wp-json\/wp\/v2\/product_tag?post=694870"}],"curies":[{"name":"wp","href":"https:\/\/api.w.org\/{rel}","templated":true}]}}