{"id":694850,"date":"2025-08-27T14:24:17","date_gmt":"2025-08-27T11:24:17","guid":{"rendered":"https:\/\/roveyayinevi.com.tr\/index.php\/urun\/komunist-manifesto-ve-komunizmin-ilkeleri\/"},"modified":"2026-04-16T02:04:41","modified_gmt":"2026-04-15T23:04:41","slug":"komunist-manifesto-ve-komunizmin-ilkeleri","status":"publish","type":"product","link":"https:\/\/roveyayinevi.com.tr\/index.php\/urun\/komunist-manifesto-ve-komunizmin-ilkeleri\/","title":{"rendered":"Kom\u00fcnist Manifesto ve Kom\u00fcnizmin \u0130lkeleri"},"content":{"rendered":"<p>\u201cEski yerel ve ulusal yal\u0131t\u0131m\u0131n ve kendine-yeterli\u011fin yerini, uluslar\u0131n \u00e7ok y\u00f6nl\u00fc kar\u015f\u0131l\u0131kl\u0131-ili\u015fkileri, evrensel kar\u015f\u0131l\u0131kl\u0131-ba\u011f\u0131ml\u0131l\u0131\u011f\u0131 al\u0131yor. Ve maddi \u00fcretimde olan, zihinsel \u00fcretimde de oluyor. Tek tek uluslar\u0131n zihinsel yarat\u0131lar\u0131, ortak m\u00fclk haline geliyor. Ulusal tek yanl\u0131l\u0131k ve darkafal\u0131l\u0131k giderek olanaks\u0131zla\u015f\u0131yor ve say\u0131s\u0131z ulusal ve yerel yaz\u0131nlardan ortaya bir d\u00fcnya yaz\u0131n\u0131 \u00e7\u0131k\u0131yor. Burjuvazi, &#8230; b\u00fct\u00fcn uluslar\u0131, yok etme tehdidiyle, burjuva \u00fcretim tarz\u0131n\u0131 benimsemeye zorluyor; onlar\u0131 uygarl\u0131k dedi\u011fi \u015feyi benimsemeye yani bizzat burjuva olmaya zorluyor. Tek s\u00f6zc\u00fckle kendi imgesinden bir d\u00fcnya yarat\u0131yor.\u201d \ufffcTan\u0131t\u0131m Metni<\/p>\n","protected":false},"excerpt":{"rendered":"<p>\u201cEski yerel ve ulusal yal\u0131t\u0131m\u0131n ve kendine-yeterli\u011fin yerini, uluslar\u0131n \u00e7ok y\u00f6nl\u00fc kar\u015f\u0131l\u0131kl\u0131-ili\u015fkileri, evrensel kar\u015f\u0131l\u0131kl\u0131-ba\u011f\u0131ml\u0131l\u0131\u011f\u0131 al\u0131yor. Ve maddi \u00fcretimde olan, zihinsel \u00fcretimde de oluyor. Tek tek uluslar\u0131n<span class=\"excerpt-hellip\"> [\u2026]<\/span><\/p>\n","protected":false},"featured_media":0,"template":"","meta":{"_monsterinsights_skip_tracking":false,"_monsterinsights_sitenote_active":false,"_monsterinsights_sitenote_note":"","_monsterinsights_sitenote_category":0},"product_brand":[],"product_cat":[12965,12337],"product_tag":[],"class_list":{"0":"post-694850","1":"product","2":"type-product","3":"status-publish","5":"product_cat-genel-politika","6":"product_cat-politika-siyaset","7":"pa_cilt-ciltsiz","8":"pa_tur-kitap","9":"pa_yayinevi-sol-yayinlari","10":"pa_yazar-karl-marx","12":"first","13":"instock","14":"sale","15":"shipping-taxable","16":"purchasable","17":"product-type-simple"},"_links":{"self":[{"href":"https:\/\/roveyayinevi.com.tr\/index.php\/wp-json\/wp\/v2\/product\/694850","targetHints":{"allow":["GET"]}}],"collection":[{"href":"https:\/\/roveyayinevi.com.tr\/index.php\/wp-json\/wp\/v2\/product"}],"about":[{"href":"https:\/\/roveyayinevi.com.tr\/index.php\/wp-json\/wp\/v2\/types\/product"}],"wp:attachment":[{"href":"https:\/\/roveyayinevi.com.tr\/index.php\/wp-json\/wp\/v2\/media?parent=694850"}],"wp:term":[{"taxonomy":"product_brand","embeddable":true,"href":"https:\/\/roveyayinevi.com.tr\/index.php\/wp-json\/wp\/v2\/product_brand?post=694850"},{"taxonomy":"product_cat","embeddable":true,"href":"https:\/\/roveyayinevi.com.tr\/index.php\/wp-json\/wp\/v2\/product_cat?post=694850"},{"taxonomy":"product_tag","embeddable":true,"href":"https:\/\/roveyayinevi.com.tr\/index.php\/wp-json\/wp\/v2\/product_tag?post=694850"}],"curies":[{"name":"wp","href":"https:\/\/api.w.org\/{rel}","templated":true}]}}