{"id":694847,"date":"2025-08-27T14:24:16","date_gmt":"2025-08-27T11:24:16","guid":{"rendered":"https:\/\/roveyayinevi.com.tr\/index.php\/urun\/kapitalist-toplum\/"},"modified":"2026-04-07T02:08:49","modified_gmt":"2026-04-06T23:08:49","slug":"kapitalist-toplum","status":"publish","type":"product","link":"https:\/\/roveyayinevi.com.tr\/index.php\/urun\/kapitalist-toplum\/","title":{"rendered":"Kapitalist Toplum"},"content":{"rendered":"<p>\u0130\u00e7indekiler\u0130\u00e7indekiler &#8211; Birinci B\u00f6l\u00fcm Kapitalist \u00dcretim Bi\u00e7iminin Temel Nitelikleri 1. Kapitalist Toplumda \u00dcretim \u0130li\u015fkileri \/ Basit Meta \u00dcretimi ve Kapitalist \u00dcretim \/ Kapitalizmde \u00dcretim \u0130li\u015fkileri \/ Meta, Emek-G\u00fcc\u00fc \/ Emek-G\u00fcc\u00fcn\u00fcn De\u011feri \/ 2. Kapitalist S\u00f6m\u00fcr\u00fcn\u00fcn \u00d6z\u00fc \/ Emek-G\u00fcc\u00fcn\u00fcn \u00dcretimdeki Rol\u00fc \/ Art\u0131-De\u011fer \/ Gerekli Emek ve Art\u0131-Emek \/ Kapitalist \u00dcretimin Amac\u0131 \/ Mutlak Art\u0131-De\u011fer \/ Nispi Art\u0131-De\u011fer \/ Sermaye \/ 3.Kapitalist Toplumun S\u0131n\u0131flar\u0131 \/ Burjuvazi ve Proletarya \/ Toprak Sahipleri ve K\u00f6yl\u00fcler \/ Ara Tabakalar \/ 4.Kapitalizmin \u00c7eli\u015fkileri \/ Kapitalizmin Temel \u00c7eli\u015fkisi \/ \u0130ktisadi Bunal\u0131mlar &#8211; \u0130kinci B\u00f6l\u00fcm Burjuva Devrimi 1. Burjuva Sistemin Feodal Sistemin Yerini Almas\u0131 Tarihsel Bir Zorunluluktur \/ Burjuva Devrimlerin \u0130ktisadi ve Toplumsal Temeli ve Niteli\u011fi \/ Feodalitenin Ba\u011fr\u0131nda Kapitalist \u00dcretim \u0130li\u015fkilerinin Geli\u015fmesi \/ \u0130ngiltere&#8217;de Kapitalizmin Do\u011fu\u015fu \/ Fransa&#8217;da Kapitalizmin Geli\u015fmesi \/ Burjuva ve Proletarya S\u0131n\u0131flar\u0131n\u0131n Do\u011fu\u015fu \/ Kapitalist Ekonomi ile Feodal Siyasal Sistem Aras\u0131ndaki \u00c7eli\u015fki \/ Devrimin \u0130deolojik Haz\u0131rlan\u0131\u015f\u0131 \/ Devrimci Ortam \/ 2. Devrimin \u0130lerlemesi \/ Devrimci Patlama \/ Devrimin Birinci D\u00f6nemi: \u0130ktidar B\u00fcy\u00fck Burjuvazinin Elinde \/ B\u00fcy\u00fck Burjuvazinin ve Liberal Soylular\u0131n \u0130ktidar\u0131n\u0131n Sa\u011flamla\u015fmas\u0131 \/ Devrimin \u0130kinci D\u00f6nemi: \u0130ktidar Sanayi Burjuvazisinin ve \u0130\u015f \u00c7evrelerinin Elinde \/ Devrimin \u00dc\u00e7\u00fcnc\u00fc D\u00f6nemi: Devrimci Demokratik Diktat\u00f6rl\u00fck \/ Devrim ve Kilise \/ Robespiyercilerin Durumunun \u00c7eli\u015fkili Niteli\u011fi, Devrimci Diktat\u00f6rl\u00fc\u011f\u00fcn Sonu \/ Devrimin Devindirici G\u00fc\u00e7leri ve \u00d6nc\u00fcl\u00fc\u011f\u00fc, Devrimin Bilan\u00e7osu \/ Burjuva Devrim Tipler &#8211; \u00dc\u00e7\u00fcnc\u00fc B\u00f6l\u00fcm Kapitalizmin Kurulmas\u0131 Ve Geli\u015fmesi 1. Sanayi Devrimi \/ Sanayi Devriminin \u00d6z\u00fc \/ \u0130ngiltere&#8217;de Sanayi Devrimi \/ \u00d6teki \u00dclkelerde Sanayi Devriminin \u00d6zellikleri \/ Sanayi Devriminin Toplumsal Sonu\u00e7lar\u0131 \/ Kapitalist Sanayile\u015fme \/ 2. Kapitalizmin Tar\u0131mda Geli\u015fmesinin \u0130ki Yolu \/ Kapitalizmin \u00c7ift\u00e7iler Taraf\u0131ndan Geli\u015ftirilmesi \/ Feodal \u0130\u015fletmeler Arac\u0131l\u0131\u011f\u0131yla Kapitalizmin Yerle\u015fmesi &#8211; D\u00f6rd\u00fcnc\u00fc B\u00f6l\u00fcm Birle\u015fik Devletler&#8217;de Kapitalizmin Geli\u015fmesi 1. Kuzey Amerika S\u00f6m\u00fcrgelerinin Ba\u011f\u0131ms\u0131zl\u0131k U\u011fruna Sava\u015f\u0131 \/ S\u00f6m\u00fcrgeler \u00c7a\u011f\u0131nda Kuzey Amerika Ekonomisinin Geli\u015fmesi \/ Amerika&#8217;da Burjuva Devriminin Haz\u0131rlay\u0131c\u0131 Ko\u015fullar\u0131 \/ Devrimci Ba\u011f\u0131ms\u0131zl\u0131k Sava\u015f\u0131 \/ Ba\u011f\u0131ms\u0131zl\u0131k Sava\u015f\u0131n\u0131n \u00d6nemi \/ 2. Birle\u015fik devletler&#8217;de \u0130\u00e7 Sava\u015f \/ Sava\u015f\u0131n Nedenleri \/ \u0130\u00e7 Sava\u015f\u0131n \u0130lk Evresi \ufffcTan\u0131t\u0131m Metni<\/p>\n","protected":false},"excerpt":{"rendered":"<p>\u0130\u00e7indekiler\u0130\u00e7indekiler &#8211; Birinci B\u00f6l\u00fcm Kapitalist \u00dcretim Bi\u00e7iminin Temel Nitelikleri 1. Kapitalist Toplumda \u00dcretim \u0130li\u015fkileri \/ Basit Meta \u00dcretimi ve Kapitalist \u00dcretim \/ Kapitalizmde \u00dcretim \u0130li\u015fkileri \/<span class=\"excerpt-hellip\"> [\u2026]<\/span><\/p>\n","protected":false},"featured_media":0,"template":"","meta":{"_monsterinsights_skip_tracking":false,"_monsterinsights_sitenote_active":false,"_monsterinsights_sitenote_note":"","_monsterinsights_sitenote_category":0},"product_brand":[],"product_cat":[12312,12304],"product_tag":[],"class_list":{"0":"post-694847","1":"product","2":"type-product","3":"status-publish","5":"product_cat-diger","6":"product_cat-tarih","7":"pa_cilt-ciltsiz","8":"pa_tur-kitap","9":"pa_yayinevi-sol-yayinlari","10":"pa_yazar-zubritski-mitropolski-kerov","12":"first","13":"instock","14":"sale","15":"shipping-taxable","16":"purchasable","17":"product-type-simple"},"_links":{"self":[{"href":"https:\/\/roveyayinevi.com.tr\/index.php\/wp-json\/wp\/v2\/product\/694847","targetHints":{"allow":["GET"]}}],"collection":[{"href":"https:\/\/roveyayinevi.com.tr\/index.php\/wp-json\/wp\/v2\/product"}],"about":[{"href":"https:\/\/roveyayinevi.com.tr\/index.php\/wp-json\/wp\/v2\/types\/product"}],"wp:attachment":[{"href":"https:\/\/roveyayinevi.com.tr\/index.php\/wp-json\/wp\/v2\/media?parent=694847"}],"wp:term":[{"taxonomy":"product_brand","embeddable":true,"href":"https:\/\/roveyayinevi.com.tr\/index.php\/wp-json\/wp\/v2\/product_brand?post=694847"},{"taxonomy":"product_cat","embeddable":true,"href":"https:\/\/roveyayinevi.com.tr\/index.php\/wp-json\/wp\/v2\/product_cat?post=694847"},{"taxonomy":"product_tag","embeddable":true,"href":"https:\/\/roveyayinevi.com.tr\/index.php\/wp-json\/wp\/v2\/product_tag?post=694847"}],"curies":[{"name":"wp","href":"https:\/\/api.w.org\/{rel}","templated":true}]}}