{"id":694845,"date":"2025-08-27T14:24:16","date_gmt":"2025-08-27T11:24:16","guid":{"rendered":"https:\/\/roveyayinevi.com.tr\/index.php\/urun\/louis-bonapartein-18-brumairei\/"},"modified":"2026-04-16T02:04:41","modified_gmt":"2026-04-15T23:04:41","slug":"louis-bonapartein-18-brumairei","status":"publish","type":"product","link":"https:\/\/roveyayinevi.com.tr\/index.php\/urun\/louis-bonapartein-18-brumairei\/","title":{"rendered":"Louis Bonaparte\u2019\u0131n 18 Brumaire\u2019i"},"content":{"rendered":"<p>\u0130nsanlar kendi tarihlerini kendileri yaparlar, ama kendi keyiflerine gore de\u011fil; kendi se\u00e7tikleri ko\u015fullar i\u00e7inde de\u011fil, do\u011frudan kar\u015f\u0131 kar\u015f\u0131ya kald\u0131klar\u0131, belirlenmi\u015f olan ve ge\u00e7mi\u015ften gelen ko\u015fullar i\u00e7inde yaparlar. B\u00fct\u00fcn \u00f6lm\u00fc\u015f ku\u015faklar\u0131n gelene\u011fi, b\u00fcy\u00fck bir a\u011f\u0131rl\u0131kla, ya\u015fayanlar\u0131n beyinleri \u00fczerine kabus gibi \u00e7\u00f6ker. \ufffcTan\u0131t\u0131m Metni<\/p>\n","protected":false},"excerpt":{"rendered":"<p>\u0130nsanlar kendi tarihlerini kendileri yaparlar, ama kendi keyiflerine gore de\u011fil; kendi se\u00e7tikleri ko\u015fullar i\u00e7inde de\u011fil, do\u011frudan kar\u015f\u0131 kar\u015f\u0131ya kald\u0131klar\u0131, belirlenmi\u015f olan ve ge\u00e7mi\u015ften gelen ko\u015fullar i\u00e7inde<span class=\"excerpt-hellip\"> [\u2026]<\/span><\/p>\n","protected":false},"featured_media":0,"template":"","meta":{"_monsterinsights_skip_tracking":false,"_monsterinsights_sitenote_active":false,"_monsterinsights_sitenote_note":"","_monsterinsights_sitenote_category":0},"product_brand":[],"product_cat":[12312,12304],"product_tag":[],"class_list":{"0":"post-694845","1":"product","2":"type-product","3":"status-publish","5":"product_cat-diger","6":"product_cat-tarih","7":"pa_cilt-ciltsiz","8":"pa_tur-kitap","9":"pa_yayinevi-sol-yayinlari","10":"pa_yazar-karl-marx","12":"first","13":"instock","14":"sale","15":"shipping-taxable","16":"purchasable","17":"product-type-simple"},"_links":{"self":[{"href":"https:\/\/roveyayinevi.com.tr\/index.php\/wp-json\/wp\/v2\/product\/694845","targetHints":{"allow":["GET"]}}],"collection":[{"href":"https:\/\/roveyayinevi.com.tr\/index.php\/wp-json\/wp\/v2\/product"}],"about":[{"href":"https:\/\/roveyayinevi.com.tr\/index.php\/wp-json\/wp\/v2\/types\/product"}],"wp:attachment":[{"href":"https:\/\/roveyayinevi.com.tr\/index.php\/wp-json\/wp\/v2\/media?parent=694845"}],"wp:term":[{"taxonomy":"product_brand","embeddable":true,"href":"https:\/\/roveyayinevi.com.tr\/index.php\/wp-json\/wp\/v2\/product_brand?post=694845"},{"taxonomy":"product_cat","embeddable":true,"href":"https:\/\/roveyayinevi.com.tr\/index.php\/wp-json\/wp\/v2\/product_cat?post=694845"},{"taxonomy":"product_tag","embeddable":true,"href":"https:\/\/roveyayinevi.com.tr\/index.php\/wp-json\/wp\/v2\/product_tag?post=694845"}],"curies":[{"name":"wp","href":"https:\/\/api.w.org\/{rel}","templated":true}]}}