{"id":694832,"date":"2025-08-27T14:23:23","date_gmt":"2025-08-27T11:23:23","guid":{"rendered":"https:\/\/roveyayinevi.com.tr\/index.php\/urun\/doganin-diyalektigi\/"},"modified":"2026-04-16T02:04:41","modified_gmt":"2026-04-15T23:04:41","slug":"doganin-diyalektigi","status":"publish","type":"product","link":"https:\/\/roveyayinevi.com.tr\/index.php\/urun\/doganin-diyalektigi\/","title":{"rendered":"Do\u011fan\u0131n Diyalekti\u011fi"},"content":{"rendered":"<p>Ekonomi politik\u00e7iler, emek b\u00fct\u00fcn zenginliklerin kayna\u011f\u0131d\u0131r, der. Ger\u00e7ekten de zenginli\u011fe \u00e7evirdi\u011fi malzemeyi ona sa\u011flayan do\u011fayla birlikte kaynakt\u0131r. Ama bundan s\u0131n\u0131rs\u0131zca daha fazla bir \u015feydir de. O, t\u00fcm insan varolu\u015funun birincil temel ko\u015fuludur ve bu \u00f6yle bir \u00f6l\u00e7\u00fcdedir ki, bir anlamda, emek insan\u0131n kendisini yaratt\u0131 demek gerekir. \ufffcTan\u0131t\u0131m Metni<\/p>\n","protected":false},"excerpt":{"rendered":"<p>Ekonomi politik\u00e7iler, emek b\u00fct\u00fcn zenginliklerin kayna\u011f\u0131d\u0131r, der. Ger\u00e7ekten de zenginli\u011fe \u00e7evirdi\u011fi malzemeyi ona sa\u011flayan do\u011fayla birlikte kaynakt\u0131r. Ama bundan s\u0131n\u0131rs\u0131zca daha fazla bir \u015feydir de. O,<span class=\"excerpt-hellip\"> [\u2026]<\/span><\/p>\n","protected":false},"featured_media":0,"template":"","meta":{"_monsterinsights_skip_tracking":false,"_monsterinsights_sitenote_active":false,"_monsterinsights_sitenote_note":"","_monsterinsights_sitenote_category":0},"product_brand":[],"product_cat":[12389,12388],"product_tag":[],"class_list":{"0":"post-694832","1":"product","2":"type-product","3":"status-publish","5":"product_cat-diger-felsefe","6":"product_cat-felsefe","7":"pa_cilt-ciltsiz","8":"pa_tur-kitap","9":"pa_yayinevi-sol-yayinlari","10":"pa_yazar-friedrich-engels","12":"first","13":"instock","14":"sale","15":"shipping-taxable","16":"purchasable","17":"product-type-simple"},"_links":{"self":[{"href":"https:\/\/roveyayinevi.com.tr\/index.php\/wp-json\/wp\/v2\/product\/694832","targetHints":{"allow":["GET"]}}],"collection":[{"href":"https:\/\/roveyayinevi.com.tr\/index.php\/wp-json\/wp\/v2\/product"}],"about":[{"href":"https:\/\/roveyayinevi.com.tr\/index.php\/wp-json\/wp\/v2\/types\/product"}],"wp:attachment":[{"href":"https:\/\/roveyayinevi.com.tr\/index.php\/wp-json\/wp\/v2\/media?parent=694832"}],"wp:term":[{"taxonomy":"product_brand","embeddable":true,"href":"https:\/\/roveyayinevi.com.tr\/index.php\/wp-json\/wp\/v2\/product_brand?post=694832"},{"taxonomy":"product_cat","embeddable":true,"href":"https:\/\/roveyayinevi.com.tr\/index.php\/wp-json\/wp\/v2\/product_cat?post=694832"},{"taxonomy":"product_tag","embeddable":true,"href":"https:\/\/roveyayinevi.com.tr\/index.php\/wp-json\/wp\/v2\/product_tag?post=694832"}],"curies":[{"name":"wp","href":"https:\/\/api.w.org\/{rel}","templated":true}]}}