{"id":694831,"date":"2025-08-27T14:23:22","date_gmt":"2025-08-27T11:23:22","guid":{"rendered":"https:\/\/roveyayinevi.com.tr\/index.php\/urun\/anti-duhring-bay-eugen-duhring-bilimi-altust-ediyor\/"},"modified":"2026-04-16T02:04:41","modified_gmt":"2026-04-15T23:04:41","slug":"anti-duhring-bay-eugen-duhring-bilimi-altust-ediyor","status":"publish","type":"product","link":"https:\/\/roveyayinevi.com.tr\/index.php\/urun\/anti-duhring-bay-eugen-duhring-bilimi-altust-ediyor\/","title":{"rendered":"Anti-D\u00fchring Bay Eugen D\u00fchring Bilimi Alt\u00fcst Ediyor"},"content":{"rendered":"<p>Bu kitap, &#8220;Friedrich Engels \u2014 Herrn Eugen D\u00fchrings Umwalzung der Wissenschaft [&#8216;Anti-D\u00fchring&#8217;]&#8221; \u00f6zg\u00fcn adl\u0131 eserin Dietz Verlag Berlin taraf\u0131ndan 1953&#8217;te yap\u0131lan 6. Almanca bask\u0131s\u0131ndan T\u00fcrk\u00e7eye \u00e7evrilmi\u015f; ayn\u0131 eserin ilk bask\u0131s\u0131 1947&#8217;de Progress Publishers, Moscow taraf\u0131ndan yay\u0131nlanan &#8220;Engels \u2014 Anti-D\u00fchring. Herr Eugen D\u00fchring&#8217;s Revolution in Science&#8221; adl\u0131 \u0130ngilizce bask\u0131s\u0131yla kar\u015f\u0131la\u015ft\u0131nlm\u0131\u015f ve oradaki a\u00e7\u0131klay\u0131c\u0131 notlar \u00e7evrilip eklenmi\u015ftir. \ufffcTan\u0131t\u0131m Metni<\/p>\n","protected":false},"excerpt":{"rendered":"<p>Bu kitap, &#8220;Friedrich Engels \u2014 Herrn Eugen D\u00fchrings Umwalzung der Wissenschaft [&#8216;Anti-D\u00fchring&#8217;]&#8221; \u00f6zg\u00fcn adl\u0131 eserin Dietz Verlag Berlin taraf\u0131ndan 1953&#8217;te yap\u0131lan 6. Almanca bask\u0131s\u0131ndan T\u00fcrk\u00e7eye \u00e7evrilmi\u015f;<span class=\"excerpt-hellip\"> [\u2026]<\/span><\/p>\n","protected":false},"featured_media":0,"template":"","meta":{"_monsterinsights_skip_tracking":false,"_monsterinsights_sitenote_active":false,"_monsterinsights_sitenote_note":"","_monsterinsights_sitenote_category":0},"product_brand":[],"product_cat":[12389,12388],"product_tag":[],"class_list":{"0":"post-694831","1":"product","2":"type-product","3":"status-publish","5":"product_cat-diger-felsefe","6":"product_cat-felsefe","7":"pa_cilt-ciltsiz","8":"pa_tur-kitap","9":"pa_yayinevi-sol-yayinlari","10":"pa_yazar-friedrich-engels","12":"first","13":"instock","14":"sale","15":"shipping-taxable","16":"purchasable","17":"product-type-simple"},"_links":{"self":[{"href":"https:\/\/roveyayinevi.com.tr\/index.php\/wp-json\/wp\/v2\/product\/694831","targetHints":{"allow":["GET"]}}],"collection":[{"href":"https:\/\/roveyayinevi.com.tr\/index.php\/wp-json\/wp\/v2\/product"}],"about":[{"href":"https:\/\/roveyayinevi.com.tr\/index.php\/wp-json\/wp\/v2\/types\/product"}],"wp:attachment":[{"href":"https:\/\/roveyayinevi.com.tr\/index.php\/wp-json\/wp\/v2\/media?parent=694831"}],"wp:term":[{"taxonomy":"product_brand","embeddable":true,"href":"https:\/\/roveyayinevi.com.tr\/index.php\/wp-json\/wp\/v2\/product_brand?post=694831"},{"taxonomy":"product_cat","embeddable":true,"href":"https:\/\/roveyayinevi.com.tr\/index.php\/wp-json\/wp\/v2\/product_cat?post=694831"},{"taxonomy":"product_tag","embeddable":true,"href":"https:\/\/roveyayinevi.com.tr\/index.php\/wp-json\/wp\/v2\/product_tag?post=694831"}],"curies":[{"name":"wp","href":"https:\/\/api.w.org\/{rel}","templated":true}]}}