{"id":694810,"date":"2025-08-27T14:23:18","date_gmt":"2025-08-27T11:23:18","guid":{"rendered":"https:\/\/roveyayinevi.com.tr\/index.php\/urun\/etki-terapisi\/"},"modified":"2026-04-16T02:04:41","modified_gmt":"2026-04-15T23:04:41","slug":"etki-terapisi","status":"publish","type":"product","link":"https:\/\/roveyayinevi.com.tr\/index.php\/urun\/etki-terapisi\/","title":{"rendered":"Etki Terapisi"},"content":{"rendered":"<p>Etki Terapisi: Dan\u0131\u015fmanl\u0131k Cesareti , mesle\u011finde tecr\u00fcbeli terapistler i\u00e7in oldu\u011fu kadar \u00f6\u011frenciler ve mesle\u011fe hen\u00fcz ad\u0131m atm\u0131\u015f dan\u0131\u015fmanlar i\u00e7in de yaz\u0131lm\u0131\u015ft\u0131r. Bu kitapta tan\u0131mlanan dan\u0131\u015fmanl\u0131k yakla\u015f\u0131m\u0131; dan\u0131\u015fmanl\u0131\u011f\u0131n dinamik, interaktif ve yarat\u0131c\u0131 bir s\u00fcre\u00e7 oldu\u011fu inanc\u0131n\u0131 yans\u0131tan aktif bir yakla\u015f\u0131md\u0131r. Eserde yer alan teknik ve fikirler, her t\u00fcr ortamdaki dan\u0131\u015fman i\u00e7in faydal\u0131 olman\u0131n yan\u0131nda her ya\u015fa ve bir\u00e7ok farkl\u0131 duruma uyarlanabilir.  Etki Terapisi: Dan\u0131\u015fmanl\u0131k Cesareti , dan\u0131\u015fmanlar\u0131n daha h\u0131zl\u0131 ve verimli bir tempoda \u00e7al\u0131\u015fmalar\u0131na yard\u0131mc\u0131 olmak i\u00e7in tasarlanm\u0131\u015ft\u0131r. Etki Terapisi, terapiste bir\u00e7ok farkl\u0131 ve yarat\u0131c\u0131 y\u00f6ntem kullanma f\u0131rsat\u0131 tan\u0131yarak daha fazla direnci k\u0131rabilmesine imkan verir. Biz kitapta geni\u015f bir durum yelpazesine yer vermi\u015f oldu\u011fumuz i\u00e7in siz de \u00fczerinde \u00e7al\u0131\u015ft\u0131\u011f\u0131n\u0131z benzer durumlara ili\u015fkin bir\u00e7ok \u00f6rne\u011fe rastlayabilirsiniz. <\/p>\n","protected":false},"excerpt":{"rendered":"<p>Etki Terapisi: Dan\u0131\u015fmanl\u0131k Cesareti , mesle\u011finde tecr\u00fcbeli terapistler i\u00e7in oldu\u011fu kadar \u00f6\u011frenciler ve mesle\u011fe hen\u00fcz ad\u0131m atm\u0131\u015f dan\u0131\u015fmanlar i\u00e7in de yaz\u0131lm\u0131\u015ft\u0131r. Bu kitapta tan\u0131mlanan dan\u0131\u015fmanl\u0131k yakla\u015f\u0131m\u0131;<span class=\"excerpt-hellip\"> [\u2026]<\/span><\/p>\n","protected":false},"featured_media":0,"template":"","meta":{"_monsterinsights_skip_tracking":false,"_monsterinsights_sitenote_active":false,"_monsterinsights_sitenote_note":"","_monsterinsights_sitenote_category":0},"product_brand":[],"product_cat":[12573,12566],"product_tag":[],"class_list":{"0":"post-694810","1":"product","2":"type-product","3":"status-publish","5":"product_cat-akademik-kitaplar","6":"product_cat-egitim","7":"pa_tur-kitap","8":"pa_yayinevi-pinhan-yayincilik","9":"pa_yazar-ed-jacobs","11":"first","12":"instock","13":"sale","14":"shipping-taxable","15":"purchasable","16":"product-type-simple"},"_links":{"self":[{"href":"https:\/\/roveyayinevi.com.tr\/index.php\/wp-json\/wp\/v2\/product\/694810","targetHints":{"allow":["GET"]}}],"collection":[{"href":"https:\/\/roveyayinevi.com.tr\/index.php\/wp-json\/wp\/v2\/product"}],"about":[{"href":"https:\/\/roveyayinevi.com.tr\/index.php\/wp-json\/wp\/v2\/types\/product"}],"wp:attachment":[{"href":"https:\/\/roveyayinevi.com.tr\/index.php\/wp-json\/wp\/v2\/media?parent=694810"}],"wp:term":[{"taxonomy":"product_brand","embeddable":true,"href":"https:\/\/roveyayinevi.com.tr\/index.php\/wp-json\/wp\/v2\/product_brand?post=694810"},{"taxonomy":"product_cat","embeddable":true,"href":"https:\/\/roveyayinevi.com.tr\/index.php\/wp-json\/wp\/v2\/product_cat?post=694810"},{"taxonomy":"product_tag","embeddable":true,"href":"https:\/\/roveyayinevi.com.tr\/index.php\/wp-json\/wp\/v2\/product_tag?post=694810"}],"curies":[{"name":"wp","href":"https:\/\/api.w.org\/{rel}","templated":true}]}}