{"id":694809,"date":"2025-08-27T14:23:17","date_gmt":"2025-08-27T11:23:17","guid":{"rendered":"https:\/\/roveyayinevi.com.tr\/index.php\/urun\/abdde-egitimin-abcsi\/"},"modified":"2026-04-16T02:04:41","modified_gmt":"2026-04-15T23:04:41","slug":"abdde-egitimin-abcsi","status":"publish","type":"product","link":"https:\/\/roveyayinevi.com.tr\/index.php\/urun\/abdde-egitimin-abcsi\/","title":{"rendered":"ABD&#8217;de E\u011fitimin ABC&#8217;si"},"content":{"rendered":"<p>Amerika&#8217;da e\u011fitim denince nedense akla ye\u015fil \u00e7imenlerde oturan sar\u0131\u015f\u0131n k\u0131zlar gelir&#8230; O k\u0131zlar g\u00fczelim vakitlerini, \u00d6SS haz\u0131rl\u0131\u011f\u0131 i\u00e7inde bunalm\u0131\u015f gen\u00e7lerimizin aksine kampus \u00e7imlerinde ge\u00e7irir ve nedense t\u00fcm dersler de a\u00e7\u0131k havada yap\u0131l\u0131r! Ancak madalyonun ger\u00e7ek y\u00fcz\u00fc tabii ki \u00f6yle de\u011fil! D\u00fczg\u00fcn bir okula kabul edilebilmek; s\u0131k\u0131 bir \u00e7al\u0131\u015fma, emek, vakit ve okullar hakk\u0131nda bilgi gerektiriyor. Amerika&#8217;da 4.000&#8217;in \u00fczerinde kolej ve \u00fcniversite var, \u00e7o\u011funun \u00f6\u011frenci kabul\u00fc i\u00e7in belirdi\u011fi \u00f6n \u015fartlar ve bu \u015fartlar\u0131 yerine getirmek i\u00e7in yap\u0131lmas\u0131 gerekenler birbirlerinden pek de farkl\u0131 de\u011fil&#8230; 24.07.1958&#8217;de \u0130stanbul&#8217;da do\u011fdu. 1977&#8217;de Amerikan Robert Lisesi&#8217;nden, 1980&#8217;de ise Londra&#8217;da Universty of Westminster&#8217;\u0131n Sosyal Bilimler \/ Geli\u015fim Ekonomisi b\u00f6l\u00fcm\u00fcnden mezun oldu. T\u00fcrkiye&#8217;de ihracat, kimyevi madde, tekstil, davet organizasyonlar\u0131 alanlar\u0131nda \u00e7al\u0131\u015ft\u0131. 1998-2004 aras\u0131 Amerika&#8217;da y\u00fcksek \u00f6\u011fretime y\u00f6nelik \u00f6\u011frenci haz\u0131rlayan bir kursun kurucu orta\u011f\u0131 ve m\u00fcd\u00fcr\u00fc olarak e\u011fitim sekt\u00f6r\u00fcnde \u00e7al\u0131\u015ft\u0131. 2004 yaz\u0131nda UCLA Extension&#8217;dan  Colle\u011fe Counseling  sertifikas\u0131n\u0131 ald\u0131. Staj\u0131n\u0131 \u0130stanbul Robert Kolej&#8217;de tamamlad\u0131. Hale Etiler&#8217;de College Plus adl\u0131 \u015firketinde e\u011fitim dan\u0131\u015fman\u0131 olarak \u00e7al\u0131\u015f\u0131yor ve ayn\u0131 zamanda \u00f6\u011frencilerin ba\u015fvuru kompozisyonlar\u0131na yard\u0131m ediyor. NACAC (National Association of College Admission Counseling), OACAC (Overseas Association for College Admission Counseling), HECA (Higher Education Cansultants Association) ve ECIS (European Council of International Schools) \u00fcyesidir. <\/p>\n","protected":false},"excerpt":{"rendered":"<p>Amerika&#8217;da e\u011fitim denince nedense akla ye\u015fil \u00e7imenlerde oturan sar\u0131\u015f\u0131n k\u0131zlar gelir&#8230; O k\u0131zlar g\u00fczelim vakitlerini, \u00d6SS haz\u0131rl\u0131\u011f\u0131 i\u00e7inde bunalm\u0131\u015f gen\u00e7lerimizin aksine kampus \u00e7imlerinde ge\u00e7irir ve nedense<span class=\"excerpt-hellip\"> [\u2026]<\/span><\/p>\n","protected":false},"featured_media":0,"template":"","meta":{"_monsterinsights_skip_tracking":false,"_monsterinsights_sitenote_active":false,"_monsterinsights_sitenote_note":"","_monsterinsights_sitenote_category":0},"product_brand":[],"product_cat":[12567,12566],"product_tag":[],"class_list":{"0":"post-694809","1":"product","2":"type-product","3":"status-publish","5":"product_cat-diger-egitim","6":"product_cat-egitim","7":"pa_tur-kitap","8":"pa_yayinevi-okuyan-us-yayin","9":"pa_yazar-ayse-kara","11":"first","12":"instock","13":"sale","14":"shipping-taxable","15":"purchasable","16":"product-type-simple"},"_links":{"self":[{"href":"https:\/\/roveyayinevi.com.tr\/index.php\/wp-json\/wp\/v2\/product\/694809","targetHints":{"allow":["GET"]}}],"collection":[{"href":"https:\/\/roveyayinevi.com.tr\/index.php\/wp-json\/wp\/v2\/product"}],"about":[{"href":"https:\/\/roveyayinevi.com.tr\/index.php\/wp-json\/wp\/v2\/types\/product"}],"wp:attachment":[{"href":"https:\/\/roveyayinevi.com.tr\/index.php\/wp-json\/wp\/v2\/media?parent=694809"}],"wp:term":[{"taxonomy":"product_brand","embeddable":true,"href":"https:\/\/roveyayinevi.com.tr\/index.php\/wp-json\/wp\/v2\/product_brand?post=694809"},{"taxonomy":"product_cat","embeddable":true,"href":"https:\/\/roveyayinevi.com.tr\/index.php\/wp-json\/wp\/v2\/product_cat?post=694809"},{"taxonomy":"product_tag","embeddable":true,"href":"https:\/\/roveyayinevi.com.tr\/index.php\/wp-json\/wp\/v2\/product_tag?post=694809"}],"curies":[{"name":"wp","href":"https:\/\/api.w.org\/{rel}","templated":true}]}}