{"id":694799,"date":"2025-08-27T14:23:15","date_gmt":"2025-08-27T11:23:15","guid":{"rendered":"https:\/\/roveyayinevi.com.tr\/index.php\/urun\/kazan-sarkiyatciliginin-kaderi-20-yuzyil\/"},"modified":"2026-04-16T02:04:41","modified_gmt":"2026-04-15T23:04:41","slug":"kazan-sarkiyatciliginin-kaderi-20-yuzyil","status":"publish","type":"product","link":"https:\/\/roveyayinevi.com.tr\/index.php\/urun\/kazan-sarkiyatciliginin-kaderi-20-yuzyil\/","title":{"rendered":"Kazan \u015earkiyat\u00e7\u0131l\u0131\u011f\u0131\u2019n\u0131n Kaderi (20. Y\u00fczy\u0131l)"},"content":{"rendered":"<p>Tatar halk\u0131n\u0131n as\u0131rlara dayanan tarihinin ara\u015ft\u0131r\u0131lmas\u0131nda \u00f6ne \u00e7\u0131kan isimlerin ba\u015f\u0131nda Mirkas\u0131m Abdulahatovi\u00e7 Usmanov gelmektedir. Onun bilimsel alanda 45 y\u0131l kesintisiz s\u00fcren faaliyetlerinin neticesinde, 13.-20. y\u00fczy\u0131llara ait Tatar halk\u0131n\u0131n tarih, edebiyat ve k\u00fclt\u00fcr\u00fcne dair tarihi meseleleri ayd\u0131nlatan ve konuyla ilgili kaynaklar\u0131 zenginle\u015ftiren \u00e7ok say\u0131da eser ortaya \u00e7\u0131km\u0131\u015ft\u0131r. <\/p>\n","protected":false},"excerpt":{"rendered":"<p>Tatar halk\u0131n\u0131n as\u0131rlara dayanan tarihinin ara\u015ft\u0131r\u0131lmas\u0131nda \u00f6ne \u00e7\u0131kan isimlerin ba\u015f\u0131nda Mirkas\u0131m Abdulahatovi\u00e7 Usmanov gelmektedir. Onun bilimsel alanda 45 y\u0131l kesintisiz s\u00fcren faaliyetlerinin neticesinde, 13.-20. y\u00fczy\u0131llara ait<span class=\"excerpt-hellip\"> [\u2026]<\/span><\/p>\n","protected":false},"featured_media":0,"template":"","meta":{"_monsterinsights_skip_tracking":false,"_monsterinsights_sitenote_active":false,"_monsterinsights_sitenote_note":"","_monsterinsights_sitenote_category":0},"product_brand":[],"product_cat":[12370,12304],"product_tag":[],"class_list":{"0":"post-694799","1":"product","2":"type-product","3":"status-publish","5":"product_cat-arastirma-inceleme","6":"product_cat-tarih","7":"pa_tur-kitap","8":"pa_yayinevi-yeditepe-yayinevi","9":"pa_yazar-mirksaim-usmanov","11":"first","12":"instock","13":"sale","14":"shipping-taxable","15":"purchasable","16":"product-type-simple"},"_links":{"self":[{"href":"https:\/\/roveyayinevi.com.tr\/index.php\/wp-json\/wp\/v2\/product\/694799","targetHints":{"allow":["GET"]}}],"collection":[{"href":"https:\/\/roveyayinevi.com.tr\/index.php\/wp-json\/wp\/v2\/product"}],"about":[{"href":"https:\/\/roveyayinevi.com.tr\/index.php\/wp-json\/wp\/v2\/types\/product"}],"wp:attachment":[{"href":"https:\/\/roveyayinevi.com.tr\/index.php\/wp-json\/wp\/v2\/media?parent=694799"}],"wp:term":[{"taxonomy":"product_brand","embeddable":true,"href":"https:\/\/roveyayinevi.com.tr\/index.php\/wp-json\/wp\/v2\/product_brand?post=694799"},{"taxonomy":"product_cat","embeddable":true,"href":"https:\/\/roveyayinevi.com.tr\/index.php\/wp-json\/wp\/v2\/product_cat?post=694799"},{"taxonomy":"product_tag","embeddable":true,"href":"https:\/\/roveyayinevi.com.tr\/index.php\/wp-json\/wp\/v2\/product_tag?post=694799"}],"curies":[{"name":"wp","href":"https:\/\/api.w.org\/{rel}","templated":true}]}}