{"id":694787,"date":"2025-08-27T14:23:12","date_gmt":"2025-08-27T11:23:12","guid":{"rendered":"https:\/\/roveyayinevi.com.tr\/index.php\/urun\/haclilar-onunde-sultan-baybars\/"},"modified":"2026-04-16T02:04:40","modified_gmt":"2026-04-15T23:04:40","slug":"haclilar-onunde-sultan-baybars","status":"publish","type":"product","link":"https:\/\/roveyayinevi.com.tr\/index.php\/urun\/haclilar-onunde-sultan-baybars\/","title":{"rendered":"Ha\u00e7l\u0131lar \u00d6n\u00fcnde Sultan Baybars"},"content":{"rendered":"<p>Lider olarak yarat\u0131lm\u0131\u015ft\u0131. G\u00f6z\u00fc y\u00fckseklerdeydi. Zorluklar onu hi\u00e7bir zaman y\u0131ld\u0131ramad\u0131. Memluk devletindeki i\u00e7 m\u00fccadelelerde Bahr\u00ee Memluklar\u0131&#8217;n\u0131n liderli\u011fini yapt\u0131. Ger\u00e7ek bir devlet adam\u0131yd\u0131. Daha gen\u00e7 bir emirken bile emri alt\u0131nda \u00e7al\u0131\u015fan devlet g\u00f6revlileri vard\u0131.<\/p>\n","protected":false},"excerpt":{"rendered":"<p>Lider olarak yarat\u0131lm\u0131\u015ft\u0131. G\u00f6z\u00fc y\u00fckseklerdeydi. Zorluklar onu hi\u00e7bir zaman y\u0131ld\u0131ramad\u0131. Memluk devletindeki i\u00e7 m\u00fccadelelerde Bahr\u00ee Memluklar\u0131&#8217;n\u0131n liderli\u011fini yapt\u0131. Ger\u00e7ek bir devlet adam\u0131yd\u0131. Daha gen\u00e7 bir emirken<span class=\"excerpt-hellip\"> [\u2026]<\/span><\/p>\n","protected":false},"featured_media":0,"template":"","meta":{"_monsterinsights_skip_tracking":false,"_monsterinsights_sitenote_active":false,"_monsterinsights_sitenote_note":"","_monsterinsights_sitenote_category":0},"product_brand":[],"product_cat":[12364],"product_tag":[],"class_list":{"0":"post-694787","1":"product","2":"type-product","3":"status-publish","5":"product_cat-genel-konular","6":"pa_cilt-ciltsiz","7":"pa_tur-kitap","8":"pa_yayinevi-yeditepe-yayinevi","9":"pa_yazar-ramazan-sesen","11":"first","12":"instock","13":"sale","14":"shipping-taxable","15":"purchasable","16":"product-type-simple"},"_links":{"self":[{"href":"https:\/\/roveyayinevi.com.tr\/index.php\/wp-json\/wp\/v2\/product\/694787","targetHints":{"allow":["GET"]}}],"collection":[{"href":"https:\/\/roveyayinevi.com.tr\/index.php\/wp-json\/wp\/v2\/product"}],"about":[{"href":"https:\/\/roveyayinevi.com.tr\/index.php\/wp-json\/wp\/v2\/types\/product"}],"wp:attachment":[{"href":"https:\/\/roveyayinevi.com.tr\/index.php\/wp-json\/wp\/v2\/media?parent=694787"}],"wp:term":[{"taxonomy":"product_brand","embeddable":true,"href":"https:\/\/roveyayinevi.com.tr\/index.php\/wp-json\/wp\/v2\/product_brand?post=694787"},{"taxonomy":"product_cat","embeddable":true,"href":"https:\/\/roveyayinevi.com.tr\/index.php\/wp-json\/wp\/v2\/product_cat?post=694787"},{"taxonomy":"product_tag","embeddable":true,"href":"https:\/\/roveyayinevi.com.tr\/index.php\/wp-json\/wp\/v2\/product_tag?post=694787"}],"curies":[{"name":"wp","href":"https:\/\/api.w.org\/{rel}","templated":true}]}}