{"id":694786,"date":"2025-08-27T14:23:12","date_gmt":"2025-08-27T11:23:12","guid":{"rendered":"https:\/\/roveyayinevi.com.tr\/index.php\/urun\/eski-istanbul-gundelik-hayattan-renklerle\/"},"modified":"2026-04-16T02:04:40","modified_gmt":"2026-04-15T23:04:40","slug":"eski-istanbul-gundelik-hayattan-renklerle","status":"publish","type":"product","link":"https:\/\/roveyayinevi.com.tr\/index.php\/urun\/eski-istanbul-gundelik-hayattan-renklerle\/","title":{"rendered":"Eski \u0130stanbul G\u00fcndelik Hayattan Renklerle"},"content":{"rendered":"<p>\u0130stanbul bir a\u015fkt\u0131r, bir masald\u0131r. \u0130stanbul&#8217;u g\u00f6ren sevdas\u0131na tutuldu\u011fu a\u015fk\u0131n\u0131 \u00f6mr\u00fc boyunca unutmaz, arar durur. Eski bir \u0130stanbul deyimi vard\u0131r: Tophane \u00c7e\u015fmesi&#8217;nin suyun i\u00e7enin devas\u0131 yoktur, \u00f6mr\u00fc boyunca sevda \u00e7eker demektedir.<\/p>\n","protected":false},"excerpt":{"rendered":"<p>\u0130stanbul bir a\u015fkt\u0131r, bir masald\u0131r. \u0130stanbul&#8217;u g\u00f6ren sevdas\u0131na tutuldu\u011fu a\u015fk\u0131n\u0131 \u00f6mr\u00fc boyunca unutmaz, arar durur. Eski bir \u0130stanbul deyimi vard\u0131r: Tophane \u00c7e\u015fmesi&#8217;nin suyun i\u00e7enin devas\u0131 yoktur,<span class=\"excerpt-hellip\"> [\u2026]<\/span><\/p>\n","protected":false},"featured_media":0,"template":"","meta":{"_monsterinsights_skip_tracking":false,"_monsterinsights_sitenote_active":false,"_monsterinsights_sitenote_note":"","_monsterinsights_sitenote_category":0},"product_brand":[],"product_cat":[13054,24413],"product_tag":[],"class_list":{"0":"post-694786","1":"product","2":"type-product","3":"status-publish","5":"product_cat-gezi-ve-rehber-kitaplari","6":"product_cat-kent-rehberleri","7":"pa_cilt-ciltsiz","8":"pa_tur-kitap","9":"pa_yayinevi-yeditepe-yayinevi","10":"pa_yazar-mehmet-mazak","12":"first","13":"instock","14":"sale","15":"shipping-taxable","16":"purchasable","17":"product-type-simple"},"_links":{"self":[{"href":"https:\/\/roveyayinevi.com.tr\/index.php\/wp-json\/wp\/v2\/product\/694786","targetHints":{"allow":["GET"]}}],"collection":[{"href":"https:\/\/roveyayinevi.com.tr\/index.php\/wp-json\/wp\/v2\/product"}],"about":[{"href":"https:\/\/roveyayinevi.com.tr\/index.php\/wp-json\/wp\/v2\/types\/product"}],"wp:attachment":[{"href":"https:\/\/roveyayinevi.com.tr\/index.php\/wp-json\/wp\/v2\/media?parent=694786"}],"wp:term":[{"taxonomy":"product_brand","embeddable":true,"href":"https:\/\/roveyayinevi.com.tr\/index.php\/wp-json\/wp\/v2\/product_brand?post=694786"},{"taxonomy":"product_cat","embeddable":true,"href":"https:\/\/roveyayinevi.com.tr\/index.php\/wp-json\/wp\/v2\/product_cat?post=694786"},{"taxonomy":"product_tag","embeddable":true,"href":"https:\/\/roveyayinevi.com.tr\/index.php\/wp-json\/wp\/v2\/product_tag?post=694786"}],"curies":[{"name":"wp","href":"https:\/\/api.w.org\/{rel}","templated":true}]}}