{"id":694781,"date":"2025-08-27T14:23:11","date_gmt":"2025-08-27T11:23:11","guid":{"rendered":"https:\/\/roveyayinevi.com.tr\/index.php\/urun\/turk-muzigi-makam-dizileri\/"},"modified":"2026-04-16T02:04:40","modified_gmt":"2026-04-15T23:04:40","slug":"turk-muzigi-makam-dizileri","status":"publish","type":"product","link":"https:\/\/roveyayinevi.com.tr\/index.php\/urun\/turk-muzigi-makam-dizileri\/","title":{"rendered":"T\u00fcrk M\u00fczi\u011fi Makam Dizileri"},"content":{"rendered":"<p>Bu kitap, T\u00fcrk M\u00fczi\u011fi Makamlar\u0131n\u0131, tampere \u00e7alg\u0131larda kullan\u0131labilir k\u0131lmak i\u00e7in haz\u0131rlanm\u0131\u015ft\u0131r.Y\u00fczlerce makam, tampere seslere g\u00f6re, 13 makam dizisine indirgenmi\u015f, 13 dizinin her biri, piyanodaki 12 kromatik perdeye aktar\u0131lm\u0131\u015f, 156 makam dizisi elde edilmi\u015ftir.B\u00f6ylece T\u00fcrk M\u00fczi\u011fi Makam Dizileri her perdeden \u00e7al\u0131nabilir olmu\u015ftur. <\/p>\n","protected":false},"excerpt":{"rendered":"<p>Bu kitap, T\u00fcrk M\u00fczi\u011fi Makamlar\u0131n\u0131, tampere \u00e7alg\u0131larda kullan\u0131labilir k\u0131lmak i\u00e7in haz\u0131rlanm\u0131\u015ft\u0131r.Y\u00fczlerce makam, tampere seslere g\u00f6re, 13 makam dizisine indirgenmi\u015f, 13 dizinin her biri, piyanodaki 12 kromatik<span class=\"excerpt-hellip\"> [\u2026]<\/span><\/p>\n","protected":false},"featured_media":0,"template":"","meta":{"_monsterinsights_skip_tracking":false,"_monsterinsights_sitenote_active":false,"_monsterinsights_sitenote_note":"","_monsterinsights_sitenote_category":0},"product_brand":[],"product_cat":[14556,14557],"product_tag":[],"class_list":{"0":"post-694781","1":"product","2":"type-product","3":"status-publish","5":"product_cat-muzik","6":"product_cat-nota-kitaplari","7":"pa_cilt-ciltsiz","8":"pa_tur-kitap","9":"pa_yayinevi-sun-yayinevi","10":"pa_yazar-muammer-sun","12":"first","13":"instock","14":"sale","15":"shipping-taxable","16":"purchasable","17":"product-type-simple"},"_links":{"self":[{"href":"https:\/\/roveyayinevi.com.tr\/index.php\/wp-json\/wp\/v2\/product\/694781","targetHints":{"allow":["GET"]}}],"collection":[{"href":"https:\/\/roveyayinevi.com.tr\/index.php\/wp-json\/wp\/v2\/product"}],"about":[{"href":"https:\/\/roveyayinevi.com.tr\/index.php\/wp-json\/wp\/v2\/types\/product"}],"wp:attachment":[{"href":"https:\/\/roveyayinevi.com.tr\/index.php\/wp-json\/wp\/v2\/media?parent=694781"}],"wp:term":[{"taxonomy":"product_brand","embeddable":true,"href":"https:\/\/roveyayinevi.com.tr\/index.php\/wp-json\/wp\/v2\/product_brand?post=694781"},{"taxonomy":"product_cat","embeddable":true,"href":"https:\/\/roveyayinevi.com.tr\/index.php\/wp-json\/wp\/v2\/product_cat?post=694781"},{"taxonomy":"product_tag","embeddable":true,"href":"https:\/\/roveyayinevi.com.tr\/index.php\/wp-json\/wp\/v2\/product_tag?post=694781"}],"curies":[{"name":"wp","href":"https:\/\/api.w.org\/{rel}","templated":true}]}}