{"id":694779,"date":"2025-08-27T14:23:11","date_gmt":"2025-08-27T11:23:11","guid":{"rendered":"https:\/\/roveyayinevi.com.tr\/index.php\/urun\/enver-pasa\/"},"modified":"2026-04-16T02:04:40","modified_gmt":"2026-04-15T23:04:40","slug":"enver-pasa","status":"publish","type":"product","link":"https:\/\/roveyayinevi.com.tr\/index.php\/urun\/enver-pasa\/","title":{"rendered":"Enver Pa\u015fa"},"content":{"rendered":"<p>Enver Pa\u015fa\u2019n\u0131n kendisine y\u00fckledi\u011fi misyon, bu misyonu ger\u00e7ekle\u015ftirmek i\u00e7in harcad\u0131\u011f\u0131 enerji vemaceraperestli\u011fi, onun ya\u015fad\u0131\u011f\u0131 d\u00f6nemin, \u00f6ne \u00e7\u0131kan karakteristik \u00f6zellikleriydi. Bu \u00f6zelliklerinbenzerini Alman \u0130mparatoru II. Wilhelm\u2019de de g\u00f6rmek m\u00fcmk\u00fcnd\u00fc. Enver Pa\u015fa, ya\u015fad\u0131\u011f\u0131 d\u00f6nemin\u00f6zelliklerini ta\u015f\u0131yor ve d\u00f6nemin ruhuna uygun d\u00fc\u015f\u00fcn\u00fcyordu. Dolay\u0131s\u0131yla her tarihi olay ve ki\u015fi gibiEnver Pa\u015fa da \u00e7a\u011f\u0131n\u0131n \u00f6zellikleriyle birlikte ele al\u0131n\u0131p incelenmek zorundad\u0131r. Ancak bu takdirdeki\u015fili\u011fi ve icraatlar\u0131 daha iyi anla\u015f\u0131lacakt\u0131r.<\/p>\n","protected":false},"excerpt":{"rendered":"<p>Enver Pa\u015fa\u2019n\u0131n kendisine y\u00fckledi\u011fi misyon, bu misyonu ger\u00e7ekle\u015ftirmek i\u00e7in harcad\u0131\u011f\u0131 enerji vemaceraperestli\u011fi, onun ya\u015fad\u0131\u011f\u0131 d\u00f6nemin, \u00f6ne \u00e7\u0131kan karakteristik \u00f6zellikleriydi. Bu \u00f6zelliklerinbenzerini Alman \u0130mparatoru II. Wilhelm\u2019de de<span class=\"excerpt-hellip\"> [\u2026]<\/span><\/p>\n","protected":false},"featured_media":0,"template":"","meta":{"_monsterinsights_skip_tracking":false,"_monsterinsights_sitenote_active":false,"_monsterinsights_sitenote_note":"","_monsterinsights_sitenote_category":0},"product_brand":[],"product_cat":[13517,12304],"product_tag":[],"class_list":{"0":"post-694779","1":"product","2":"type-product","3":"status-publish","5":"product_cat-osmanli-tarihi","6":"product_cat-tarih","7":"pa_cilt-ciltsiz","8":"pa_tur-kitap","9":"pa_yayinevi-yeditepe-yayinevi","10":"pa_yazar-mustafa-colak","12":"first","13":"instock","14":"sale","15":"shipping-taxable","16":"purchasable","17":"product-type-simple"},"_links":{"self":[{"href":"https:\/\/roveyayinevi.com.tr\/index.php\/wp-json\/wp\/v2\/product\/694779","targetHints":{"allow":["GET"]}}],"collection":[{"href":"https:\/\/roveyayinevi.com.tr\/index.php\/wp-json\/wp\/v2\/product"}],"about":[{"href":"https:\/\/roveyayinevi.com.tr\/index.php\/wp-json\/wp\/v2\/types\/product"}],"wp:attachment":[{"href":"https:\/\/roveyayinevi.com.tr\/index.php\/wp-json\/wp\/v2\/media?parent=694779"}],"wp:term":[{"taxonomy":"product_brand","embeddable":true,"href":"https:\/\/roveyayinevi.com.tr\/index.php\/wp-json\/wp\/v2\/product_brand?post=694779"},{"taxonomy":"product_cat","embeddable":true,"href":"https:\/\/roveyayinevi.com.tr\/index.php\/wp-json\/wp\/v2\/product_cat?post=694779"},{"taxonomy":"product_tag","embeddable":true,"href":"https:\/\/roveyayinevi.com.tr\/index.php\/wp-json\/wp\/v2\/product_tag?post=694779"}],"curies":[{"name":"wp","href":"https:\/\/api.w.org\/{rel}","templated":true}]}}

Enver Paşa

<p>Enver Paşa’nın kendisine yüklediği misyon, bu misyonu gerçekleştirmek için harcadığı enerji vemaceraperestliği, onun yaşadığı dönemin, öne çıkan karakteristik özellikleriydi. Bu özelliklerinbenzerini Alman İmparatoru II. Wilhelm’de de görmek mümkündü. Enver Paşa, yaşadığı döneminözelliklerini taşıyor ve dönemin ruhuna uygun düşünüyordu. Dolayısıyla her tarihi olay ve kişi gibiEnver Paşa da çağının özellikleriyle birlikte ele alınıp incelenmek zorundadır. Ancak bu takdirdekişiliği ve icraatları daha iyi anlaşılacaktır.</p>

<p>Enver Paşa’nın kendisine yüklediği misyon, bu misyonu gerçekleştirmek için harcadığı enerji vemaceraperestliği, onun yaşadığı dönemin, öne çıkan karakteristik özellikleriydi. Bu özelliklerinbenzerini Alman İmparatoru II. Wilhelm’de de<span class="excerpt-hellip"> […]</span></p>
