{"id":694768,"date":"2025-08-27T14:23:08","date_gmt":"2025-08-27T11:23:08","guid":{"rendered":"https:\/\/roveyayinevi.com.tr\/index.php\/urun\/tonal-dizileri-ve-kadanslar\/"},"modified":"2026-04-16T02:04:40","modified_gmt":"2026-04-15T23:04:40","slug":"tonal-dizileri-ve-kadanslar","status":"publish","type":"product","link":"https:\/\/roveyayinevi.com.tr\/index.php\/urun\/tonal-dizileri-ve-kadanslar\/","title":{"rendered":"Tonal Dizileri ve Kadanslar"},"content":{"rendered":"<p>Bat\u0131 m\u00fczi\u011fini \u00f6\u011frenmek isteyen herkes i\u00e7in, bir uygulama kitab\u0131d\u0131r. Piyano i\u00e7in yaz\u0131lan kitapta, 12 maj\u00f6r ton, 12 min\u00f6r ton olmak \u00fczere, 24 dizi var. Her tonun arpejleri, tam kadans ve geni\u015fletilmi\u015f kadans akorlar\u0131 var.T\u00fcm\u00fcn\u00fcn notalar\u0131, m\u00fczik e\u011fitimi alan herkesin (piyanist olmasa da) kolayca \u00e7alabilece\u011fi yak\u0131nl\u0131kta yaz\u0131lm\u0131\u015ft\u0131r. <\/p>\n","protected":false},"excerpt":{"rendered":"<p>Bat\u0131 m\u00fczi\u011fini \u00f6\u011frenmek isteyen herkes i\u00e7in, bir uygulama kitab\u0131d\u0131r. Piyano i\u00e7in yaz\u0131lan kitapta, 12 maj\u00f6r ton, 12 min\u00f6r ton olmak \u00fczere, 24 dizi var. Her tonun<span class=\"excerpt-hellip\"> [\u2026]<\/span><\/p>\n","protected":false},"featured_media":0,"template":"","meta":{"_monsterinsights_skip_tracking":false,"_monsterinsights_sitenote_active":false,"_monsterinsights_sitenote_note":"","_monsterinsights_sitenote_category":0},"product_brand":[],"product_cat":[14556,14557],"product_tag":[],"class_list":{"0":"post-694768","1":"product","2":"type-product","3":"status-publish","5":"product_cat-muzik","6":"product_cat-nota-kitaplari","7":"pa_cilt-ciltsiz","8":"pa_tur-kitap","9":"pa_yayinevi-sun-yayinevi","10":"pa_yazar-muammer-sun","12":"first","13":"instock","14":"sale","15":"shipping-taxable","16":"purchasable","17":"product-type-simple"},"_links":{"self":[{"href":"https:\/\/roveyayinevi.com.tr\/index.php\/wp-json\/wp\/v2\/product\/694768","targetHints":{"allow":["GET"]}}],"collection":[{"href":"https:\/\/roveyayinevi.com.tr\/index.php\/wp-json\/wp\/v2\/product"}],"about":[{"href":"https:\/\/roveyayinevi.com.tr\/index.php\/wp-json\/wp\/v2\/types\/product"}],"wp:attachment":[{"href":"https:\/\/roveyayinevi.com.tr\/index.php\/wp-json\/wp\/v2\/media?parent=694768"}],"wp:term":[{"taxonomy":"product_brand","embeddable":true,"href":"https:\/\/roveyayinevi.com.tr\/index.php\/wp-json\/wp\/v2\/product_brand?post=694768"},{"taxonomy":"product_cat","embeddable":true,"href":"https:\/\/roveyayinevi.com.tr\/index.php\/wp-json\/wp\/v2\/product_cat?post=694768"},{"taxonomy":"product_tag","embeddable":true,"href":"https:\/\/roveyayinevi.com.tr\/index.php\/wp-json\/wp\/v2\/product_tag?post=694768"}],"curies":[{"name":"wp","href":"https:\/\/api.w.org\/{rel}","templated":true}]}}