{"id":694758,"date":"2025-08-27T14:23:06","date_gmt":"2025-08-27T11:23:06","guid":{"rendered":"https:\/\/roveyayinevi.com.tr\/index.php\/urun\/kanuni-ve-pargali-ibrahim-pasa\/"},"modified":"2026-04-16T02:04:40","modified_gmt":"2026-04-15T23:04:40","slug":"kanuni-ve-pargali-ibrahim-pasa","status":"publish","type":"product","link":"https:\/\/roveyayinevi.com.tr\/index.php\/urun\/kanuni-ve-pargali-ibrahim-pasa\/","title":{"rendered":"Kanuni ve Pargal\u0131 \u0130brahim Pa\u015fa"},"content":{"rendered":"<p>Osmanl\u0131 d\u00f6neminin WikiLeaks belgeleri Venedik el\u00e7ilerinin raporlar\u0131yd\u0131. D\u00f6nemin en \u00f6nemli diplomatlar\u0131 olan Venedik el\u00e7ileri, Kanun\u00ee Sultan S\u00fcleyman, \u015eehz\u00e2de Mustafa, H\u00fcrrem Sultan, Mahidevran Sultan, Hafsa Sultan, Pargal\u0131 \u0130brahim Pa\u015fa ve \u00f6nemli devlet adamlar\u0131n\u0131n fiziki \u00f6zelliklerinden, karakterlerine, zaaflar\u0131ndan aralar\u0131ndaki rekabete kadar her\u015feyi analiz edip, rapor olarak senatolar\u0131na sunmu\u015flard\u0131. <\/p>\n","protected":false},"excerpt":{"rendered":"<p>Osmanl\u0131 d\u00f6neminin WikiLeaks belgeleri Venedik el\u00e7ilerinin raporlar\u0131yd\u0131. D\u00f6nemin en \u00f6nemli diplomatlar\u0131 olan Venedik el\u00e7ileri, Kanun\u00ee Sultan S\u00fcleyman, \u015eehz\u00e2de Mustafa, H\u00fcrrem Sultan, Mahidevran Sultan, Hafsa Sultan, Pargal\u0131<span class=\"excerpt-hellip\"> [\u2026]<\/span><\/p>\n","protected":false},"featured_media":0,"template":"","meta":{"_monsterinsights_skip_tracking":false,"_monsterinsights_sitenote_active":false,"_monsterinsights_sitenote_note":"","_monsterinsights_sitenote_category":0},"product_brand":[],"product_cat":[12370,12304],"product_tag":[],"class_list":{"0":"post-694758","1":"product","2":"type-product","3":"status-publish","5":"product_cat-arastirma-inceleme","6":"product_cat-tarih","7":"pa_cilt-ciltsiz","8":"pa_tur-kitap","9":"pa_yayinevi-yeditepe-yayinevi","10":"pa_yazar-komisyon","12":"first","13":"instock","14":"sale","15":"shipping-taxable","16":"purchasable","17":"product-type-simple"},"_links":{"self":[{"href":"https:\/\/roveyayinevi.com.tr\/index.php\/wp-json\/wp\/v2\/product\/694758","targetHints":{"allow":["GET"]}}],"collection":[{"href":"https:\/\/roveyayinevi.com.tr\/index.php\/wp-json\/wp\/v2\/product"}],"about":[{"href":"https:\/\/roveyayinevi.com.tr\/index.php\/wp-json\/wp\/v2\/types\/product"}],"wp:attachment":[{"href":"https:\/\/roveyayinevi.com.tr\/index.php\/wp-json\/wp\/v2\/media?parent=694758"}],"wp:term":[{"taxonomy":"product_brand","embeddable":true,"href":"https:\/\/roveyayinevi.com.tr\/index.php\/wp-json\/wp\/v2\/product_brand?post=694758"},{"taxonomy":"product_cat","embeddable":true,"href":"https:\/\/roveyayinevi.com.tr\/index.php\/wp-json\/wp\/v2\/product_cat?post=694758"},{"taxonomy":"product_tag","embeddable":true,"href":"https:\/\/roveyayinevi.com.tr\/index.php\/wp-json\/wp\/v2\/product_tag?post=694758"}],"curies":[{"name":"wp","href":"https:\/\/api.w.org\/{rel}","templated":true}]}}