{"id":694756,"date":"2025-08-27T14:23:06","date_gmt":"2025-08-27T11:23:06","guid":{"rendered":"https:\/\/roveyayinevi.com.tr\/index.php\/urun\/kim-korkar-tarihten\/"},"modified":"2025-11-22T02:37:23","modified_gmt":"2025-11-21T23:37:23","slug":"kim-korkar-tarihten","status":"publish","type":"product","link":"https:\/\/roveyayinevi.com.tr\/index.php\/urun\/kim-korkar-tarihten\/","title":{"rendered":"Kim Korkar Tarihten?"},"content":{"rendered":"<p>Hayat\u0131m\u0131z bir yar\u0131\u015f! Bu yar\u0131\u015f\u0131 ak\u0131ll\u0131 olan ve zaman\u0131n\u0131 iyi kullanan kazanacak. Kitab\u0131n amac\u0131 tam da bu, size tarih dersinin konular\u0131n\u0131 daha h\u0131zl\u0131 \u00f6\u011freterek zaman kazand\u0131rmak. Bunu bazen bir \u015fekille, bazen bir kelimeyle (pasoRAHAT\u00c7A), bazen de t\u00fcm konuyu \u00f6zetleyen bir k\u0131saltmayla (HABESA) yapmaya \u00e7al\u0131\u015f\u0131yor. Zevk alarak, kolayca \u00f6\u011frenmeniz ve ezbere daha az ba\u015fvurman\u0131z i\u00e7in karikat\u00fcrlerdende yararlan\u0131yor. <\/p>\n","protected":false},"excerpt":{"rendered":"<p>Hayat\u0131m\u0131z bir yar\u0131\u015f! Bu yar\u0131\u015f\u0131 ak\u0131ll\u0131 olan ve zaman\u0131n\u0131 iyi kullanan kazanacak. Kitab\u0131n amac\u0131 tam da bu, size tarih dersinin konular\u0131n\u0131 daha h\u0131zl\u0131 \u00f6\u011freterek zaman kazand\u0131rmak.<span class=\"excerpt-hellip\"> [\u2026]<\/span><\/p>\n","protected":false},"featured_media":0,"template":"","meta":{"_monsterinsights_skip_tracking":false,"_monsterinsights_sitenote_active":false,"_monsterinsights_sitenote_note":"","_monsterinsights_sitenote_category":0},"product_brand":[],"product_cat":[12364],"product_tag":[],"class_list":{"0":"post-694756","1":"product","2":"type-product","3":"status-publish","5":"product_cat-genel-konular","6":"pa_tur-kitap","7":"pa_yayinevi-yeditepe-yayinevi","8":"pa_yazar-ozlem-durmaz","10":"first","11":"instock","12":"sale","13":"shipping-taxable","14":"purchasable","15":"product-type-simple"},"_links":{"self":[{"href":"https:\/\/roveyayinevi.com.tr\/index.php\/wp-json\/wp\/v2\/product\/694756","targetHints":{"allow":["GET"]}}],"collection":[{"href":"https:\/\/roveyayinevi.com.tr\/index.php\/wp-json\/wp\/v2\/product"}],"about":[{"href":"https:\/\/roveyayinevi.com.tr\/index.php\/wp-json\/wp\/v2\/types\/product"}],"wp:attachment":[{"href":"https:\/\/roveyayinevi.com.tr\/index.php\/wp-json\/wp\/v2\/media?parent=694756"}],"wp:term":[{"taxonomy":"product_brand","embeddable":true,"href":"https:\/\/roveyayinevi.com.tr\/index.php\/wp-json\/wp\/v2\/product_brand?post=694756"},{"taxonomy":"product_cat","embeddable":true,"href":"https:\/\/roveyayinevi.com.tr\/index.php\/wp-json\/wp\/v2\/product_cat?post=694756"},{"taxonomy":"product_tag","embeddable":true,"href":"https:\/\/roveyayinevi.com.tr\/index.php\/wp-json\/wp\/v2\/product_tag?post=694756"}],"curies":[{"name":"wp","href":"https:\/\/api.w.org\/{rel}","templated":true}]}}