{"id":694751,"date":"2025-08-27T14:23:05","date_gmt":"2025-08-27T11:23:05","guid":{"rendered":"https:\/\/roveyayinevi.com.tr\/index.php\/urun\/asayis\/"},"modified":"2026-04-16T02:04:39","modified_gmt":"2026-04-15T23:04:39","slug":"asayis","status":"publish","type":"product","link":"https:\/\/roveyayinevi.com.tr\/index.php\/urun\/asayis\/","title":{"rendered":"Asayi\u015f"},"content":{"rendered":"<p>Sultan 2. Abd\u00fclhamid&#8217;in, \u00fclke idaresi, \u00fclke g\u00fcvenli\u011fi, d\u0131\u015f politika, e\u011fitim, sa\u011fl\u0131k, ekonomi, ula\u015ft\u0131rma, ticaret ve sanayi, ziraat, denizcilik ve saire gibi bir\u00e7ok konulardaki fikirleri, bizzat padi\u015fah emirlerinin yaz\u0131l\u0131 belgesi olan, tarihin bir numaral\u0131 belgelerinden, yani Hususi \u0130radeler&#8217;inden \u00f6\u011frenebilmektedir. Elinizdeki eser Sultan 2. Abd\u00fclhamid&#8217;in hususi iradelerinden yola \u00e7\u0131k\u0131larak kaleme al\u0131nan serinin \u00fc\u00e7\u00fcnc\u00fc kitab\u0131d\u0131r. Bu eserde sultan\u0131n i\u00e7 g\u00fcvenlik politikas\u0131na bakarak ge\u00e7mi\u015f ile bug\u00fcn aras\u0131nda \u00e7arp\u0131c\u0131 benzerliklere ve tarihteki meselelerin bug\u00fcn bile capcanl\u0131 kar\u015f\u0131m\u0131zda durdu\u011funa \u015fahit olacaks\u0131n\u0131z. \ufffcTan\u0131t\u0131m Metni<\/p>\n","protected":false},"excerpt":{"rendered":"<p>Sultan 2. Abd\u00fclhamid&#8217;in, \u00fclke idaresi, \u00fclke g\u00fcvenli\u011fi, d\u0131\u015f politika, e\u011fitim, sa\u011fl\u0131k, ekonomi, ula\u015ft\u0131rma, ticaret ve sanayi, ziraat, denizcilik ve saire gibi bir\u00e7ok konulardaki fikirleri, bizzat padi\u015fah<span class=\"excerpt-hellip\"> [\u2026]<\/span><\/p>\n","protected":false},"featured_media":0,"template":"","meta":{"_monsterinsights_skip_tracking":false,"_monsterinsights_sitenote_active":false,"_monsterinsights_sitenote_note":"","_monsterinsights_sitenote_category":0},"product_brand":[],"product_cat":[12370,12304],"product_tag":[],"class_list":{"0":"post-694751","1":"product","2":"type-product","3":"status-publish","5":"product_cat-arastirma-inceleme","6":"product_cat-tarih","7":"pa_tur-kitap","8":"pa_yayinevi-yeditepe-yayinevi","9":"pa_yazar-vahdettin-engin","11":"first","12":"instock","13":"sale","14":"shipping-taxable","15":"purchasable","16":"product-type-simple"},"_links":{"self":[{"href":"https:\/\/roveyayinevi.com.tr\/index.php\/wp-json\/wp\/v2\/product\/694751","targetHints":{"allow":["GET"]}}],"collection":[{"href":"https:\/\/roveyayinevi.com.tr\/index.php\/wp-json\/wp\/v2\/product"}],"about":[{"href":"https:\/\/roveyayinevi.com.tr\/index.php\/wp-json\/wp\/v2\/types\/product"}],"wp:attachment":[{"href":"https:\/\/roveyayinevi.com.tr\/index.php\/wp-json\/wp\/v2\/media?parent=694751"}],"wp:term":[{"taxonomy":"product_brand","embeddable":true,"href":"https:\/\/roveyayinevi.com.tr\/index.php\/wp-json\/wp\/v2\/product_brand?post=694751"},{"taxonomy":"product_cat","embeddable":true,"href":"https:\/\/roveyayinevi.com.tr\/index.php\/wp-json\/wp\/v2\/product_cat?post=694751"},{"taxonomy":"product_tag","embeddable":true,"href":"https:\/\/roveyayinevi.com.tr\/index.php\/wp-json\/wp\/v2\/product_tag?post=694751"}],"curies":[{"name":"wp","href":"https:\/\/api.w.org\/{rel}","templated":true}]}}