{"id":694749,"date":"2025-08-27T14:23:04","date_gmt":"2025-08-27T11:23:04","guid":{"rendered":"https:\/\/roveyayinevi.com.tr\/index.php\/urun\/hasan-melikzade-zerdabi-ve-ekinci-gazetesi\/"},"modified":"2026-04-16T02:04:39","modified_gmt":"2026-04-15T23:04:39","slug":"hasan-melikzade-zerdabi-ve-ekinci-gazetesi","status":"publish","type":"product","link":"https:\/\/roveyayinevi.com.tr\/index.php\/urun\/hasan-melikzade-zerdabi-ve-ekinci-gazetesi\/","title":{"rendered":"Hasan Melikzade Zerdabi ve Ekinci Gazetesi"},"content":{"rendered":"<p>Milletlerin uzun tarihi hayatlar\u0131da baz\u0131 olaylar ve \u015fah\u0131slar \u00f6nemli izler b\u0131rak\u0131r. Bunlar \u00f6nem derecesine g\u00f6re yeni nesillere s\u00f6zl\u00fc veya yaz\u0131l\u0131 olarak aktar\u0131l\u0131r. Azerbaycan T\u00fcrklerinin de tarihi s\u00fcre\u00e7 i\u00e7erisinde ya\u015fad\u0131klar\u0131 bir\u00e7ok geli\u015fme milli haf\u0131zalar\u0131nda kay\u0131tl\u0131d\u0131r. \u00c7al\u0131\u015fmam\u0131z\u0131n konusu olan Hasan Melikzade Zerdabi gerek \u00fclk\u00fcleri, gerekse icraatlar\u0131 a\u00e7\u0131s\u0131ndan sadece Azerbaycan T\u00fcrkleri taraf\u0131ndan de\u011fil; b\u00fct\u00fcn T\u00fcrk d\u00fcnyas\u0131 taraf\u0131ndan iyi tan\u0131nmas\u0131 ve anla\u015f\u0131lmas\u0131 gereken bir ayd\u0131nd\u0131r. <\/p>\n","protected":false},"excerpt":{"rendered":"<p>Milletlerin uzun tarihi hayatlar\u0131da baz\u0131 olaylar ve \u015fah\u0131slar \u00f6nemli izler b\u0131rak\u0131r. Bunlar \u00f6nem derecesine g\u00f6re yeni nesillere s\u00f6zl\u00fc veya yaz\u0131l\u0131 olarak aktar\u0131l\u0131r. Azerbaycan T\u00fcrklerinin de tarihi<span class=\"excerpt-hellip\"> [\u2026]<\/span><\/p>\n","protected":false},"featured_media":0,"template":"","meta":{"_monsterinsights_skip_tracking":false,"_monsterinsights_sitenote_active":false,"_monsterinsights_sitenote_note":"","_monsterinsights_sitenote_category":0},"product_brand":[],"product_cat":[12370,12304],"product_tag":[],"class_list":{"0":"post-694749","1":"product","2":"type-product","3":"status-publish","5":"product_cat-arastirma-inceleme","6":"product_cat-tarih","7":"pa_tur-kitap","8":"pa_yayinevi-yeditepe-yayinevi","9":"pa_yazar-okan-yesilot","11":"first","12":"instock","13":"sale","14":"shipping-taxable","15":"purchasable","16":"product-type-simple"},"_links":{"self":[{"href":"https:\/\/roveyayinevi.com.tr\/index.php\/wp-json\/wp\/v2\/product\/694749","targetHints":{"allow":["GET"]}}],"collection":[{"href":"https:\/\/roveyayinevi.com.tr\/index.php\/wp-json\/wp\/v2\/product"}],"about":[{"href":"https:\/\/roveyayinevi.com.tr\/index.php\/wp-json\/wp\/v2\/types\/product"}],"wp:attachment":[{"href":"https:\/\/roveyayinevi.com.tr\/index.php\/wp-json\/wp\/v2\/media?parent=694749"}],"wp:term":[{"taxonomy":"product_brand","embeddable":true,"href":"https:\/\/roveyayinevi.com.tr\/index.php\/wp-json\/wp\/v2\/product_brand?post=694749"},{"taxonomy":"product_cat","embeddable":true,"href":"https:\/\/roveyayinevi.com.tr\/index.php\/wp-json\/wp\/v2\/product_cat?post=694749"},{"taxonomy":"product_tag","embeddable":true,"href":"https:\/\/roveyayinevi.com.tr\/index.php\/wp-json\/wp\/v2\/product_tag?post=694749"}],"curies":[{"name":"wp","href":"https:\/\/api.w.org\/{rel}","templated":true}]}}