{"id":694746,"date":"2025-08-27T14:23:03","date_gmt":"2025-08-27T11:23:03","guid":{"rendered":"https:\/\/roveyayinevi.com.tr\/index.php\/urun\/ibn-fadlan-seyahatnamesi\/"},"modified":"2026-04-16T02:04:39","modified_gmt":"2026-04-15T23:04:39","slug":"ibn-fadlan-seyahatnamesi","status":"publish","type":"product","link":"https:\/\/roveyayinevi.com.tr\/index.php\/urun\/ibn-fadlan-seyahatnamesi\/","title":{"rendered":"\u0130bn Fadlan Seyahatnamesi"},"content":{"rendered":"<p>Bu seyahatn\u00e2me 10. y\u00fczy\u0131ldaki T\u00fcrklerin tarihi hakk\u0131nda en canl\u0131, en sa\u011flam vesikalardand\u0131r. \u0130bn Fadlan gibi k\u00fclt\u00fcrl\u00fc, m\u00fctecessis bir ki\u015finin g\u00f6zlemlerine dayanmaktad\u0131r. Veciz ve ak\u0131c\u0131 bir \u00fcslupla kaleme al\u0131nm\u0131\u015ft\u0131r. Yaz\u0131ld\u0131\u011f\u0131 tarihten itibaren do\u011fuda, daha sonra bat\u0131da \u00e7e\u015fitli ki\u015filer taraf\u0131ndan kaynak olarak kullan\u0131lm\u0131\u015f, \u00e7ok say\u0131da \u00e7al\u0131\u015fmaya konu olmu\u015f, \u00e7e\u015fitli dillere \u00e7evrilmi\u015f, filmlere konu olmu\u015ftur. \u0130bn Fadlan el\u00e7ilik i\u00e7in gitti\u011fi s\u0131rada u\u011frad\u0131\u011f\u0131 T\u00fcrk kabilelerinin idaresi, dinleri, adetleri, hukuklar\u0131 hakk\u0131nda \u00e7ok de\u011ferli bilgiler vermi\u015f, o kavimlerden olan ki\u015filere sorular y\u00f6neltmi\u015f, onlar\u0131n mantalitesini anlamaya \u00e7al\u0131\u015fm\u0131\u015ft\u0131r. Devrindeki O\u011fuzlar, Bulgarlar, Ruslar hakk\u0131nda son derece \u00f6nemli bilgiler vermi\u015ftir. <\/p>\n","protected":false},"excerpt":{"rendered":"<p>Bu seyahatn\u00e2me 10. y\u00fczy\u0131ldaki T\u00fcrklerin tarihi hakk\u0131nda en canl\u0131, en sa\u011flam vesikalardand\u0131r. \u0130bn Fadlan gibi k\u00fclt\u00fcrl\u00fc, m\u00fctecessis bir ki\u015finin g\u00f6zlemlerine dayanmaktad\u0131r. Veciz ve ak\u0131c\u0131 bir \u00fcslupla<span class=\"excerpt-hellip\"> [\u2026]<\/span><\/p>\n","protected":false},"featured_media":0,"template":"","meta":{"_monsterinsights_skip_tracking":false,"_monsterinsights_sitenote_active":false,"_monsterinsights_sitenote_note":"","_monsterinsights_sitenote_category":0},"product_brand":[],"product_cat":[12370,12304],"product_tag":[],"class_list":{"0":"post-694746","1":"product","2":"type-product","3":"status-publish","5":"product_cat-arastirma-inceleme","6":"product_cat-tarih","7":"pa_cilt-ciltsiz","8":"pa_tur-kitap","9":"pa_yayinevi-yeditepe-yayinevi","10":"pa_yazar-ramazan-sesen","12":"first","13":"instock","14":"sale","15":"shipping-taxable","16":"purchasable","17":"product-type-simple"},"_links":{"self":[{"href":"https:\/\/roveyayinevi.com.tr\/index.php\/wp-json\/wp\/v2\/product\/694746","targetHints":{"allow":["GET"]}}],"collection":[{"href":"https:\/\/roveyayinevi.com.tr\/index.php\/wp-json\/wp\/v2\/product"}],"about":[{"href":"https:\/\/roveyayinevi.com.tr\/index.php\/wp-json\/wp\/v2\/types\/product"}],"wp:attachment":[{"href":"https:\/\/roveyayinevi.com.tr\/index.php\/wp-json\/wp\/v2\/media?parent=694746"}],"wp:term":[{"taxonomy":"product_brand","embeddable":true,"href":"https:\/\/roveyayinevi.com.tr\/index.php\/wp-json\/wp\/v2\/product_brand?post=694746"},{"taxonomy":"product_cat","embeddable":true,"href":"https:\/\/roveyayinevi.com.tr\/index.php\/wp-json\/wp\/v2\/product_cat?post=694746"},{"taxonomy":"product_tag","embeddable":true,"href":"https:\/\/roveyayinevi.com.tr\/index.php\/wp-json\/wp\/v2\/product_tag?post=694746"}],"curies":[{"name":"wp","href":"https:\/\/api.w.org\/{rel}","templated":true}]}}