{"id":694733,"date":"2025-08-27T14:23:01","date_gmt":"2025-08-27T11:23:01","guid":{"rendered":"https:\/\/roveyayinevi.com.tr\/index.php\/urun\/cikarlarin-golgesinde-hacli-seferleri\/"},"modified":"2026-04-16T02:04:39","modified_gmt":"2026-04-15T23:04:39","slug":"cikarlarin-golgesinde-hacli-seferleri","status":"publish","type":"product","link":"https:\/\/roveyayinevi.com.tr\/index.php\/urun\/cikarlarin-golgesinde-hacli-seferleri\/","title":{"rendered":"\u00c7\u0131karlar\u0131n G\u00f6lgesinde Ha\u00e7l\u0131 Seferleri"},"content":{"rendered":"<p>Avrupa&#8217;da dini bir taassubun alt\u0131nda gizlenen siyasi, sosyal ve ekonomik gereksinimler sebebiyla ba\u015flat\u0131lan Ha\u00e7l\u0131 Seferleri, d\u00fcnya tarihinin en uzun soluklu m\u00fccadelelerinden biridir. M\u00fcsl\u00fcmanlar, ama\u00e7lar\u0131n\u0131 anlamak konusunda yetersiz kald\u0131klar\u0131 bi yeni kom\u015fular\u0131n\u0131,siyasi rakiplerine kar\u015f\u0131 kullanabilecekleri bir ara\u00e7 g\u00f6z\u00fcyle bakarak fazla \u00f6nemsememi\u015flerdir. Ha\u00e7l\u0131lar da bu durumdan istifade ederek belki de umulandan \u00e7ok daha rahat bir \u015fekilde ana hedefleri Kud\u00fcs&#8217;e ula\u015fmay\u0131 ve Ortado\u011fu&#8217;ya yerle\u015fmeyi ba\u015farm\u0131\u015flard\u0131r. Ba\u015flang\u0131\u00e7taki heyecan, karma\u015fa ve \u00f6nyarg\u0131lar a\u015f\u0131ld\u0131ktan sonra taraflar\u0131n, siyasi gereksinimlerinin asl\u0131nda birbirlerinden pek de farkl\u0131 olmad\u0131\u011f\u0131 ger\u00e7e\u011fini idrak etmelerini g\u00fc\u00e7 ve iktidar ad\u0131na yap\u0131lan siyasi ittifaklar\u0131 da beraberinde getirmi\u015ftir. M\u00fcsl\u00fcmanlar taraf\u0131ndan Nureddin Mahmud b. Zengi, Selahaddin Eyyubi ve Memluklar, Ha\u00e7l\u0131lar saf\u0131nda ise IX. Louis ve baz\u0131 istisnalar d\u0131\u015f\u0131nda 200 y\u0131ll\u0131k bu m\u00fccadeleye y\u00f6n veren, seferlerin kaderini etkileyen temel olgu, siyasi ve ekonomik gereksinimlerin etraf\u0131nda \u015fekillenen kar\u015f\u0131l\u0131kl\u0131 \u00e7\u0131kar ili\u015fkileri olmu\u015ftur. Bu t\u00fcrden ili\u015fkiler ise tarihin her d\u00f6neminde Ortado\u011fu b\u00f6lgesinin kaderini \u015fekillendirmi\u015ftir.Nitekim Ha\u00e7l\u0131 Seferleri s\u0131ras\u0131nda ya\u015fananlarla g\u00fcn\u00fcm\u00fcz Ortado\u011fu&#8217;sunda ya\u015fananlar aras\u0131nda herhangi bir farkl\u0131l\u0131\u011f\u0131n olmad\u0131\u011f\u0131 bu \u00e7al\u0131\u015fmada g\u00f6r\u00fclecektir. <\/p>\n","protected":false},"excerpt":{"rendered":"<p>Avrupa&#8217;da dini bir taassubun alt\u0131nda gizlenen siyasi, sosyal ve ekonomik gereksinimler sebebiyla ba\u015flat\u0131lan Ha\u00e7l\u0131 Seferleri, d\u00fcnya tarihinin en uzun soluklu m\u00fccadelelerinden biridir. M\u00fcsl\u00fcmanlar, ama\u00e7lar\u0131n\u0131 anlamak konusunda<span class=\"excerpt-hellip\"> [\u2026]<\/span><\/p>\n","protected":false},"featured_media":0,"template":"","meta":{"_monsterinsights_skip_tracking":false,"_monsterinsights_sitenote_active":false,"_monsterinsights_sitenote_note":"","_monsterinsights_sitenote_category":0},"product_brand":[],"product_cat":[12305,12304],"product_tag":[],"class_list":{"0":"post-694733","1":"product","2":"type-product","3":"status-publish","5":"product_cat-dunya-tarihi","6":"product_cat-tarih","7":"pa_cilt-ciltsiz","8":"pa_tur-kitap","9":"pa_yayinevi-yeditepe-yayinevi","10":"pa_yazar-aydin-usta","12":"first","13":"instock","14":"sale","15":"shipping-taxable","16":"purchasable","17":"product-type-simple"},"_links":{"self":[{"href":"https:\/\/roveyayinevi.com.tr\/index.php\/wp-json\/wp\/v2\/product\/694733","targetHints":{"allow":["GET"]}}],"collection":[{"href":"https:\/\/roveyayinevi.com.tr\/index.php\/wp-json\/wp\/v2\/product"}],"about":[{"href":"https:\/\/roveyayinevi.com.tr\/index.php\/wp-json\/wp\/v2\/types\/product"}],"wp:attachment":[{"href":"https:\/\/roveyayinevi.com.tr\/index.php\/wp-json\/wp\/v2\/media?parent=694733"}],"wp:term":[{"taxonomy":"product_brand","embeddable":true,"href":"https:\/\/roveyayinevi.com.tr\/index.php\/wp-json\/wp\/v2\/product_brand?post=694733"},{"taxonomy":"product_cat","embeddable":true,"href":"https:\/\/roveyayinevi.com.tr\/index.php\/wp-json\/wp\/v2\/product_cat?post=694733"},{"taxonomy":"product_tag","embeddable":true,"href":"https:\/\/roveyayinevi.com.tr\/index.php\/wp-json\/wp\/v2\/product_tag?post=694733"}],"curies":[{"name":"wp","href":"https:\/\/api.w.org\/{rel}","templated":true}]}}