{"id":694722,"date":"2025-08-27T14:22:58","date_gmt":"2025-08-27T11:22:58","guid":{"rendered":"https:\/\/roveyayinevi.com.tr\/index.php\/urun\/bilgi-yonetimi-disiplini-ve-uygulamalari\/"},"modified":"2026-04-16T02:04:39","modified_gmt":"2026-04-15T23:04:39","slug":"bilgi-yonetimi-disiplini-ve-uygulamalari","status":"publish","type":"product","link":"https:\/\/roveyayinevi.com.tr\/index.php\/urun\/bilgi-yonetimi-disiplini-ve-uygulamalari\/","title":{"rendered":"Bilgi Y\u00f6netimi Disiplini ve Uygulamalar\u0131"},"content":{"rendered":"<p>G\u00fcn\u00fcm\u00fczde t\u00fcm uygulamalar\u0131n temel \u00f6gesi olan bilginin \u00fcretim, payla\u015f\u0131m ve kullan\u0131m\u0131n\u0131 inceleyen \u201cbilgi y\u00f6netimi\u201d, son derece de gen\u00e7 bir bilim dal\u0131d\u0131r. S\u00f6z\u00fc ge\u00e7en dal\u0131n, kurumlardaki uygulamas\u0131n\u0131 ele alan bu eser, bilgi y\u00f6netimi sistemlerinin kurulmas\u0131 ve i\u015fletilmesinde \u00f6zellikle kamu kurumlar\u0131 i\u00e7in bir rehber niteli\u011fi ta\u015f\u0131maktad\u0131r. Konunun gen\u00e7, hevesli ve takdire \u015fayan uzmanlar\u0131n\u0131n haz\u0131rlad\u0131\u011f\u0131 bu kitap \u2018bilgi y\u00f6netimi\u2019 konusuyla ilgilenen b\u00fct\u00fcn teorisyen ve uygulamac\u0131lara \u00f6nermekten k\u0131van\u00e7 duyar\u0131m. Prof. Dr. Beng\u00fc \u00c7apar <\/p>\n","protected":false},"excerpt":{"rendered":"<p>G\u00fcn\u00fcm\u00fczde t\u00fcm uygulamalar\u0131n temel \u00f6gesi olan bilginin \u00fcretim, payla\u015f\u0131m ve kullan\u0131m\u0131n\u0131 inceleyen \u201cbilgi y\u00f6netimi\u201d, son derece de gen\u00e7 bir bilim dal\u0131d\u0131r. S\u00f6z\u00fc ge\u00e7en dal\u0131n, kurumlardaki uygulamas\u0131n\u0131<span class=\"excerpt-hellip\"> [\u2026]<\/span><\/p>\n","protected":false},"featured_media":0,"template":"","meta":{"_monsterinsights_skip_tracking":false,"_monsterinsights_sitenote_active":false,"_monsterinsights_sitenote_note":"","_monsterinsights_sitenote_category":0},"product_brand":[],"product_cat":[12573,12566],"product_tag":[],"class_list":{"0":"post-694722","1":"product","2":"type-product","3":"status-publish","5":"product_cat-akademik-kitaplar","6":"product_cat-egitim","7":"pa_cilt-ciltsiz","8":"pa_tur-kitap","9":"pa_yayinevi-siyasal-kitabevi-akademik-kitaplar","10":"pa_yazar-mustafa-sagsan","12":"first","13":"instock","14":"sale","15":"shipping-taxable","16":"purchasable","17":"product-type-simple"},"_links":{"self":[{"href":"https:\/\/roveyayinevi.com.tr\/index.php\/wp-json\/wp\/v2\/product\/694722","targetHints":{"allow":["GET"]}}],"collection":[{"href":"https:\/\/roveyayinevi.com.tr\/index.php\/wp-json\/wp\/v2\/product"}],"about":[{"href":"https:\/\/roveyayinevi.com.tr\/index.php\/wp-json\/wp\/v2\/types\/product"}],"wp:attachment":[{"href":"https:\/\/roveyayinevi.com.tr\/index.php\/wp-json\/wp\/v2\/media?parent=694722"}],"wp:term":[{"taxonomy":"product_brand","embeddable":true,"href":"https:\/\/roveyayinevi.com.tr\/index.php\/wp-json\/wp\/v2\/product_brand?post=694722"},{"taxonomy":"product_cat","embeddable":true,"href":"https:\/\/roveyayinevi.com.tr\/index.php\/wp-json\/wp\/v2\/product_cat?post=694722"},{"taxonomy":"product_tag","embeddable":true,"href":"https:\/\/roveyayinevi.com.tr\/index.php\/wp-json\/wp\/v2\/product_tag?post=694722"}],"curies":[{"name":"wp","href":"https:\/\/api.w.org\/{rel}","templated":true}]}}