{"id":694721,"date":"2025-08-27T14:22:58","date_gmt":"2025-08-27T11:22:58","guid":{"rendered":"https:\/\/roveyayinevi.com.tr\/index.php\/urun\/edmund-husserlde-baskasinin-beni-sorunu-transzendental-fenomenoloji-ile-transzendental-felsefenin-ozune-giris\/"},"modified":"2026-04-16T02:04:39","modified_gmt":"2026-04-15T23:04:39","slug":"edmund-husserlde-baskasinin-beni-sorunu-transzendental-fenomenoloji-ile-transzendental-felsefenin-ozune-giris","status":"publish","type":"product","link":"https:\/\/roveyayinevi.com.tr\/index.php\/urun\/edmund-husserlde-baskasinin-beni-sorunu-transzendental-fenomenoloji-ile-transzendental-felsefenin-ozune-giris\/","title":{"rendered":"Edmund Husserl\u2019de Ba\u015fkas\u0131n\u0131n Ben\u2019i Sorunu Transzendental Fenomenoloji ile Transzendental Felsefenin \u00d6z\u00fcne Giri\u015f"},"content":{"rendered":"<p>\u201cEdmund Husserl\u2019de Ba\u015fkas\u0131n\u0131n Ben\u2019i Sorunu\u201c, bir \u201cilk kitap\u201c -birka\u00e7 anlamda:\u00d6nce, \u201cNerdeyse yar\u0131m y\u00fczy\u0131ldan beri \u2019ba\u015fkas\u0131n\u0131n ben\u2019i sorunu\u2019 ile birlikte\u201c olan Nermi Uygur\u2019un yay\u0131mlanan ilk kitab\u0131 (1958); sonra binlerce sayfal\u0131k Husserl ar\u015fivlerine dayanan ilk \u00e7al\u0131\u015fma; \u00fc\u00e7\u00fcnc\u00fc olarak, t\u00fcrk\u00e7ede \u201cba\u015fka-ben\u201c kavram\u0131 \u00fczerine, dahas\u0131 bu terimin kullan\u0131ld\u0131\u011f\u0131, ilk \u00e7al\u0131\u015fma.B\u00fct\u00fcn bu \u00f6zellikleriyle, kitap, nice y\u0131llara kar\u015f\u0131n hala ilgi \u00e7ekiyor, \u00f6zellikle yurtd\u0131\u015f\u0131nda: \u201colduk\u00e7a k\u0131salt\u0131lm\u0131\u015f bi\u00e7imle Almanca yans\u0131s\u0131, seyrek de olsa, bat\u0131\u2019daki sorun \u00e7evrelerinde bir katk\u0131 olarak zaman zaman an\u0131lmakta.\u201cBu yap\u0131t\u0131, ilk bas\u0131m\u0131ndan k\u0131rk y\u0131l sonra, Nermi Uygur\u2019un bu yeni t\u0131pk\u0131bas\u0131m i\u00e7in yazd\u0131\u011f\u0131 \u201c\u00f6ns\u00f6z\u00fcms\u00fc an\u0131-yorum\u201cla sunuyoruz. <\/p>\n","protected":false},"excerpt":{"rendered":"<p>\u201cEdmund Husserl\u2019de Ba\u015fkas\u0131n\u0131n Ben\u2019i Sorunu\u201c, bir \u201cilk kitap\u201c -birka\u00e7 anlamda:\u00d6nce, \u201cNerdeyse yar\u0131m y\u00fczy\u0131ldan beri \u2019ba\u015fkas\u0131n\u0131n ben\u2019i sorunu\u2019 ile birlikte\u201c olan Nermi Uygur\u2019un yay\u0131mlanan ilk kitab\u0131 (1958);<span class=\"excerpt-hellip\"> [\u2026]<\/span><\/p>\n","protected":false},"featured_media":0,"template":"","meta":{"_monsterinsights_skip_tracking":false,"_monsterinsights_sitenote_active":false,"_monsterinsights_sitenote_note":"","_monsterinsights_sitenote_category":0},"product_brand":[],"product_cat":[15319,12388],"product_tag":[],"class_list":{"0":"post-694721","1":"product","2":"type-product","3":"status-publish","5":"product_cat-etik","6":"product_cat-felsefe","7":"pa_cilt-ciltsiz","8":"pa_tur-kitap","9":"pa_yayinevi-yapi-kredi-yayinlari","10":"pa_yazar-nermi-uygur","12":"first","13":"instock","14":"sale","15":"shipping-taxable","16":"purchasable","17":"product-type-simple"},"_links":{"self":[{"href":"https:\/\/roveyayinevi.com.tr\/index.php\/wp-json\/wp\/v2\/product\/694721","targetHints":{"allow":["GET"]}}],"collection":[{"href":"https:\/\/roveyayinevi.com.tr\/index.php\/wp-json\/wp\/v2\/product"}],"about":[{"href":"https:\/\/roveyayinevi.com.tr\/index.php\/wp-json\/wp\/v2\/types\/product"}],"wp:attachment":[{"href":"https:\/\/roveyayinevi.com.tr\/index.php\/wp-json\/wp\/v2\/media?parent=694721"}],"wp:term":[{"taxonomy":"product_brand","embeddable":true,"href":"https:\/\/roveyayinevi.com.tr\/index.php\/wp-json\/wp\/v2\/product_brand?post=694721"},{"taxonomy":"product_cat","embeddable":true,"href":"https:\/\/roveyayinevi.com.tr\/index.php\/wp-json\/wp\/v2\/product_cat?post=694721"},{"taxonomy":"product_tag","embeddable":true,"href":"https:\/\/roveyayinevi.com.tr\/index.php\/wp-json\/wp\/v2\/product_tag?post=694721"}],"curies":[{"name":"wp","href":"https:\/\/api.w.org\/{rel}","templated":true}]}}