{"id":694719,"date":"2025-08-27T14:22:58","date_gmt":"2025-08-27T11:22:58","guid":{"rendered":"https:\/\/roveyayinevi.com.tr\/index.php\/urun\/3-saniyede-karsinizdaki-insani-nasil-anlarsiniz\/"},"modified":"2026-04-16T02:04:39","modified_gmt":"2026-04-15T23:04:39","slug":"3-saniyede-karsinizdaki-insani-nasil-anlarsiniz","status":"publish","type":"product","link":"https:\/\/roveyayinevi.com.tr\/index.php\/urun\/3-saniyede-karsinizdaki-insani-nasil-anlarsiniz\/","title":{"rendered":"3 Saniyede Kar\u015f\u0131n\u0131zdaki \u0130nsan\u0131 Nas\u0131l Anlars\u0131n\u0131z?"},"content":{"rendered":"<p>\u201c\u0130nsanlar\u0131n beden hareketleri tipik olarak bilin\u00e7alt\u0131 taraf\u0131ndan kontrol edildi\u011finden, izledi\u011finiz ki\u015fi g\u00f6nderdi\u011fi mesaj\u0131n fark\u0131nda olmayabilir; hatta bilin\u00e7 seviyesinde o mesaj\u0131 g\u00f6nderdi\u011fini kabul etmeyebilir de! Genel olarak ileti\u015fimde bu kadar sorun ya\u015fanmas\u0131n\u0131n nedenlerinden biri de budur; insanlar\u0131n otomatik pilota ba\u011fl\u0131 h\u00e2lde ya\u015f\u0131yor olmas\u0131&#8230;\u201d Bu kitapla, hayat\u0131n\u0131z\u0131n her alan\u0131ndaki ileti\u015fimle ilgili sorunlar\u0131n\u0131z\u0131 \u00e7\u00f6zebileceksiniz&#8230; Bilhassa hayat\u0131n\u0131 ileti\u015fim kurarak kazananlara s\u00f6zs\u00fcz ileti\u015fimin g\u00fcc\u00fcn\u00fc ke\u015ffetmelerini \u015fiddetle \u00f6neririz. Yazd\u0131\u011f\u0131 kitaplarla sat\u0131\u015f rekorlar\u0131 k\u0131ran etkileme ve ileti\u015fim sanat\u0131n\u0131n duayeni Kevin Hogan, bu kez de s\u00f6zs\u00fcz ileti\u015fimin s\u0131rlar\u0131n\u0131 okurlar\u0131yla payla\u015f\u0131yor&#8230; <\/p>\n","protected":false},"excerpt":{"rendered":"<p>\u201c\u0130nsanlar\u0131n beden hareketleri tipik olarak bilin\u00e7alt\u0131 taraf\u0131ndan kontrol edildi\u011finden, izledi\u011finiz ki\u015fi g\u00f6nderdi\u011fi mesaj\u0131n fark\u0131nda olmayabilir; hatta bilin\u00e7 seviyesinde o mesaj\u0131 g\u00f6nderdi\u011fini kabul etmeyebilir de! Genel olarak<span class=\"excerpt-hellip\"> [\u2026]<\/span><\/p>\n","protected":false},"featured_media":0,"template":"","meta":{"_monsterinsights_skip_tracking":false,"_monsterinsights_sitenote_active":false,"_monsterinsights_sitenote_note":"","_monsterinsights_sitenote_category":0},"product_brand":[],"product_cat":[12364,12376],"product_tag":[],"class_list":{"0":"post-694719","1":"product","2":"type-product","3":"status-publish","5":"product_cat-genel-konular","6":"product_cat-kisisel-gelisim","7":"pa_cilt-ciltsiz","8":"pa_tur-kitap","9":"pa_yayinevi-yakamoz-yayinevi","10":"pa_yazar-kevin-hogan","12":"first","13":"instock","14":"sale","15":"shipping-taxable","16":"purchasable","17":"product-type-simple"},"_links":{"self":[{"href":"https:\/\/roveyayinevi.com.tr\/index.php\/wp-json\/wp\/v2\/product\/694719","targetHints":{"allow":["GET"]}}],"collection":[{"href":"https:\/\/roveyayinevi.com.tr\/index.php\/wp-json\/wp\/v2\/product"}],"about":[{"href":"https:\/\/roveyayinevi.com.tr\/index.php\/wp-json\/wp\/v2\/types\/product"}],"wp:attachment":[{"href":"https:\/\/roveyayinevi.com.tr\/index.php\/wp-json\/wp\/v2\/media?parent=694719"}],"wp:term":[{"taxonomy":"product_brand","embeddable":true,"href":"https:\/\/roveyayinevi.com.tr\/index.php\/wp-json\/wp\/v2\/product_brand?post=694719"},{"taxonomy":"product_cat","embeddable":true,"href":"https:\/\/roveyayinevi.com.tr\/index.php\/wp-json\/wp\/v2\/product_cat?post=694719"},{"taxonomy":"product_tag","embeddable":true,"href":"https:\/\/roveyayinevi.com.tr\/index.php\/wp-json\/wp\/v2\/product_tag?post=694719"}],"curies":[{"name":"wp","href":"https:\/\/api.w.org\/{rel}","templated":true}]}}