{"id":694713,"date":"2025-08-27T14:22:56","date_gmt":"2025-08-27T11:22:56","guid":{"rendered":"https:\/\/roveyayinevi.com.tr\/index.php\/urun\/mahallenin-en-mutlu-bebegi\/"},"modified":"2026-04-16T02:04:38","modified_gmt":"2026-04-15T23:04:38","slug":"mahallenin-en-mutlu-bebegi","status":"publish","type":"product","link":"https:\/\/roveyayinevi.com.tr\/index.php\/urun\/mahallenin-en-mutlu-bebegi\/","title":{"rendered":"Mahallenin En Mutlu Bebe\u011fi"},"content":{"rendered":"<p>Sayg\u0131de\u011fer bir \u00e7ocuk doktoru ve \u00e7ocuk geli\u015fimi uzman\u0131 olan Doktor Harvey Karp b\u00fct\u00fcn ebeveynlere en huysuz bebe\u011fi bile mahallenin en mutlu bebe\u011fine nas\u0131l d\u00f6n\u00fc\u015ft\u00fcreceklerini \u00f6\u011fretebilir! Mant\u0131kl\u0131 tavsiyeleri sayesinde ebeveynler, b\u00fcy\u00fck ebeveynler, hem\u015fireler ve dad\u0131lar bebeklerinin a\u011flamas\u0131n\u0131 durdurmay\u0131 ve onlar\u0131n daha uzun s\u00fcre uyumas\u0131n\u0131 sa\u011flamay\u0131 \u00f6\u011frenecek.\u201cMahallenin En Mutlu Bebe\u011fi\u201d \u00e7ok e\u011flenceli ve \u00e7ok ikna edici. Kesinlikle tavsiye ediyorum.\u201d-Elizabeth Bing,Lamaze International\u2019\u0131n kurucular\u0131ndan\u201cBu, bebekleri mutlu etmek hakk\u0131nda okudu\u011fum en iyi kitap.\u201d-Doktor William Lord Coleman,Kuzey Carolina \u00dcniversitesi \u00c7ocuk Doktoru\u201cHarvey, bir\u00e7ok \u00e7ocuk geli\u015fimi kitab\u0131n\u0131n de\u011finmedi\u011fi konular \u00fczerine yaz\u0131yor. Her annenin ihtiyac\u0131 olan \u015fey asl\u0131nda i\u015fe yarayan ara\u00e7lard\u0131r. Ve Harvey\u2019ninkiler i\u015fe yar\u0131yor!\u201d-Michelle Pfeiffer, Aktrist\/Yap\u0131mc\u0131\u201cDoktor Karp\u2019\u0131n kitab\u0131 muhte\u015fem ve uzun y\u0131llar boyunca yeni ebeveynlere rehberlik edecek.\u201d-Doktor Julius Richmond, Harvard T\u0131p Fak\u00fcltesi,Head Start Projesi Kurucu M\u00fcd\u00fcr\u00fc ve eski ABD Sa\u011fl\u0131k Dairesi Ba\u015fkan\u0131<\/p>\n","protected":false},"excerpt":{"rendered":"<p>Sayg\u0131de\u011fer bir \u00e7ocuk doktoru ve \u00e7ocuk geli\u015fimi uzman\u0131 olan Doktor Harvey Karp b\u00fct\u00fcn ebeveynlere en huysuz bebe\u011fi bile mahallenin en mutlu bebe\u011fine nas\u0131l d\u00f6n\u00fc\u015ft\u00fcreceklerini \u00f6\u011fretebilir! Mant\u0131kl\u0131<span class=\"excerpt-hellip\"> [\u2026]<\/span><\/p>\n","protected":false},"featured_media":0,"template":"","meta":{"_monsterinsights_skip_tracking":false,"_monsterinsights_sitenote_active":false,"_monsterinsights_sitenote_note":"","_monsterinsights_sitenote_category":0},"product_brand":[],"product_cat":[14902,13365],"product_tag":[],"class_list":{"0":"post-694713","1":"product","2":"type-product","3":"status-publish","5":"product_cat-annelik-ve-cocuk-bakimi","6":"product_cat-saglik","7":"pa_cilt-ciltsiz","8":"pa_tur-kitap","9":"pa_yayinevi-yakamoz-yayinevi","10":"pa_yazar-harvey-karp","12":"first","13":"instock","14":"sale","15":"shipping-taxable","16":"purchasable","17":"product-type-simple"},"_links":{"self":[{"href":"https:\/\/roveyayinevi.com.tr\/index.php\/wp-json\/wp\/v2\/product\/694713","targetHints":{"allow":["GET"]}}],"collection":[{"href":"https:\/\/roveyayinevi.com.tr\/index.php\/wp-json\/wp\/v2\/product"}],"about":[{"href":"https:\/\/roveyayinevi.com.tr\/index.php\/wp-json\/wp\/v2\/types\/product"}],"wp:attachment":[{"href":"https:\/\/roveyayinevi.com.tr\/index.php\/wp-json\/wp\/v2\/media?parent=694713"}],"wp:term":[{"taxonomy":"product_brand","embeddable":true,"href":"https:\/\/roveyayinevi.com.tr\/index.php\/wp-json\/wp\/v2\/product_brand?post=694713"},{"taxonomy":"product_cat","embeddable":true,"href":"https:\/\/roveyayinevi.com.tr\/index.php\/wp-json\/wp\/v2\/product_cat?post=694713"},{"taxonomy":"product_tag","embeddable":true,"href":"https:\/\/roveyayinevi.com.tr\/index.php\/wp-json\/wp\/v2\/product_tag?post=694713"}],"curies":[{"name":"wp","href":"https:\/\/api.w.org\/{rel}","templated":true}]}}