{"id":694712,"date":"2025-08-27T14:22:56","date_gmt":"2025-08-27T11:22:56","guid":{"rendered":"https:\/\/roveyayinevi.com.tr\/index.php\/urun\/seyhulislamin-muzigi\/"},"modified":"2026-04-16T02:04:38","modified_gmt":"2026-04-15T23:04:38","slug":"seyhulislamin-muzigi","status":"publish","type":"product","link":"https:\/\/roveyayinevi.com.tr\/index.php\/urun\/seyhulislamin-muzigi\/","title":{"rendered":"\u015eeyh\u00fclislam\u2019\u0131n M\u00fczi\u011fi"},"content":{"rendered":"<p>\u015eeyh\u00fclisl\u00e2m Es&#8217;ad Efendi&#8217;nin (1685-1753) Atrab\u00fc&#8217;l-\u00c2s\u00e2r adl\u0131 eseri Osmanl\u0131 d\u00f6neminin bilinen tek musiki\u015finas tezkiresidir. Bu biyografi derlemesinde kendisi de m\u00fczisyen ve besteci olan Es&#8217;ad Efendi on yedinci y\u00fczy\u0131lda ve on sekizinci y\u00fczy\u0131l ba\u015flar\u0131nda ya\u015fam\u0131\u015f y\u00fcze yak\u0131n Osmanl\u0131\/T\u00fcrk mus\u0131kisi bestecinin ya\u015fam\u0131 ve eserleri hakk\u0131nda k\u0131sa bilgiler sunar. <\/p>\n","protected":false},"excerpt":{"rendered":"<p>\u015eeyh\u00fclisl\u00e2m Es&#8217;ad Efendi&#8217;nin (1685-1753) Atrab\u00fc&#8217;l-\u00c2s\u00e2r adl\u0131 eseri Osmanl\u0131 d\u00f6neminin bilinen tek musiki\u015finas tezkiresidir. Bu biyografi derlemesinde kendisi de m\u00fczisyen ve besteci olan Es&#8217;ad Efendi on yedinci<span class=\"excerpt-hellip\"> [\u2026]<\/span><\/p>\n","protected":false},"featured_media":0,"template":"","meta":{"_monsterinsights_skip_tracking":false,"_monsterinsights_sitenote_active":false,"_monsterinsights_sitenote_note":"","_monsterinsights_sitenote_category":0},"product_brand":[],"product_cat":[16169,12408],"product_tag":[],"class_list":{"0":"post-694712","1":"product","2":"type-product","3":"status-publish","5":"product_cat-geleneksel-sanatlar","6":"product_cat-sanat","7":"pa_cilt-ciltsiz","8":"pa_tur-kitap","9":"pa_yayinevi-yapi-kredi-yayinlari","10":"pa_yazar-cem-behar","12":"first","13":"instock","14":"sale","15":"shipping-taxable","16":"purchasable","17":"product-type-simple"},"_links":{"self":[{"href":"https:\/\/roveyayinevi.com.tr\/index.php\/wp-json\/wp\/v2\/product\/694712","targetHints":{"allow":["GET"]}}],"collection":[{"href":"https:\/\/roveyayinevi.com.tr\/index.php\/wp-json\/wp\/v2\/product"}],"about":[{"href":"https:\/\/roveyayinevi.com.tr\/index.php\/wp-json\/wp\/v2\/types\/product"}],"wp:attachment":[{"href":"https:\/\/roveyayinevi.com.tr\/index.php\/wp-json\/wp\/v2\/media?parent=694712"}],"wp:term":[{"taxonomy":"product_brand","embeddable":true,"href":"https:\/\/roveyayinevi.com.tr\/index.php\/wp-json\/wp\/v2\/product_brand?post=694712"},{"taxonomy":"product_cat","embeddable":true,"href":"https:\/\/roveyayinevi.com.tr\/index.php\/wp-json\/wp\/v2\/product_cat?post=694712"},{"taxonomy":"product_tag","embeddable":true,"href":"https:\/\/roveyayinevi.com.tr\/index.php\/wp-json\/wp\/v2\/product_tag?post=694712"}],"curies":[{"name":"wp","href":"https:\/\/api.w.org\/{rel}","templated":true}]}}