{"id":694710,"date":"2025-08-27T14:22:55","date_gmt":"2025-08-27T11:22:55","guid":{"rendered":"https:\/\/roveyayinevi.com.tr\/index.php\/urun\/sogutlerdeki-ruzgar\/"},"modified":"2026-04-16T02:04:38","modified_gmt":"2026-04-15T23:04:38","slug":"sogutlerdeki-ruzgar","status":"publish","type":"product","link":"https:\/\/roveyayinevi.com.tr\/index.php\/urun\/sogutlerdeki-ruzgar\/","title":{"rendered":"S\u00f6\u011f\u00fctlerdeki R\u00fczgar"},"content":{"rendered":"<p>\u0130yi huylu K\u00f6stebek, bir sabah bahar temizli\u011fi yapmaktan s\u0131k\u0131ld\u0131. S\u00fcp\u00fcrgesini kenara att\u0131. Ye\u015fil k\u0131rlarla ama\u00e7s\u0131zca dola\u015f\u0131rken nehir k\u0131y\u0131s\u0131nda Fare&#8217;yle kar\u015f\u0131la\u015f\u0131nca b\u00fct\u00fcn hayat\u0131 de\u011fi\u015fti. Kay\u0131kla dola\u015fman\u0131n keyfini, ye\u015fil \u00e7imenlerde piknik yapman\u0131n zevkini, maceral\u0131 yolculuklara \u00e7\u0131kman\u0131n heyecan\u0131n\u0131 ke\u015ffetti. Fare sayesinde Karakurba\u011fas\u0131 ve Porsuk&#8217;la tan\u0131\u015fana dek arkada\u015fl\u0131\u011f\u0131n ne oldu\u011funu bilmezdi. Ger\u00e7ek dostlar\u0131n birbirleri i\u00e7in en b\u00fcy\u00fck zorluklara g\u00f6\u011f\u00fc\u015f gerdi\u011fini onlardan \u00f6\u011frendi. Kennetp Grahame&#8217;in k\u0131r ya\u015fam\u0131n\u0131n g\u00fczelliklerini ve dostlu\u011fun g\u00fcc\u00fcn\u00fc anlatan klasik eseri S\u00f6\u011f\u00fctlerdeki R\u00fczgar, t\u0131pk\u0131 kahramanlar\u0131 iyi huylu K\u00f6stebek, fedakar Fare, kendini be\u011fenmi\u015f Karakurba\u011fas\u0131 ve huysuz Porsuk gibi asla eskimeyecek bir ba\u015fyap\u0131tt\u0131r. <\/p>\n","protected":false},"excerpt":{"rendered":"<p>\u0130yi huylu K\u00f6stebek, bir sabah bahar temizli\u011fi yapmaktan s\u0131k\u0131ld\u0131. S\u00fcp\u00fcrgesini kenara att\u0131. Ye\u015fil k\u0131rlarla ama\u00e7s\u0131zca dola\u015f\u0131rken nehir k\u0131y\u0131s\u0131nda Fare&#8217;yle kar\u015f\u0131la\u015f\u0131nca b\u00fct\u00fcn hayat\u0131 de\u011fi\u015fti. Kay\u0131kla dola\u015fman\u0131n keyfini,<span class=\"excerpt-hellip\"> [\u2026]<\/span><\/p>\n","protected":false},"featured_media":0,"template":"","meta":{"_monsterinsights_skip_tracking":false,"_monsterinsights_sitenote_active":false,"_monsterinsights_sitenote_note":"","_monsterinsights_sitenote_category":0},"product_brand":[],"product_cat":[12275,12274],"product_tag":[],"class_list":{"0":"post-694710","1":"product","2":"type-product","3":"status-publish","5":"product_cat-6-12-yas-kitaplari","6":"product_cat-cocuk-ve-genclik-kitaplari","7":"pa_cilt-ciltsiz","8":"pa_tur-kitap","9":"pa_yayinevi-yapi-kredi-yayinlari","10":"pa_yazar-kenneth-grahame","12":"first","13":"instock","14":"sale","15":"shipping-taxable","16":"purchasable","17":"product-type-simple"},"_links":{"self":[{"href":"https:\/\/roveyayinevi.com.tr\/index.php\/wp-json\/wp\/v2\/product\/694710","targetHints":{"allow":["GET"]}}],"collection":[{"href":"https:\/\/roveyayinevi.com.tr\/index.php\/wp-json\/wp\/v2\/product"}],"about":[{"href":"https:\/\/roveyayinevi.com.tr\/index.php\/wp-json\/wp\/v2\/types\/product"}],"wp:attachment":[{"href":"https:\/\/roveyayinevi.com.tr\/index.php\/wp-json\/wp\/v2\/media?parent=694710"}],"wp:term":[{"taxonomy":"product_brand","embeddable":true,"href":"https:\/\/roveyayinevi.com.tr\/index.php\/wp-json\/wp\/v2\/product_brand?post=694710"},{"taxonomy":"product_cat","embeddable":true,"href":"https:\/\/roveyayinevi.com.tr\/index.php\/wp-json\/wp\/v2\/product_cat?post=694710"},{"taxonomy":"product_tag","embeddable":true,"href":"https:\/\/roveyayinevi.com.tr\/index.php\/wp-json\/wp\/v2\/product_tag?post=694710"}],"curies":[{"name":"wp","href":"https:\/\/api.w.org\/{rel}","templated":true}]}}