{"id":694703,"date":"2025-08-27T14:22:54","date_gmt":"2025-08-27T11:22:54","guid":{"rendered":"https:\/\/roveyayinevi.com.tr\/index.php\/urun\/dusunceler-2\/"},"modified":"2026-04-16T02:04:38","modified_gmt":"2026-04-15T23:04:38","slug":"dusunceler-2","status":"publish","type":"product","link":"https:\/\/roveyayinevi.com.tr\/index.php\/urun\/dusunceler-2\/","title":{"rendered":"D\u00fc\u015f\u00fcnceler"},"content":{"rendered":"<p>H\u00fck\u00fcmdarlar filozof, filozoflar h\u00fck\u00fcmdar olsayd\u0131, kentlerin y\u00fcz\u00fc \u0131\u015f\u0131rd\u0131. Marcus Aurelius&#8217;un ad\u0131 an\u0131ld\u0131\u011f\u0131nda insan ka\u00e7\u0131n\u0131lmaz olarak Platon&#8217;un bu \u00fcnl\u00fc s\u00f6z\u00fcn\u00fc an\u0131ms\u0131yor&#8230; D\u00fc\u015f\u00fcnceler, Marcus aurelius&#8217;un Epiktetos ve Stoa felsefesinin d\u00fc\u015f\u00fcncelerinden etkilenerek, evren; us; usa uygun ya\u015famak; ya\u015fam; \u00f6l\u00fcm; her \u015feyin s\u00fcrekli de\u011fi\u015fim i\u00e7inde olmas\u0131; \u00fcn, mal m\u00fclk gibi d\u00fcnyasal de\u011ferlerin ge\u00e7icili\u011fi; insanlar\u0131n kukla gibi i\u00e7g\u00fcd\u00fcleri taraf\u0131ndan oynat\u0131lmas\u0131 \u00fcst\u00fcne g\u00fcn g\u00fcn kaleme ald\u0131\u011f\u0131 n\u00fckteli notlar\u0131d\u0131r&#8230; Ta eis Eauton ad\u0131yla, 12 kitap olarak Yunanca yaz\u0131lm\u0131\u015f bu yap\u0131t, bir\u00e7ok ku\u015fak taraf\u0131ndan b\u00fct\u00fcn zamanlar\u0131n en b\u00fcy\u00fck yap\u0131tlar\u0131ndan biri say\u0131ld\u0131. Marcus Aurelius&#8217;un sen diye seslendi\u011fi okur de\u011fil, kendisidir. D\u00fc\u015f\u00fcnceler, ba\u015fkas\u0131na \u00f6\u011f\u00fctler de\u011fil, ki\u015finin kendisiyle yapt\u0131\u011f\u0131 vicdan muhasebesi, bilgelik yolundaki geli\u015fme s\u00fcrecidir. \u015eadan Karadeniz&#8217;in \u00e7evirisiyle ilk kez T\u00fcrk\u00e7ede&#8230; \ufffc<\/p>\n","protected":false},"excerpt":{"rendered":"<p>H\u00fck\u00fcmdarlar filozof, filozoflar h\u00fck\u00fcmdar olsayd\u0131, kentlerin y\u00fcz\u00fc \u0131\u015f\u0131rd\u0131. Marcus Aurelius&#8217;un ad\u0131 an\u0131ld\u0131\u011f\u0131nda insan ka\u00e7\u0131n\u0131lmaz olarak Platon&#8217;un bu \u00fcnl\u00fc s\u00f6z\u00fcn\u00fc an\u0131ms\u0131yor&#8230; D\u00fc\u015f\u00fcnceler, Marcus aurelius&#8217;un Epiktetos ve Stoa<span class=\"excerpt-hellip\"> [\u2026]<\/span><\/p>\n","protected":false},"featured_media":0,"template":"","meta":{"_monsterinsights_skip_tracking":false,"_monsterinsights_sitenote_active":false,"_monsterinsights_sitenote_note":"","_monsterinsights_sitenote_category":0},"product_brand":[],"product_cat":[12388,14717],"product_tag":[],"class_list":{"0":"post-694703","1":"product","2":"type-product","3":"status-publish","5":"product_cat-felsefe","6":"product_cat-felsefe-tarihi","7":"pa_cilt-ciltsiz","8":"pa_tur-kitap","9":"pa_yayinevi-yapi-kredi-yayinlari","10":"pa_yazar-marcus-aurelius","12":"first","13":"instock","14":"sale","15":"shipping-taxable","16":"purchasable","17":"product-type-simple"},"_links":{"self":[{"href":"https:\/\/roveyayinevi.com.tr\/index.php\/wp-json\/wp\/v2\/product\/694703","targetHints":{"allow":["GET"]}}],"collection":[{"href":"https:\/\/roveyayinevi.com.tr\/index.php\/wp-json\/wp\/v2\/product"}],"about":[{"href":"https:\/\/roveyayinevi.com.tr\/index.php\/wp-json\/wp\/v2\/types\/product"}],"wp:attachment":[{"href":"https:\/\/roveyayinevi.com.tr\/index.php\/wp-json\/wp\/v2\/media?parent=694703"}],"wp:term":[{"taxonomy":"product_brand","embeddable":true,"href":"https:\/\/roveyayinevi.com.tr\/index.php\/wp-json\/wp\/v2\/product_brand?post=694703"},{"taxonomy":"product_cat","embeddable":true,"href":"https:\/\/roveyayinevi.com.tr\/index.php\/wp-json\/wp\/v2\/product_cat?post=694703"},{"taxonomy":"product_tag","embeddable":true,"href":"https:\/\/roveyayinevi.com.tr\/index.php\/wp-json\/wp\/v2\/product_tag?post=694703"}],"curies":[{"name":"wp","href":"https:\/\/api.w.org\/{rel}","templated":true}]}}

Düşünceler

<p>Hükümdarlar filozof, filozoflar hükümdar olsaydı, kentlerin yüzü ışırdı. Marcus Aurelius&#8217;un adı anıldığında insan kaçınılmaz olarak Platon&#8217;un bu ünlü sözünü anımsıyor&#8230; Düşünceler, Marcus aurelius&#8217;un Epiktetos ve Stoa felsefesinin düşüncelerinden etkilenerek, evren; us; usa uygun yaşamak; yaşam; ölüm; her şeyin sürekli değişim içinde olması; ün, mal mülk gibi dünyasal değerlerin geçiciliği; insanların kukla gibi içgüdüleri tarafından oynatılması üstüne gün gün kaleme aldığı nükteli notlarıdır&#8230; Ta eis Eauton adıyla, 12 kitap olarak Yunanca yazılmış bu yapıt, birçok kuşak tarafından bütün zamanların en büyük yapıtlarından biri sayıldı. Marcus Aurelius&#8217;un sen diye seslendiği okur değil, kendisidir. Düşünceler, başkasına öğütler değil, kişinin kendisiyle yaptığı vicdan muhasebesi, bilgelik yolundaki gelişme sürecidir. Şadan Karadeniz&#8217;in çevirisiyle ilk kez Türkçede&#8230; ￼</p>

<p>Hükümdarlar filozof, filozoflar hükümdar olsaydı, kentlerin yüzü ışırdı. Marcus Aurelius&#8217;un adı anıldığında insan kaçınılmaz olarak Platon&#8217;un bu ünlü sözünü anımsıyor&#8230; Düşünceler, Marcus aurelius&#8217;un Epiktetos ve Stoa<span class="excerpt-hellip"> […]</span></p>
