{"id":694674,"date":"2025-08-27T14:22:47","date_gmt":"2025-08-27T11:22:47","guid":{"rendered":"https:\/\/roveyayinevi.com.tr\/index.php\/urun\/dogudan-uzakta\/"},"modified":"2026-04-16T02:04:38","modified_gmt":"2026-04-15T23:04:38","slug":"dogudan-uzakta","status":"publish","type":"product","link":"https:\/\/roveyayinevi.com.tr\/index.php\/urun\/dogudan-uzakta\/","title":{"rendered":"Do\u011fu\u2019dan Uzakta"},"content":{"rendered":"<p>L\u00fcbnan as\u0131ll\u0131 Frans\u0131z yazar Amin Maalouf&#8217;un uzun bir aradan sonra merakla beklenen yeni roman\u0131 Do\u011fu&#8217;dan Uzakta, kaderin ve tarihin ac\u0131mas\u0131z k\u0131skac\u0131nda terk ettikleri yurtlar\u0131na d\u00f6nen bir grup arkada\u015f\u0131n hikayesini anlat\u0131yor. Do\u011fu&#8217;dan Uzakta, gen\u00e7liklerinin en g\u00fczel d\u00f6nemlerini bir arada ge\u00e7iren, hayalleri ve umutlar\u0131 olan bir grup insan\u0131n, \u00fclkelerinde patlak veren i\u00e7 sava\u015ftan sonra farkl\u0131 yerlere da\u011f\u0131lmas\u0131n\u0131 ve y\u0131llar sonra, eski arkada\u015flar\u0131ndan birinin cenazesi dolay\u0131s\u0131yla tekrar \u00fclkelerine d\u00f6nmeleriyle ba\u015flayan 16 g\u00fcnl\u00fck bir y\u00fczle\u015fmenin roman\u0131. Roman\u0131n ba\u015fkahraman\u0131 Adam, t\u0131pk\u0131 Maalouf gibi, sava\u015ftan sonra Fransa&#8217;ya yerle\u015fmi\u015f ancak do\u011fdu\u011fu topraklara sevgisi ve bir d\u00f6nem i\u00e7inde ya\u015fad\u0131\u011f\u0131 \u00e7okk\u00fclt\u00fcrl\u00fc ve \u00e7okdinli bu co\u011frafyay\u0131 anlama \u00e7abas\u0131 hi\u00e7bir zaman k\u00fcllenmemi\u015ftir. Ancak uzun bir aradan sonra giri\u015fti\u011fi eve d\u00f6n\u00fc\u015f yolculu\u011fu ve eski arkada\u015flar\u0131n\u0131 bulma d\u00fc\u015f\u00fcncesi san\u0131ld\u0131\u011f\u0131 gibi kolay olmayacakt\u0131r. \u00c7\u00fcnk\u00fc ne insanlar ne de do\u011fup b\u00fcy\u00fcd\u00fc\u011f\u00fc topraklar ayn\u0131 kalm\u0131\u015ft\u0131r. A\u00e7\u0131k\u00e7a belirtilmese de L\u00fcbnan i\u00e7 sava\u015f\u0131n\u0131n getirdi\u011fi y\u0131k\u0131mlara ve Ortado\u011fu co\u011frafyas\u0131n\u0131n ya\u015fad\u0131\u011f\u0131 k\u00fclt\u00fcrel, tarihsel ve toplumsal sorunlara dair \u00e7ok \u00e7arp\u0131c\u0131 g\u00f6zlemlere de yer veren Do\u011fu&#8217;dan Uzakta&#8217;da Maalouf yine en iyi bildi\u011fi \u015feyi yap\u0131yor: Do\u011fu&#8217;yu anlat\u0131yor. Geldim, g\u00f6rd\u00fcm, hayal k\u0131r\u0131kl\u0131\u011f\u0131na u\u011frad\u0131m&#8230; <\/p>\n","protected":false},"excerpt":{"rendered":"<p>L\u00fcbnan as\u0131ll\u0131 Frans\u0131z yazar Amin Maalouf&#8217;un uzun bir aradan sonra merakla beklenen yeni roman\u0131 Do\u011fu&#8217;dan Uzakta, kaderin ve tarihin ac\u0131mas\u0131z k\u0131skac\u0131nda terk ettikleri yurtlar\u0131na d\u00f6nen bir<span class=\"excerpt-hellip\"> [\u2026]<\/span><\/p>\n","protected":false},"featured_media":0,"template":"","meta":{"_monsterinsights_skip_tracking":false,"_monsterinsights_sitenote_active":false,"_monsterinsights_sitenote_note":"","_monsterinsights_sitenote_category":0},"product_brand":[],"product_cat":[13661,12291],"product_tag":[],"class_list":{"0":"post-694674","1":"product","2":"type-product","3":"status-publish","5":"product_cat-diger-ulke-edebiyatlari","6":"product_cat-edebiyat","7":"pa_cilt-ciltsiz","8":"pa_tur-kitap","9":"pa_yayinevi-yapi-kredi-yayinlari","10":"pa_yazar-amin-maalouf","12":"first","13":"instock","14":"sale","15":"shipping-taxable","16":"purchasable","17":"product-type-simple"},"_links":{"self":[{"href":"https:\/\/roveyayinevi.com.tr\/index.php\/wp-json\/wp\/v2\/product\/694674","targetHints":{"allow":["GET"]}}],"collection":[{"href":"https:\/\/roveyayinevi.com.tr\/index.php\/wp-json\/wp\/v2\/product"}],"about":[{"href":"https:\/\/roveyayinevi.com.tr\/index.php\/wp-json\/wp\/v2\/types\/product"}],"wp:attachment":[{"href":"https:\/\/roveyayinevi.com.tr\/index.php\/wp-json\/wp\/v2\/media?parent=694674"}],"wp:term":[{"taxonomy":"product_brand","embeddable":true,"href":"https:\/\/roveyayinevi.com.tr\/index.php\/wp-json\/wp\/v2\/product_brand?post=694674"},{"taxonomy":"product_cat","embeddable":true,"href":"https:\/\/roveyayinevi.com.tr\/index.php\/wp-json\/wp\/v2\/product_cat?post=694674"},{"taxonomy":"product_tag","embeddable":true,"href":"https:\/\/roveyayinevi.com.tr\/index.php\/wp-json\/wp\/v2\/product_tag?post=694674"}],"curies":[{"name":"wp","href":"https:\/\/api.w.org\/{rel}","templated":true}]}}