{"id":694648,"date":"2025-08-27T14:22:41","date_gmt":"2025-08-27T11:22:41","guid":{"rendered":"https:\/\/roveyayinevi.com.tr\/index.php\/urun\/yalanla-yasamak\/"},"modified":"2026-04-16T02:04:37","modified_gmt":"2026-04-15T23:04:37","slug":"yalanla-yasamak","status":"publish","type":"product","link":"https:\/\/roveyayinevi.com.tr\/index.php\/urun\/yalanla-yasamak\/","title":{"rendered":"Yalanla Ya\u015famak"},"content":{"rendered":"<p>Devletin misilleme yapmas\u0131ndan korkan muhalifler d\u00fc\u015f\u00fcnd\u00fcklerini s\u00f6ylemekten, resmi politikalara ili\u015fkin ku\u015fkular\u0131n\u0131 d\u0131\u015fa vurmaktan, reform isteklerini dile getirmekten ka\u00e7\u0131n\u0131rlar&#8230; \u0130\u015fte, Yalanla Ya\u015famak&#8230; B\u00f6ylece ki\u015fi, alg\u0131lad\u0131\u011f\u0131 toplumsal bask\u0131lar kar\u015f\u0131s\u0131nda isteklerini oldu\u011fundan farkl\u0131 g\u00f6sterme yolunu se\u00e7er. \u0130\u015fte, Tercih \u00c7arp\u0131tmas\u0131&#8230; Timur Kuran, Yalanla Ya\u015famak &#8211; Tercih \u00c7arp\u0131tmas\u0131n\u0131n Toplumsal Sonu\u00e7lar\u0131 adl\u0131 kitab\u0131dan, birbirinden \u015fu ya da bu \u00f6l\u00e7\u00fcde ba\u011f\u0131ms\u0131z olarak geli\u015fmi\u015f bulgu ve yakla\u015f\u0131mlar\u0131n bile\u015fiminden yola \u00e7\u0131karak bir kuram olu\u015fturuyor. Bu kuram, ekonomi gelene\u011finde yer alan optimizasyon ve denge kavramlar\u0131n\u0131 kaps\u0131yor. Politika biliminde oldu\u011fu gibi, toplu karar alma s\u00fcre\u00e7lerinde ba\u015frol\u00fc bask\u0131 gruplar\u0131na veriyor. Toplumbilimde oldu\u011fu gibi, bireyleri birbirinden \u00f6\u011frenen, birbirine ilgi g\u00f6steren, ba\u015fkalar\u0131n\u0131n kendisine ili\u015fkin d\u00fc\u015f\u00fcncelerinden kayg\u0131 duyan toplumsal varl\u0131klar olarak de\u011ferlendiriyor. Son olarak da psikolojinin de\u011fi\u015fik dallar\u0131nda g\u00f6r\u00fcld\u00fc\u011f\u00fc gibi, insan akl\u0131n\u0131n s\u0131n\u0131rl\u0131 ve \u00e7eli\u015fkili oldu\u011funu kabul ediyor. Ve birbirinden yal\u0131t\u0131lm\u0131\u015f olan g\u00f6zlemleri i\u00e7eren \u00f6neriler sunuyor. <\/p>\n","protected":false},"excerpt":{"rendered":"<p>Devletin misilleme yapmas\u0131ndan korkan muhalifler d\u00fc\u015f\u00fcnd\u00fcklerini s\u00f6ylemekten, resmi politikalara ili\u015fkin ku\u015fkular\u0131n\u0131 d\u0131\u015fa vurmaktan, reform isteklerini dile getirmekten ka\u00e7\u0131n\u0131rlar&#8230; \u0130\u015fte, Yalanla Ya\u015famak&#8230; B\u00f6ylece ki\u015fi, alg\u0131lad\u0131\u011f\u0131 toplumsal bask\u0131lar<span class=\"excerpt-hellip\"> [\u2026]<\/span><\/p>\n","protected":false},"featured_media":0,"template":"","meta":{"_monsterinsights_skip_tracking":false,"_monsterinsights_sitenote_active":false,"_monsterinsights_sitenote_note":"","_monsterinsights_sitenote_category":0},"product_brand":[],"product_cat":[12351,12324],"product_tag":[],"class_list":{"0":"post-694648","1":"product","2":"type-product","3":"status-publish","5":"product_cat-siyaset-sosyolojisi","6":"product_cat-sosyoloji","7":"pa_cilt-ciltsiz","8":"pa_tur-kitap","9":"pa_yayinevi-yapi-kredi-yayinlari","10":"pa_yazar-timur-kuran","12":"first","13":"instock","14":"sale","15":"shipping-taxable","16":"purchasable","17":"product-type-simple"},"_links":{"self":[{"href":"https:\/\/roveyayinevi.com.tr\/index.php\/wp-json\/wp\/v2\/product\/694648","targetHints":{"allow":["GET"]}}],"collection":[{"href":"https:\/\/roveyayinevi.com.tr\/index.php\/wp-json\/wp\/v2\/product"}],"about":[{"href":"https:\/\/roveyayinevi.com.tr\/index.php\/wp-json\/wp\/v2\/types\/product"}],"wp:attachment":[{"href":"https:\/\/roveyayinevi.com.tr\/index.php\/wp-json\/wp\/v2\/media?parent=694648"}],"wp:term":[{"taxonomy":"product_brand","embeddable":true,"href":"https:\/\/roveyayinevi.com.tr\/index.php\/wp-json\/wp\/v2\/product_brand?post=694648"},{"taxonomy":"product_cat","embeddable":true,"href":"https:\/\/roveyayinevi.com.tr\/index.php\/wp-json\/wp\/v2\/product_cat?post=694648"},{"taxonomy":"product_tag","embeddable":true,"href":"https:\/\/roveyayinevi.com.tr\/index.php\/wp-json\/wp\/v2\/product_tag?post=694648"}],"curies":[{"name":"wp","href":"https:\/\/api.w.org\/{rel}","templated":true}]}}