{"id":694636,"date":"2025-08-27T14:22:39","date_gmt":"2025-08-27T11:22:39","guid":{"rendered":"https:\/\/roveyayinevi.com.tr\/index.php\/urun\/populer-resimli-arapca-sozluk\/"},"modified":"2026-04-16T02:04:37","modified_gmt":"2026-04-15T23:04:37","slug":"populer-resimli-arapca-sozluk","status":"publish","type":"product","link":"https:\/\/roveyayinevi.com.tr\/index.php\/urun\/populer-resimli-arapca-sozluk\/","title":{"rendered":"Pop\u00fcler Resimli Arap\u00e7a S\u00f6zl\u00fck"},"content":{"rendered":"<p>op\u00fcler Resimli Arap\u00e7a S\u00f6zl\u00fck 800\u2019den fazla s\u00f6zc\u00fck ve 80 sayfa tam renkli g\u00f6rselleriyle e\u011flenceli ve motive edici konu tabanl\u0131 bir s\u00f6zl\u00fckt\u00fcr. S\u00f6zl\u00fck iki b\u00f6l\u00fcmden olu\u015fuyor. Birinci b\u00f6l\u00fcmde s\u00f6zc\u00fcklerin anlamlar\u0131 resimlerle sunulurken ikinci b\u00f6l\u00fcmde Arap alfabesine g\u00f6re d\u00fczenlenmi\u015f s\u00f6zc\u00fckleri ve T\u00fcrk\u00e7e anlamlar\u0131n\u0131 bulabilirsiniz. Pop\u00fcler Resimli Arap\u00e7a S\u00f6zl\u00fck s\u0131n\u0131fta yard\u0131mc\u0131 kitap olarak kullan\u0131labilece\u011fi gibi bireysel \u00e7al\u0131\u015fmalarda da kullan\u0131labilir. S\u00f6zc\u00fcklerin anlamlar\u0131 resimlerden \u00f6\u011frenildikten sonra ayn\u0131 sayfadaki resim kullan\u0131larak pratik yap\u0131labilir. Her bir konu \u00f6\u011fretmen taraf\u0131ndan geni\u015fletilip k\u0131sa hik\u00e2ye olarak sunulabilir. B\u00fct\u00fcn \u00f6nemli gramer konular\u0131 s\u00f6zl\u00fckteki resimlerle peki\u015ftirilebilir. Konular bireyin \u00f6ncelikli \u00f6\u011frenme ihtiya\u00e7lar\u0131na g\u00f6re s\u0131ra takip edilmeden uygulanabilir. Daha ileriki a\u015famada ise resimler konu\u015fma ve yazma becerilerinin geli\u015fmesinde kullan\u0131labilir. Arap\u00e7a sevenler, keyifle kullan\u0131n, \u00f6\u011frenin! <\/p>\n","protected":false},"excerpt":{"rendered":"<p>op\u00fcler Resimli Arap\u00e7a S\u00f6zl\u00fck 800\u2019den fazla s\u00f6zc\u00fck ve 80 sayfa tam renkli g\u00f6rselleriyle e\u011flenceli ve motive edici konu tabanl\u0131 bir s\u00f6zl\u00fckt\u00fcr. S\u00f6zl\u00fck iki b\u00f6l\u00fcmden olu\u015fuyor. Birinci<span class=\"excerpt-hellip\"> [\u2026]<\/span><\/p>\n","protected":false},"featured_media":0,"template":"","meta":{"_monsterinsights_skip_tracking":false,"_monsterinsights_sitenote_active":false,"_monsterinsights_sitenote_note":"","_monsterinsights_sitenote_category":0},"product_brand":[],"product_cat":[24144,12566,13611],"product_tag":[],"class_list":{"0":"post-694636","1":"product","2":"type-product","3":"status-publish","5":"product_cat-arapca-sozlukler","6":"product_cat-egitim","7":"product_cat-sozlukler-ve-konusma-kilavuzlari","8":"pa_cilt-ciltsiz","9":"pa_tur-kitap","10":"pa_yayinevi-delta-kultur-yayinevi","11":"pa_yazar-dilek-gokmen","13":"first","14":"instock","15":"sale","16":"shipping-taxable","17":"purchasable","18":"product-type-simple"},"_links":{"self":[{"href":"https:\/\/roveyayinevi.com.tr\/index.php\/wp-json\/wp\/v2\/product\/694636","targetHints":{"allow":["GET"]}}],"collection":[{"href":"https:\/\/roveyayinevi.com.tr\/index.php\/wp-json\/wp\/v2\/product"}],"about":[{"href":"https:\/\/roveyayinevi.com.tr\/index.php\/wp-json\/wp\/v2\/types\/product"}],"wp:attachment":[{"href":"https:\/\/roveyayinevi.com.tr\/index.php\/wp-json\/wp\/v2\/media?parent=694636"}],"wp:term":[{"taxonomy":"product_brand","embeddable":true,"href":"https:\/\/roveyayinevi.com.tr\/index.php\/wp-json\/wp\/v2\/product_brand?post=694636"},{"taxonomy":"product_cat","embeddable":true,"href":"https:\/\/roveyayinevi.com.tr\/index.php\/wp-json\/wp\/v2\/product_cat?post=694636"},{"taxonomy":"product_tag","embeddable":true,"href":"https:\/\/roveyayinevi.com.tr\/index.php\/wp-json\/wp\/v2\/product_tag?post=694636"}],"curies":[{"name":"wp","href":"https:\/\/api.w.org\/{rel}","templated":true}]}}