{"id":694625,"date":"2025-08-27T14:22:00","date_gmt":"2025-08-27T11:22:00","guid":{"rendered":"https:\/\/roveyayinevi.com.tr\/index.php\/urun\/kayi-2-cihan-devleti-fatih\/"},"modified":"2026-04-16T02:04:36","modified_gmt":"2026-04-15T23:04:36","slug":"kayi-2-cihan-devleti-fatih","status":"publish","type":"product","link":"https:\/\/roveyayinevi.com.tr\/index.php\/urun\/kayi-2-cihan-devleti-fatih\/","title":{"rendered":"Kay\u0131 2 &#8211; Cihan Devleti Fatih"},"content":{"rendered":"<p>Sultan Mehmed alayla \u015fehre girdi ve Ayasofya\u2019ya geldi. At\u0131ndan inerek mabedin i\u00e7ine girdi. Ayasofya\u2019n\u0131n i\u00e7inde bulunan patrik ve halk padi\u015fah\u0131n ayaklar\u0131na kapanarak a\u011fla\u015fmaya ba\u015flad\u0131lar. Fatih Sultan Mehmed elleriyle susmalar\u0131n\u0131 i\u015faret etti. Ortal\u0131\u011f\u0131 s\u00fck\u00fbnet kaplay\u0131nca patri\u011fe:\u201cAya\u011fa kalk! Ben Sultan Mehmed sana ve arkada\u015flar\u0131na ve b\u00fct\u00fcn halka s\u00f6yl\u00fcyorum ki bug\u00fcnden itibaren art\u0131k ne hayat\u0131n\u0131z ve ne de h\u00fcrriyetiniz hususunda benim gazab\u0131mdan korkmay\u0131n\u0131z.\u201dFatih Sultan MehmedYediden yetmi\u015fe herkese tarihi sevdiren k\u0131ymetli ilim adam\u0131 Prof. Dr. Ahmet \u015eim\u015firgil\u2019in kaleme ald\u0131\u011f\u0131 KAYI serisinin ikinci kitab\u0131 KAYI II: Cihan Devleti\u2019nde; S\u00f6\u011f\u00fct ve Domani\u00e7\u2019te ba\u015flayan ve ad\u0131 Osmanl\u0131 olan devletin mimarlar\u0131n\u0131n planl\u0131, programl\u0131 ve disiplinli hareketleri; insani de\u011ferlere ba\u011fl\u0131, inan\u00e7l\u0131 ve temiz ya\u015fay\u0131\u015flar\u0131yla bir asra varmadan ger\u00e7ek bir d\u00fcnya g\u00fcc\u00fcne do\u011fru giden muazzam ba\u015far\u0131lar\u0131n\u0131n devam\u0131n\u0131 bulacaks\u0131n\u0131z.Sultan \u00c7elebi Mehmed\u2019in Fetret Devri\u2019nden \u00e7\u0131kard\u0131\u011f\u0131 devlete, o\u011flu II. Murad Han zindeli\u011fini ve itibar\u0131n\u0131 yeniden kazand\u0131racak; Osmanl\u0131\u2019y\u0131 Rumeli\u2019den s\u00f6k\u00fcp atmak \u00fczere son bir hamle ile tekrar harekete ge\u00e7en Ha\u00e7l\u0131 ordular\u0131n\u0131 1444\u2019te Varna\u2019da ve 1448\u2019de Kosova\u2019da darmada\u011f\u0131n edecek ve nihayet Fatih Sultan Mehmed\u2019in 1453\u2019te \u0130stanbul\u2019u fethiyle gaz\u00e2 a\u015fk\u0131 art\u0131k bir cihan h\u00fck\u00fcmdarl\u0131\u011f\u0131 fikrine y\u00f6nelecektir.Kalemle k\u0131l\u0131c\u0131 hep yan yana kullanm\u0131\u015f Osmanl\u0131 padi\u015fahlar\u0131ndan II. Murad ve Fatih Sultan Mehmed\u2019in seferleri, \u00f6zel ya\u015famlar\u0131, hocalar\u0131, imar faaliyetleri, idari, insani ve din\u00ee y\u00f6nleri hepsi KAYI II: Cihan Devleti kitab\u0131nda ve tarih ziyafeti tad\u0131nda\u2026<\/p>\n","protected":false},"excerpt":{"rendered":"<p>Sultan Mehmed alayla \u015fehre girdi ve Ayasofya\u2019ya geldi. At\u0131ndan inerek mabedin i\u00e7ine girdi. Ayasofya\u2019n\u0131n i\u00e7inde bulunan patrik ve halk padi\u015fah\u0131n ayaklar\u0131na kapanarak a\u011fla\u015fmaya ba\u015flad\u0131lar. Fatih Sultan<span class=\"excerpt-hellip\"> [\u2026]<\/span><\/p>\n","protected":false},"featured_media":0,"template":"","meta":{"_monsterinsights_skip_tracking":false,"_monsterinsights_sitenote_active":false,"_monsterinsights_sitenote_note":"","_monsterinsights_sitenote_category":0},"product_brand":[],"product_cat":[13517,12304],"product_tag":[],"class_list":{"0":"post-694625","1":"product","2":"type-product","3":"status-publish","5":"product_cat-osmanli-tarihi","6":"product_cat-tarih","7":"pa_cilt-ciltsiz","8":"pa_tur-kitap","9":"pa_yayinevi-timas-yayinlari","10":"pa_yazar-ahmet-simsirgil","12":"first","13":"instock","14":"sale","15":"shipping-taxable","16":"purchasable","17":"product-type-simple"},"_links":{"self":[{"href":"https:\/\/roveyayinevi.com.tr\/index.php\/wp-json\/wp\/v2\/product\/694625","targetHints":{"allow":["GET"]}}],"collection":[{"href":"https:\/\/roveyayinevi.com.tr\/index.php\/wp-json\/wp\/v2\/product"}],"about":[{"href":"https:\/\/roveyayinevi.com.tr\/index.php\/wp-json\/wp\/v2\/types\/product"}],"wp:attachment":[{"href":"https:\/\/roveyayinevi.com.tr\/index.php\/wp-json\/wp\/v2\/media?parent=694625"}],"wp:term":[{"taxonomy":"product_brand","embeddable":true,"href":"https:\/\/roveyayinevi.com.tr\/index.php\/wp-json\/wp\/v2\/product_brand?post=694625"},{"taxonomy":"product_cat","embeddable":true,"href":"https:\/\/roveyayinevi.com.tr\/index.php\/wp-json\/wp\/v2\/product_cat?post=694625"},{"taxonomy":"product_tag","embeddable":true,"href":"https:\/\/roveyayinevi.com.tr\/index.php\/wp-json\/wp\/v2\/product_tag?post=694625"}],"curies":[{"name":"wp","href":"https:\/\/api.w.org\/{rel}","templated":true}]}}