{"id":694620,"date":"2025-08-27T14:21:58","date_gmt":"2025-08-27T11:21:58","guid":{"rendered":"https:\/\/roveyayinevi.com.tr\/index.php\/urun\/don-juan\/"},"modified":"2026-04-16T02:04:36","modified_gmt":"2026-04-15T23:04:36","slug":"don-juan","status":"publish","type":"product","link":"https:\/\/roveyayinevi.com.tr\/index.php\/urun\/don-juan\/","title":{"rendered":"Don Juan"},"content":{"rendered":"<p>19. y\u00fczy\u0131l \u0130ngiliz devrimci-romantiklerinin \u00f6nc\u00fclerinden Lord Byron (1788-1824) ba\u015fyap\u0131t\u0131 Don Juan&#8217;da, &#8220;Britanya riyak\u00e2rl\u0131\u011f\u0131&#8221;n\u0131, t\u00fcm Avrupa soylular\u0131n\u0131 ve krallar\u0131n\u0131 alabildi\u011fine hoyrat\u00e7a &#8220;ta\u015flar&#8221;; \u00f6vg\u00fc d\u00fczmeye yana\u015fmadan, dindi\u011fi anlarda bile yanarda\u011f sessizli\u011fini sakl\u0131 tutan, insano\u011flunun \u00e7eli\u015fkilerini ortaya seren, kehanetli, y\u0131k\u0131c\u0131 uzun bir &#8220;yergi \u015fiir&#8221;i s\u00f6yler. Ya\u015fad\u0131\u011f\u0131 d\u00f6nemde kendi co\u011frafyas\u0131n\u0131 a\u015farak Pu\u015fkin, Lermontov gibi Rus \u015fairlerini de etkileyen &#8220;\u015fiir tanr\u0131s\u0131&#8221; Byron&#8217;\u0131n &#8220;yakas\u0131 a\u00e7\u0131k beyaz g\u00f6mlekli&#8221; yap\u0131t\u0131 bug\u00fcn de \u0131\u015f\u0131ldamaktad\u0131r. \ufffcTan\u0131t\u0131m Metni<\/p>\n","protected":false},"excerpt":{"rendered":"<p>19. y\u00fczy\u0131l \u0130ngiliz devrimci-romantiklerinin \u00f6nc\u00fclerinden Lord Byron (1788-1824) ba\u015fyap\u0131t\u0131 Don Juan&#8217;da, &#8220;Britanya riyak\u00e2rl\u0131\u011f\u0131&#8221;n\u0131, t\u00fcm Avrupa soylular\u0131n\u0131 ve krallar\u0131n\u0131 alabildi\u011fine hoyrat\u00e7a &#8220;ta\u015flar&#8221;; \u00f6vg\u00fc d\u00fczmeye yana\u015fmadan, dindi\u011fi anlarda<span class=\"excerpt-hellip\"> [\u2026]<\/span><\/p>\n","protected":false},"featured_media":0,"template":"","meta":{"_monsterinsights_skip_tracking":false,"_monsterinsights_sitenote_active":false,"_monsterinsights_sitenote_note":"","_monsterinsights_sitenote_category":0},"product_brand":[],"product_cat":[12291,12509],"product_tag":[],"class_list":{"0":"post-694620","1":"product","2":"type-product","3":"status-publish","5":"product_cat-edebiyat","6":"product_cat-siir","7":"pa_cilt-ciltsiz","8":"pa_tur-kitap","9":"pa_yayinevi-yapi-kredi-yayinlari","10":"pa_yazar-lord-byron","12":"first","13":"instock","14":"sale","15":"shipping-taxable","16":"purchasable","17":"product-type-simple"},"_links":{"self":[{"href":"https:\/\/roveyayinevi.com.tr\/index.php\/wp-json\/wp\/v2\/product\/694620","targetHints":{"allow":["GET"]}}],"collection":[{"href":"https:\/\/roveyayinevi.com.tr\/index.php\/wp-json\/wp\/v2\/product"}],"about":[{"href":"https:\/\/roveyayinevi.com.tr\/index.php\/wp-json\/wp\/v2\/types\/product"}],"wp:attachment":[{"href":"https:\/\/roveyayinevi.com.tr\/index.php\/wp-json\/wp\/v2\/media?parent=694620"}],"wp:term":[{"taxonomy":"product_brand","embeddable":true,"href":"https:\/\/roveyayinevi.com.tr\/index.php\/wp-json\/wp\/v2\/product_brand?post=694620"},{"taxonomy":"product_cat","embeddable":true,"href":"https:\/\/roveyayinevi.com.tr\/index.php\/wp-json\/wp\/v2\/product_cat?post=694620"},{"taxonomy":"product_tag","embeddable":true,"href":"https:\/\/roveyayinevi.com.tr\/index.php\/wp-json\/wp\/v2\/product_tag?post=694620"}],"curies":[{"name":"wp","href":"https:\/\/api.w.org\/{rel}","templated":true}]}}