{"id":694592,"date":"2025-08-27T14:21:51","date_gmt":"2025-08-27T11:21:51","guid":{"rendered":"https:\/\/roveyayinevi.com.tr\/index.php\/urun\/buyuk-dedem-karl-marx\/"},"modified":"2026-04-16T02:04:36","modified_gmt":"2026-04-15T23:04:36","slug":"buyuk-dedem-karl-marx","status":"publish","type":"product","link":"https:\/\/roveyayinevi.com.tr\/index.php\/urun\/buyuk-dedem-karl-marx\/","title":{"rendered":"B\u00fcy\u00fck Dedem Karl Marx"},"content":{"rendered":"<p>Bilimsel sosyalizmin kurucusu Karl Marx\u2019\u0131n soyundan gelen, toplumsal, siyasi incelemeleri ve etkinlikleriyle aile gelene\u011fine sad\u0131k kalan Robert-Jean Longuet, bu kitapta b\u00fcy\u00fck dedesinin ve Marx ailesinin ya\u015fam\u0131n\u0131 tan\u0131t\u0131yor. Robert-Jean Longuet; Le Populaire adl\u0131 g\u00fcnl\u00fck gazetenin kurucusu ve sosyalist \u00f6nder Jean Longuet\u2019nin o\u011flu, Jenny Marx ile kom\u00fcnar Charles Longuet\u2019nin torunu, Karl Marx\u2019\u0131n torununun o\u011fludur. \ufffcTan\u0131t\u0131m Metni<\/p>\n","protected":false},"excerpt":{"rendered":"<p>Bilimsel sosyalizmin kurucusu Karl Marx\u2019\u0131n soyundan gelen, toplumsal, siyasi incelemeleri ve etkinlikleriyle aile gelene\u011fine sad\u0131k kalan Robert-Jean Longuet, bu kitapta b\u00fcy\u00fck dedesinin ve Marx ailesinin ya\u015fam\u0131n\u0131<span class=\"excerpt-hellip\"> [\u2026]<\/span><\/p>\n","protected":false},"featured_media":0,"template":"","meta":{"_monsterinsights_skip_tracking":false,"_monsterinsights_sitenote_active":false,"_monsterinsights_sitenote_note":"","_monsterinsights_sitenote_category":0},"product_brand":[],"product_cat":[12364],"product_tag":[],"class_list":{"0":"post-694592","1":"product","2":"type-product","3":"status-publish","5":"product_cat-genel-konular","6":"pa_cilt-ciltsiz","7":"pa_tur-kitap","8":"pa_yayinevi-yordam-kitap","9":"pa_yazar-robert-jean-longuet","11":"first","12":"instock","13":"sale","14":"shipping-taxable","15":"purchasable","16":"product-type-simple"},"_links":{"self":[{"href":"https:\/\/roveyayinevi.com.tr\/index.php\/wp-json\/wp\/v2\/product\/694592","targetHints":{"allow":["GET"]}}],"collection":[{"href":"https:\/\/roveyayinevi.com.tr\/index.php\/wp-json\/wp\/v2\/product"}],"about":[{"href":"https:\/\/roveyayinevi.com.tr\/index.php\/wp-json\/wp\/v2\/types\/product"}],"wp:attachment":[{"href":"https:\/\/roveyayinevi.com.tr\/index.php\/wp-json\/wp\/v2\/media?parent=694592"}],"wp:term":[{"taxonomy":"product_brand","embeddable":true,"href":"https:\/\/roveyayinevi.com.tr\/index.php\/wp-json\/wp\/v2\/product_brand?post=694592"},{"taxonomy":"product_cat","embeddable":true,"href":"https:\/\/roveyayinevi.com.tr\/index.php\/wp-json\/wp\/v2\/product_cat?post=694592"},{"taxonomy":"product_tag","embeddable":true,"href":"https:\/\/roveyayinevi.com.tr\/index.php\/wp-json\/wp\/v2\/product_tag?post=694592"}],"curies":[{"name":"wp","href":"https:\/\/api.w.org\/{rel}","templated":true}]}}