{"id":694589,"date":"2025-08-27T14:21:50","date_gmt":"2025-08-27T11:21:50","guid":{"rendered":"https:\/\/roveyayinevi.com.tr\/index.php\/urun\/arap-ulkelerinin-yakin-tarihi\/"},"modified":"2026-04-16T02:04:36","modified_gmt":"2026-04-15T23:04:36","slug":"arap-ulkelerinin-yakin-tarihi","status":"publish","type":"product","link":"https:\/\/roveyayinevi.com.tr\/index.php\/urun\/arap-ulkelerinin-yakin-tarihi\/","title":{"rendered":"Arap \u00dclkelerinin Yak\u0131n Tarihi"},"content":{"rendered":"<p>Sovyet Arap tarih\u00e7ileri okulunun kurucusu olarak kabul edilen, \u00f6nde gelen Arap tarihi uzmanlar\u0131ndan Vladimir Borisovi\u00e7 Lutskiy\u2019nin (1906-1962) kaleme ald\u0131\u011f\u0131 Arap \u00dclkelerinin Yak\u0131n Tarihi, Araplar\u0131n sistematik bir tarihinin yaz\u0131lmas\u0131na y\u00f6nelik ilk giri\u015fimlerden biridir. Lutskiy ba\u011f\u0131ms\u0131z bir tarih disiplini olarak Arap \u00fclkelerinin modern tarihi alan\u0131ndaki e\u011fitimine 1930\u2019larda ba\u015flad\u0131. Kendisini tamamen konusuna adam\u0131\u015f hevesli biri olarak, yeni yollar denemekten hi\u00e7bir zaman \u00e7ekinmeyen yazar, hakl\u0131 olarak Sovyet Arap tarih\u00e7ileri okulunun kurucusu olarak kabul edilir. Lutskiy, Arap \u00fclkelerinin tarihinin 16. y\u00fczy\u0131ldan 20. y\u00fczy\u0131l ba\u015f\u0131ndaki I. D\u00fcnya Sava\u015f\u0131\u2019na kadar uzanan yakla\u015f\u0131k 500 y\u0131ll\u0131k bir d\u00f6nemini ana hatlar\u0131yla ele al\u0131r, nirengi noktalar\u0131n\u0131 verir; Arap tarihini sistematikle\u015ftirir ve genelle\u015ftirir. Lutsky Marksist bir bak\u0131\u015f a\u00e7\u0131s\u0131yla yazar. Avrupa devletlerinin s\u00f6m\u00fcrgeci politikalar\u0131n\u0131 \u015fiddetle ele\u015ftirir ve bu onlar\u0131n Do\u011fu\u2019daki varl\u0131klar\u0131n\u0131n b\u00f6lgenin kaderi \u00fczerindeki olumsuz etkisini ortaya koyar. <\/p>\n","protected":false},"excerpt":{"rendered":"<p>Sovyet Arap tarih\u00e7ileri okulunun kurucusu olarak kabul edilen, \u00f6nde gelen Arap tarihi uzmanlar\u0131ndan Vladimir Borisovi\u00e7 Lutskiy\u2019nin (1906-1962) kaleme ald\u0131\u011f\u0131 Arap \u00dclkelerinin Yak\u0131n Tarihi, Araplar\u0131n sistematik bir<span class=\"excerpt-hellip\"> [\u2026]<\/span><\/p>\n","protected":false},"featured_media":0,"template":"","meta":{"_monsterinsights_skip_tracking":false,"_monsterinsights_sitenote_active":false,"_monsterinsights_sitenote_note":"","_monsterinsights_sitenote_category":0},"product_brand":[],"product_cat":[12304,14128],"product_tag":[],"class_list":{"0":"post-694589","1":"product","2":"type-product","3":"status-publish","5":"product_cat-tarih","6":"product_cat-yakin-tarih","7":"pa_cilt-ciltsiz","8":"pa_tur-kitap","9":"pa_yayinevi-yordam-kitap","10":"pa_yazar-borisovic-lutskiy","12":"first","13":"instock","14":"sale","15":"shipping-taxable","16":"purchasable","17":"product-type-simple"},"_links":{"self":[{"href":"https:\/\/roveyayinevi.com.tr\/index.php\/wp-json\/wp\/v2\/product\/694589","targetHints":{"allow":["GET"]}}],"collection":[{"href":"https:\/\/roveyayinevi.com.tr\/index.php\/wp-json\/wp\/v2\/product"}],"about":[{"href":"https:\/\/roveyayinevi.com.tr\/index.php\/wp-json\/wp\/v2\/types\/product"}],"wp:attachment":[{"href":"https:\/\/roveyayinevi.com.tr\/index.php\/wp-json\/wp\/v2\/media?parent=694589"}],"wp:term":[{"taxonomy":"product_brand","embeddable":true,"href":"https:\/\/roveyayinevi.com.tr\/index.php\/wp-json\/wp\/v2\/product_brand?post=694589"},{"taxonomy":"product_cat","embeddable":true,"href":"https:\/\/roveyayinevi.com.tr\/index.php\/wp-json\/wp\/v2\/product_cat?post=694589"},{"taxonomy":"product_tag","embeddable":true,"href":"https:\/\/roveyayinevi.com.tr\/index.php\/wp-json\/wp\/v2\/product_tag?post=694589"}],"curies":[{"name":"wp","href":"https:\/\/api.w.org\/{rel}","templated":true}]}}