{"id":694575,"date":"2025-08-27T14:21:47","date_gmt":"2025-08-27T11:21:47","guid":{"rendered":"https:\/\/roveyayinevi.com.tr\/index.php\/urun\/abd-ortadogu-turkiye\/"},"modified":"2026-04-16T02:04:35","modified_gmt":"2026-04-15T23:04:35","slug":"abd-ortadogu-turkiye","status":"publish","type":"product","link":"https:\/\/roveyayinevi.com.tr\/index.php\/urun\/abd-ortadogu-turkiye\/","title":{"rendered":"ABD, Ortado\u011fu, T\u00fcrkiye"},"content":{"rendered":"<p>Ortado\u011fu, neden son altm\u0131\u015f y\u0131ld\u0131r ABD\u2019nin sald\u0131r\u0131lar\u0131na hedef oluyor? Ortado\u011fu\u2019da devlet s\u0131n\u0131rlar\u0131 neden cetvelle \u00e7izilmi\u015f gibi d\u00fczg\u00fcn? B\u00f6lge, neden kanl\u0131 sava\u015flarla, etnik \u00e7at\u0131\u015fmalarla an\u0131l\u0131yor? Haluk Gerger, bu sorulardan yola \u00e7\u0131karak, Osmanl\u0131 sonras\u0131ndan g\u00fcn\u00fcm\u00fcze modern Ortado\u011fu tarihinin \u00e7ok boyutlu, b\u00fct\u00fcnc\u00fclbir analizini sunuyor. Kitapta y\u00fczy\u0131ll\u0131k tarih kesiti derinlikle inceleniyor, olgular bilimin, teorinin imbi\u011finden ge\u00e7irilerek sonu\u00e7lar \u00e7\u0131kar\u0131l\u0131yor; sosyoekonomik ve sistemik temeller \u00fczerinden hayat\u0131n b\u00fct\u00fcn boyutlar\u0131 dikkate al\u0131narak kavranmaya \u00e7al\u0131\u015f\u0131l\u0131yor. Haluk Gerger\u2019in titiz bir ara\u015ft\u0131rmac\u0131l\u0131kla, ABD ar\u015fivlerindeki \u00e7o\u011fu hi\u00e7bir yerde yay\u0131nlanmam\u0131\u015f on binlerce sayfa belgeyi inceleyerek haz\u0131rlad\u0131\u011f\u0131 kitap, T\u00fcrkiye\u2019de hi\u00e7 bilinmeyen, yanl\u0131\u015f bilinen veya gizlenmi\u015f Ortado\u011fu ger\u00e7eklerini a\u00e7\u0131\u011fa \u00e7\u0131kar\u0131yor. Kitapta, Nas\u0131r\u2019dan BAAS\u2019a, Filistin\u2019den kom\u00fcnist hareketlere b\u00f6lgede direni\u015f sergileyen kesimlere objektif tutulurken, ABD ve T\u00fcrkiye\u2019nin b\u00f6lgeye y\u00f6nelik politikalar\u0131 da bilinmeyen y\u00f6nleriyle sergileniyor. T\u00fcrkiye\u2019nin Ortado\u011fu politikas\u0131 masaya yat\u0131r\u0131l\u0131rken Menderes-\u00d6zal-Erdo\u011fan \u00e7izgisinin ortakl\u0131\u011f\u0131 da g\u00f6zler \u00f6n\u00fcne seriliyor. 2006 y\u0131l\u0131nda \u00c7a\u011fda\u015f Gazeteciler Derne\u011fi \u00d6d\u00fcl\u00fc\u2019n\u00fc alan kitab\u0131n bu bas\u0131m\u0131, Ortado\u011fu\u2019daki son isyan dalgas\u0131n\u0131n analizine ayr\u0131lan b\u00f6l\u00fcmle geni\u015fletilip g\u00fcncelle\u015ftirildi.<\/p>\n","protected":false},"excerpt":{"rendered":"<p>Ortado\u011fu, neden son altm\u0131\u015f y\u0131ld\u0131r ABD\u2019nin sald\u0131r\u0131lar\u0131na hedef oluyor? Ortado\u011fu\u2019da devlet s\u0131n\u0131rlar\u0131 neden cetvelle \u00e7izilmi\u015f gibi d\u00fczg\u00fcn? B\u00f6lge, neden kanl\u0131 sava\u015flarla, etnik \u00e7at\u0131\u015fmalarla an\u0131l\u0131yor? Haluk Gerger,<span class=\"excerpt-hellip\"> [\u2026]<\/span><\/p>\n","protected":false},"featured_media":0,"template":"","meta":{"_monsterinsights_skip_tracking":false,"_monsterinsights_sitenote_active":false,"_monsterinsights_sitenote_note":"","_monsterinsights_sitenote_category":0},"product_brand":[],"product_cat":[12338,12337],"product_tag":[],"class_list":{"0":"post-694575","1":"product","2":"type-product","3":"status-publish","5":"product_cat-dunya-siyaseti-ve-politikasi","6":"product_cat-politika-siyaset","7":"pa_cilt-ciltsiz","8":"pa_tur-kitap","9":"pa_yayinevi-yordam-kitap","10":"pa_yazar-haluk-gerger","12":"first","13":"instock","14":"sale","15":"shipping-taxable","16":"purchasable","17":"product-type-simple"},"_links":{"self":[{"href":"https:\/\/roveyayinevi.com.tr\/index.php\/wp-json\/wp\/v2\/product\/694575","targetHints":{"allow":["GET"]}}],"collection":[{"href":"https:\/\/roveyayinevi.com.tr\/index.php\/wp-json\/wp\/v2\/product"}],"about":[{"href":"https:\/\/roveyayinevi.com.tr\/index.php\/wp-json\/wp\/v2\/types\/product"}],"wp:attachment":[{"href":"https:\/\/roveyayinevi.com.tr\/index.php\/wp-json\/wp\/v2\/media?parent=694575"}],"wp:term":[{"taxonomy":"product_brand","embeddable":true,"href":"https:\/\/roveyayinevi.com.tr\/index.php\/wp-json\/wp\/v2\/product_brand?post=694575"},{"taxonomy":"product_cat","embeddable":true,"href":"https:\/\/roveyayinevi.com.tr\/index.php\/wp-json\/wp\/v2\/product_cat?post=694575"},{"taxonomy":"product_tag","embeddable":true,"href":"https:\/\/roveyayinevi.com.tr\/index.php\/wp-json\/wp\/v2\/product_tag?post=694575"}],"curies":[{"name":"wp","href":"https:\/\/api.w.org\/{rel}","templated":true}]}}