{"id":694547,"date":"2025-08-27T14:21:40","date_gmt":"2025-08-27T11:21:40","guid":{"rendered":"https:\/\/roveyayinevi.com.tr\/index.php\/urun\/typee\/"},"modified":"2026-04-16T02:04:35","modified_gmt":"2026-04-15T23:04:35","slug":"typee","status":"publish","type":"product","link":"https:\/\/roveyayinevi.com.tr\/index.php\/urun\/typee\/","title":{"rendered":"Typee"},"content":{"rendered":"<p>Kitab\u0131 T\u00fcrk\u00e7e\u2019ye kazand\u0131ran Bar\u0131\u015f G\u00fcm\u00fc\u015fba\u015f&#8217;\u0131n \u00f6ns\u00f6zde belirtti\u011fi gibi; Typee, Melville\u2019in t\u00fcm yap\u0131tlar\u0131 gibi \u00e7ok katmanl\u0131, de\u011fi\u015fik d\u00fczeylerde ve bi\u00e7imlerde okunabilecek bir kitap. Yaln\u0131zca heyecanl\u0131 bir maceraya tan\u0131k olmak i\u00e7in, ya da G\u00fcney Pasifik co\u011frafyas\u0131 ve k\u00fclt\u00fcrleri \u00fczerine bilgi edinmek i\u00e7in okunabilir.<\/p>\n","protected":false},"excerpt":{"rendered":"<p>Kitab\u0131 T\u00fcrk\u00e7e\u2019ye kazand\u0131ran Bar\u0131\u015f G\u00fcm\u00fc\u015fba\u015f&#8217;\u0131n \u00f6ns\u00f6zde belirtti\u011fi gibi; Typee, Melville\u2019in t\u00fcm yap\u0131tlar\u0131 gibi \u00e7ok katmanl\u0131, de\u011fi\u015fik d\u00fczeylerde ve bi\u00e7imlerde okunabilecek bir kitap. Yaln\u0131zca heyecanl\u0131 bir maceraya<span class=\"excerpt-hellip\"> [\u2026]<\/span><\/p>\n","protected":false},"featured_media":0,"template":"","meta":{"_monsterinsights_skip_tracking":false,"_monsterinsights_sitenote_active":false,"_monsterinsights_sitenote_note":"","_monsterinsights_sitenote_category":0},"product_brand":[],"product_cat":[12891,12291],"product_tag":[],"class_list":{"0":"post-694547","1":"product","2":"type-product","3":"status-publish","5":"product_cat-amerikan-edebiyati","6":"product_cat-edebiyat","7":"pa_cilt-ciltsiz","8":"pa_tur-kitap","9":"pa_yayinevi-yapi-kredi-yayinlari","10":"pa_yazar-herman-melville","12":"first","13":"instock","14":"sale","15":"shipping-taxable","16":"purchasable","17":"product-type-simple"},"_links":{"self":[{"href":"https:\/\/roveyayinevi.com.tr\/index.php\/wp-json\/wp\/v2\/product\/694547","targetHints":{"allow":["GET"]}}],"collection":[{"href":"https:\/\/roveyayinevi.com.tr\/index.php\/wp-json\/wp\/v2\/product"}],"about":[{"href":"https:\/\/roveyayinevi.com.tr\/index.php\/wp-json\/wp\/v2\/types\/product"}],"wp:attachment":[{"href":"https:\/\/roveyayinevi.com.tr\/index.php\/wp-json\/wp\/v2\/media?parent=694547"}],"wp:term":[{"taxonomy":"product_brand","embeddable":true,"href":"https:\/\/roveyayinevi.com.tr\/index.php\/wp-json\/wp\/v2\/product_brand?post=694547"},{"taxonomy":"product_cat","embeddable":true,"href":"https:\/\/roveyayinevi.com.tr\/index.php\/wp-json\/wp\/v2\/product_cat?post=694547"},{"taxonomy":"product_tag","embeddable":true,"href":"https:\/\/roveyayinevi.com.tr\/index.php\/wp-json\/wp\/v2\/product_tag?post=694547"}],"curies":[{"name":"wp","href":"https:\/\/api.w.org\/{rel}","templated":true}]}}