{"id":694544,"date":"2025-08-27T14:21:39","date_gmt":"2025-08-27T11:21:39","guid":{"rendered":"https:\/\/roveyayinevi.com.tr\/index.php\/urun\/yol-gunlugu\/"},"modified":"2026-04-16T02:04:34","modified_gmt":"2026-04-15T23:04:34","slug":"yol-gunlugu","status":"publish","type":"product","link":"https:\/\/roveyayinevi.com.tr\/index.php\/urun\/yol-gunlugu\/","title":{"rendered":"Yol G\u00fcnl\u00fc\u011f\u00fc"},"content":{"rendered":"<p>Montaigne, 1580 y\u0131l\u0131nda, 47 ya\u015f\u0131ndayken, Denemeler\u2019inin ilk kitab\u0131n\u0131 bast\u0131rd\u0131ktan sonra at s\u0131rt\u0131nda Kuzey Fransa, \u0130svi\u00e7re, Almanya (Kutsal Roma Germen \u0130mparatorlu\u011fu) ve \u0130talya\u2019y\u0131 kapsayacak uzun bir yolculu\u011fa \u00e7\u0131kar. Bu uzun yolculu\u011fun anlat\u0131ld\u0131\u011f\u0131 Yol G\u00fcnl\u00fc\u011f\u00fc\u2019n\u00fcn ilk b\u00f6l\u00fcm\u00fc Montaigne\u2019in yazman\u0131, di\u011fer b\u00f6l\u00fcmleri ise kendisi taraf\u0131ndan tutulur. Denemeler\u2019iyle \u00f6zde\u015fle\u015fmi\u015f Montaigne, bu sefer \u201cseyyah\u201d kimli\u011fiyle kar\u015f\u0131m\u0131zda. <\/p>\n","protected":false},"excerpt":{"rendered":"<p>Montaigne, 1580 y\u0131l\u0131nda, 47 ya\u015f\u0131ndayken, Denemeler\u2019inin ilk kitab\u0131n\u0131 bast\u0131rd\u0131ktan sonra at s\u0131rt\u0131nda Kuzey Fransa, \u0130svi\u00e7re, Almanya (Kutsal Roma Germen \u0130mparatorlu\u011fu) ve \u0130talya\u2019y\u0131 kapsayacak uzun bir yolculu\u011fa<span class=\"excerpt-hellip\"> [\u2026]<\/span><\/p>\n","protected":false},"featured_media":0,"template":"","meta":{"_monsterinsights_skip_tracking":false,"_monsterinsights_sitenote_active":false,"_monsterinsights_sitenote_note":"","_monsterinsights_sitenote_category":0},"product_brand":[],"product_cat":[12312,12304],"product_tag":[],"class_list":{"0":"post-694544","1":"product","2":"type-product","3":"status-publish","5":"product_cat-diger","6":"product_cat-tarih","7":"pa_cilt-ciltsiz","8":"pa_tur-kitap","9":"pa_yayinevi-yapi-kredi-yayinlari","10":"pa_yazar-michel-de-montaigne","12":"first","13":"instock","14":"sale","15":"shipping-taxable","16":"purchasable","17":"product-type-simple"},"_links":{"self":[{"href":"https:\/\/roveyayinevi.com.tr\/index.php\/wp-json\/wp\/v2\/product\/694544","targetHints":{"allow":["GET"]}}],"collection":[{"href":"https:\/\/roveyayinevi.com.tr\/index.php\/wp-json\/wp\/v2\/product"}],"about":[{"href":"https:\/\/roveyayinevi.com.tr\/index.php\/wp-json\/wp\/v2\/types\/product"}],"wp:attachment":[{"href":"https:\/\/roveyayinevi.com.tr\/index.php\/wp-json\/wp\/v2\/media?parent=694544"}],"wp:term":[{"taxonomy":"product_brand","embeddable":true,"href":"https:\/\/roveyayinevi.com.tr\/index.php\/wp-json\/wp\/v2\/product_brand?post=694544"},{"taxonomy":"product_cat","embeddable":true,"href":"https:\/\/roveyayinevi.com.tr\/index.php\/wp-json\/wp\/v2\/product_cat?post=694544"},{"taxonomy":"product_tag","embeddable":true,"href":"https:\/\/roveyayinevi.com.tr\/index.php\/wp-json\/wp\/v2\/product_tag?post=694544"}],"curies":[{"name":"wp","href":"https:\/\/api.w.org\/{rel}","templated":true}]}}